{"id":8706,"date":"2021-12-01T08:31:40","date_gmt":"2021-12-01T08:31:40","guid":{"rendered":"https:\/\/hotelli03.domainhotelli.fi\/~lsdoecli\/?post_type=product&#038;p=8706"},"modified":"2021-12-01T08:31:40","modified_gmt":"2021-12-01T08:31:40","slug":"akku-ja-laturipaketti-flex-p-set-55-r","status":"publish","type":"product","link":"https:\/\/hotelli03.domainhotelli.fi\/~lsdoecli\/tuote\/akku-ja-laturipaketti-flex-p-set-55-r\/","title":{"rendered":"Akku- ja laturipaketti Flex P-Set 55 R"},"content":{"rendered":"<h2>Akku- ja laturipaketti Flex P-Set 55 R<\/h2>\n<p>Akku- ja laturipaketti sis\u00e4lt\u00e4\u00e4 2 x 5,0 Ah + \u00e4lylaturi, toimitetaan pahvilaatikossa.<\/p>\n<h5>Pikalaturi:<\/h5>\n<p>10.8 ja 18.0 V akkujen lataamiseen. Iso LCD na\u0308ytto\u0308 antaa tietoa akusta ja sen lataustilasta. Latausaika 10,8 V: n. 40 min. 2.5 Ah \/ 4.0 Ah \u2013 ja n. 55 min. 6.0 Ah akuille. Latausaika 18 V: n. 40 min. 2.5 Ah ja n. 45 min. 5.0 Ah. Erikoistoiminto lataa 80% akusta n. 30 minuutissa. Integroitu akun ja\u0308a\u0308hdytin, seka\u0308 ylikuumenemis-, latauksen purkautumis- ja ylikuormitussuoja.<\/p>\n<p><a href=\"https:\/\/hotelli03.domainhotelli.fi\/~lsdoecli\/wp-content\/uploads\/2021\/11\/FLEX-pikalaturi-CA-10.818.0.png\"><img loading=\"lazy\" class=\"alignnone size-medium wp-image-8697\" src=\"https:\/\/hotelli03.domainhotelli.fi\/~lsdoecli\/wp-content\/uploads\/2021\/11\/FLEX-pikalaturi-CA-10.818.0-300x235.png\" alt=\"FLEX pikalaturi CA 10.8:18.0\" width=\"300\" height=\"235\" \/><\/a><\/p>\n<div class=\"page\" title=\"Page 3\">\n<div class=\"layoutArea\">\n<div class=\"column\">\n<h4>Li-Ion ladattava akku 18,0 V<\/h4>\n<\/div>\n<\/div>\n<\/div>\n<div class=\"page\" title=\"Page 7\">\n<div class=\"section\">\n<div class=\"layoutArea\">\n<div class=\"column\">\n<p>Li ion akku 18.0 V jossa integroitu lataus- ja latauksen purkautumisen suoja, latauksen tilan merkkivalo, po\u0308lyn ja kosteuden suoja. Sa\u0308hko\u0308inen hallintaja\u0308rjestelma\u0308 suojelee akkua, pidenta\u0308a\u0308 ka\u0308ytto\u0308ika\u0308a\u0308 ja lisa\u0308a\u0308 tehokkuutta. Paino 0,72kg<\/p>\n<p><a href=\"https:\/\/hotelli03.domainhotelli.fi\/~lsdoecli\/wp-content\/uploads\/2021\/11\/FLEX-Li-Ion-ladattava-akku-180-V.png\"><img loading=\"lazy\" class=\"alignnone size-medium wp-image-8695\" src=\"https:\/\/hotelli03.domainhotelli.fi\/~lsdoecli\/wp-content\/uploads\/2021\/11\/FLEX-Li-Ion-ladattava-akku-180-V-300x243.png\" alt=\"FLEX Li-Ion ladattava akku 18,0 V\" width=\"300\" height=\"243\" \/><\/a><\/p>\n<\/div>\n<\/div>\n<\/div>\n<\/div>\n","protected":false},"excerpt":{"rendered":"<p>Akku- ja laturipaketti sis\u00e4lt\u00e4\u00e4 2 x 5,0 Ah + \u00e4lylaturi<\/p>\n","protected":false},"featured_media":8707,"comment_status":"open","ping_status":"closed","template":"","meta":[],"product_cat":[977],"product_tag":[982],"yoast_head":"<!-- This site is optimized with the Yoast SEO Premium plugin v18.9 (Yoast SEO v19.3) - https:\/\/yoast.com\/wordpress\/plugins\/seo\/ -->\n<title>Akku- ja laturipaketti Flex P-Set 55 R | JV Tuonti<\/title>\n<meta name=\"description\" content=\"Akku- ja laturipaketti sis\u00e4lt\u00e4\u00e4 2 x 5,0 Ah + \u00e4lylaturi.\u00a0Li ion akku 18.0 V jossa integroitu lataus- ja latauksen purkautumisen suoja.\" \/>\n<meta name=\"robots\" content=\"index, follow, max-snippet:-1, max-image-preview:large, max-video-preview:-1\" \/>\n<link rel=\"canonical\" href=\"https:\/\/hotelli03.domainhotelli.fi\/~lsdoecli\/tuote\/akku-ja-laturipaketti-flex-p-set-55-r\/\" \/>\n<meta property=\"og:locale\" content=\"fi_FI\" \/>\n<meta property=\"og:type\" content=\"article\" \/>\n<meta property=\"og:title\" content=\"Akku- ja laturipaketti Flex P-Set 55 R\" \/>\n<meta property=\"og:description\" content=\"Akku- ja laturipaketti sis\u00e4lt\u00e4\u00e4 2 x 5,0 Ah + \u00e4lylaturi.\u00a0Li ion akku 18.0 V jossa integroitu lataus- ja latauksen purkautumisen suoja.\" \/>\n<meta property=\"og:url\" content=\"https:\/\/hotelli03.domainhotelli.fi\/~lsdoecli\/tuote\/akku-ja-laturipaketti-flex-p-set-55-r\/\" \/>\n<meta property=\"og:site_name\" content=\"JV Tuonti\" \/>\n<meta property=\"article:publisher\" content=\"https:\/\/www.facebook.com\/JVTuontiOy\" \/>\n<meta property=\"og:image\" content=\"https:\/\/hotelli03.domainhotelli.fi\/~lsdoecli\/wp-content\/uploads\/2021\/12\/Akku-ja-laturipaketti-Flex-P-Set-55-R.jpeg\" \/>\n\t<meta property=\"og:image:width\" content=\"746\" \/>\n\t<meta property=\"og:image:height\" content=\"500\" \/>\n\t<meta property=\"og:image:type\" content=\"image\/jpeg\" \/>\n<meta name=\"twitter:card\" content=\"summary_large_image\" \/>\n<meta name=\"twitter:label1\" content=\"Price\" \/>\n\t<meta name=\"twitter:data1\" content=\"264,12&nbsp;&euro; Alv 24%N\u00e4yt\u00e4 veroton hinta213,00&nbsp;&euro; Alv 0%N\u00e4yt\u00e4 verollinen hinta\" \/>\n\t<meta name=\"twitter:label2\" content=\"Availability\" \/>\n\t<meta name=\"twitter:data2\" content=\"In stock\" \/>\n<script type=\"application\/ld+json\" class=\"yoast-schema-graph\">{\"@context\":\"https:\/\/schema.org\",\"@graph\":[{\"@type\":[\"Organization\",\"Place\",\"WholesaleStore\"],\"@id\":\"https:\/\/hotelli03.domainhotelli.fi\/~lsdoecli\/#organization\",\"name\":\"JV Tuonti Oy\",\"url\":\"https:\/\/hotelli03.domainhotelli.fi\/~lsdoecli\/\",\"sameAs\":[\"https:\/\/instagram.com\/jvtuontioy?utm_medium=copy_link\",\"https:\/\/www.facebook.com\/JVTuontiOy\"],\"logo\":{\"@id\":\"https:\/\/hotelli03.domainhotelli.fi\/~lsdoecli\/tuote\/akku-ja-laturipaketti-flex-p-set-55-r\/#local-main-organization-logo\"},\"image\":{\"@id\":\"https:\/\/hotelli03.domainhotelli.fi\/~lsdoecli\/tuote\/akku-ja-laturipaketti-flex-p-set-55-r\/#local-main-organization-logo\"},\"address\":{\"@id\":\"https:\/\/hotelli03.domainhotelli.fi\/~lsdoecli\/tuote\/akku-ja-laturipaketti-flex-p-set-55-r\/#local-main-place-address\"},\"geo\":{\"@type\":\"GeoCoordinates\",\"latitude\":\"60.28431\",\"longitude\":\"24.81654\"},\"telephone\":[\"0408369980\"],\"openingHoursSpecification\":[{\"@type\":\"OpeningHoursSpecification\",\"dayOfWeek\":[\"Monday\",\"Tuesday\",\"Wednesday\",\"Thursday\",\"Friday\"],\"opens\":\"08:00\",\"closes\":\"16:00\"},{\"@type\":\"OpeningHoursSpecification\",\"dayOfWeek\":[\"Saturday\",\"Sunday\"],\"opens\":\"00:00\",\"closes\":\"00:00\"}],\"email\":\"myynti@hotelli03.domainhotelli.fi\",\"areaServed\":\"Suomi, Ruotsi\",\"vatID\":\"FI30178387\",\"priceRange\":\"$$\",\"currenciesAccepted\":\"\u20ac\",\"paymentAccepted\":\"Lasku, pankkikortti\"},{\"@type\":\"WebSite\",\"@id\":\"https:\/\/hotelli03.domainhotelli.fi\/~lsdoecli\/#website\",\"url\":\"https:\/\/hotelli03.domainhotelli.fi\/~lsdoecli\/\",\"name\":\"JV Tuonti\",\"description\":\"JV Tuonti Oy:n verkkokauppa\",\"publisher\":{\"@id\":\"https:\/\/hotelli03.domainhotelli.fi\/~lsdoecli\/#organization\"},\"potentialAction\":[{\"@type\":\"SearchAction\",\"target\":{\"@type\":\"EntryPoint\",\"urlTemplate\":\"https:\/\/hotelli03.domainhotelli.fi\/~lsdoecli\/?s={search_term_string}\"},\"query-input\":\"required name=search_term_string\"}],\"inLanguage\":\"fi\"},{\"@type\":\"ImageObject\",\"inLanguage\":\"fi\",\"@id\":\"https:\/\/hotelli03.domainhotelli.fi\/~lsdoecli\/tuote\/akku-ja-laturipaketti-flex-p-set-55-r\/#primaryimage\",\"url\":\"https:\/\/hotelli03.domainhotelli.fi\/~lsdoecli\/wp-content\/uploads\/2021\/12\/Akku-ja-laturipaketti-Flex-P-Set-55-R.jpeg\",\"contentUrl\":\"https:\/\/hotelli03.domainhotelli.fi\/~lsdoecli\/wp-content\/uploads\/2021\/12\/Akku-ja-laturipaketti-Flex-P-Set-55-R.jpeg\",\"width\":746,\"height\":500,\"caption\":\"Akku-ja laturipaketti Flex P-Set 55 R\"},{\"@type\":\"WebPage\",\"@id\":\"https:\/\/hotelli03.domainhotelli.fi\/~lsdoecli\/tuote\/akku-ja-laturipaketti-flex-p-set-55-r\/\",\"url\":\"https:\/\/hotelli03.domainhotelli.fi\/~lsdoecli\/tuote\/akku-ja-laturipaketti-flex-p-set-55-r\/\",\"name\":\"Akku- ja laturipaketti Flex P-Set 55 R | JV Tuonti\",\"isPartOf\":{\"@id\":\"https:\/\/hotelli03.domainhotelli.fi\/~lsdoecli\/#website\"},\"primaryImageOfPage\":{\"@id\":\"https:\/\/hotelli03.domainhotelli.fi\/~lsdoecli\/tuote\/akku-ja-laturipaketti-flex-p-set-55-r\/#primaryimage\"},\"datePublished\":\"2021-12-01T08:31:40+00:00\",\"dateModified\":\"2021-12-01T08:31:40+00:00\",\"description\":\"Akku- ja laturipaketti sis\u00e4lt\u00e4\u00e4 2 x 5,0 Ah + \u00e4lylaturi.\u00a0Li ion akku 18.0 V jossa integroitu lataus- ja latauksen purkautumisen suoja.\",\"breadcrumb\":{\"@id\":\"https:\/\/hotelli03.domainhotelli.fi\/~lsdoecli\/tuote\/akku-ja-laturipaketti-flex-p-set-55-r\/#breadcrumb\"},\"inLanguage\":\"fi\",\"potentialAction\":[{\"@type\":\"ReadAction\",\"target\":[\"https:\/\/hotelli03.domainhotelli.fi\/~lsdoecli\/tuote\/akku-ja-laturipaketti-flex-p-set-55-r\/\"]}]},{\"@type\":\"BreadcrumbList\",\"@id\":\"https:\/\/hotelli03.domainhotelli.fi\/~lsdoecli\/tuote\/akku-ja-laturipaketti-flex-p-set-55-r\/#breadcrumb\",\"itemListElement\":[{\"@type\":\"ListItem\",\"position\":1,\"name\":\"Etusivu\",\"item\":\"https:\/\/hotelli03.domainhotelli.fi\/~lsdoecli\/\"},{\"@type\":\"ListItem\",\"position\":2,\"name\":\"Kauppa\",\"item\":\"https:\/\/hotelli03.domainhotelli.fi\/~lsdoecli\/kauppa\/\"},{\"@type\":\"ListItem\",\"position\":3,\"name\":\"Akku- ja laturipaketti Flex P-Set 55 R\"}]},{\"@type\":\"PostalAddress\",\"@id\":\"https:\/\/hotelli03.domainhotelli.fi\/~lsdoecli\/tuote\/akku-ja-laturipaketti-flex-p-set-55-r\/#local-main-place-address\",\"streetAddress\":\"Pyymosantie 5a\",\"addressLocality\":\"Vantaa\",\"postalCode\":\"01720\",\"addressCountry\":\"FI\"},{\"@type\":\"ImageObject\",\"inLanguage\":\"fi\",\"@id\":\"https:\/\/hotelli03.domainhotelli.fi\/~lsdoecli\/tuote\/akku-ja-laturipaketti-flex-p-set-55-r\/#local-main-organization-logo\",\"url\":\"https:\/\/hotelli03.domainhotelli.fi\/~lsdoecli\/wp-content\/uploads\/2021\/08\/JVTuonti_logo_nelio.jpg\",\"contentUrl\":\"https:\/\/hotelli03.domainhotelli.fi\/~lsdoecli\/wp-content\/uploads\/2021\/08\/JVTuonti_logo_nelio.jpg\",\"width\":550,\"height\":550,\"caption\":\"JV Tuonti Oy\"}]}<\/script>\n<meta property=\"product:price:amount\" content=\"264.12\" \/>\n<meta property=\"product:price:currency\" content=\"EUR\" \/>\n<meta property=\"og:availability\" content=\"instock\" \/>\n<meta property=\"product:availability\" content=\"instock\" \/>\n<meta property=\"product:retailer_item_id\" content=\"491349\" \/>\n<meta property=\"product:condition\" content=\"new\" \/>\n<meta name=\"geo.placename\" content=\"Vantaa\" \/>\n<meta name=\"geo.position\" content=\"60.28431;24.81654\" \/>\n<meta name=\"geo.region\" content=\"Suomi\" \/>\n<!-- \/ Yoast SEO Premium plugin. -->","yoast_head_json":{"title":"Akku- ja laturipaketti Flex P-Set 55 R | JV Tuonti","description":"Akku- ja laturipaketti sis\u00e4lt\u00e4\u00e4 2 x 5,0 Ah + \u00e4lylaturi.\u00a0Li ion akku 18.0 V jossa integroitu lataus- ja latauksen purkautumisen suoja.","robots":{"index":"index","follow":"follow","max-snippet":"max-snippet:-1","max-image-preview":"max-image-preview:large","max-video-preview":"max-video-preview:-1"},"canonical":"https:\/\/hotelli03.domainhotelli.fi\/~lsdoecli\/tuote\/akku-ja-laturipaketti-flex-p-set-55-r\/","og_locale":"fi_FI","og_type":"article","og_title":"Akku- ja laturipaketti Flex P-Set 55 R","og_description":"Akku- ja laturipaketti sis\u00e4lt\u00e4\u00e4 2 x 5,0 Ah + \u00e4lylaturi.\u00a0Li ion akku 18.0 V jossa integroitu lataus- ja latauksen purkautumisen suoja.","og_url":"https:\/\/hotelli03.domainhotelli.fi\/~lsdoecli\/tuote\/akku-ja-laturipaketti-flex-p-set-55-r\/","og_site_name":"JV Tuonti","article_publisher":"https:\/\/www.facebook.com\/JVTuontiOy","og_image":[{"width":746,"height":500,"url":"https:\/\/hotelli03.domainhotelli.fi\/~lsdoecli\/wp-content\/uploads\/2021\/12\/Akku-ja-laturipaketti-Flex-P-Set-55-R.jpeg","type":"image\/jpeg"}],"twitter_card":"summary_large_image","twitter_misc":{"Price":"264,12&nbsp;&euro; Alv 24%N\u00e4yt\u00e4 veroton hinta213,00&nbsp;&euro; Alv 0%N\u00e4yt\u00e4 verollinen hinta","Availability":"In stock"},"schema":{"@context":"https:\/\/schema.org","@graph":[{"@type":["Organization","Place","WholesaleStore"],"@id":"https:\/\/hotelli03.domainhotelli.fi\/~lsdoecli\/#organization","name":"JV Tuonti Oy","url":"https:\/\/hotelli03.domainhotelli.fi\/~lsdoecli\/","sameAs":["https:\/\/instagram.com\/jvtuontioy?utm_medium=copy_link","https:\/\/www.facebook.com\/JVTuontiOy"],"logo":{"@id":"https:\/\/hotelli03.domainhotelli.fi\/~lsdoecli\/tuote\/akku-ja-laturipaketti-flex-p-set-55-r\/#local-main-organization-logo"},"image":{"@id":"https:\/\/hotelli03.domainhotelli.fi\/~lsdoecli\/tuote\/akku-ja-laturipaketti-flex-p-set-55-r\/#local-main-organization-logo"},"address":{"@id":"https:\/\/hotelli03.domainhotelli.fi\/~lsdoecli\/tuote\/akku-ja-laturipaketti-flex-p-set-55-r\/#local-main-place-address"},"geo":{"@type":"GeoCoordinates","latitude":"60.28431","longitude":"24.81654"},"telephone":["0408369980"],"openingHoursSpecification":[{"@type":"OpeningHoursSpecification","dayOfWeek":["Monday","Tuesday","Wednesday","Thursday","Friday"],"opens":"08:00","closes":"16:00"},{"@type":"OpeningHoursSpecification","dayOfWeek":["Saturday","Sunday"],"opens":"00:00","closes":"00:00"}],"email":"myynti@hotelli03.domainhotelli.fi","areaServed":"Suomi, Ruotsi","vatID":"FI30178387","priceRange":"$$","currenciesAccepted":"\u20ac","paymentAccepted":"Lasku, pankkikortti"},{"@type":"WebSite","@id":"https:\/\/hotelli03.domainhotelli.fi\/~lsdoecli\/#website","url":"https:\/\/hotelli03.domainhotelli.fi\/~lsdoecli\/","name":"JV Tuonti","description":"JV Tuonti Oy:n verkkokauppa","publisher":{"@id":"https:\/\/hotelli03.domainhotelli.fi\/~lsdoecli\/#organization"},"potentialAction":[{"@type":"SearchAction","target":{"@type":"EntryPoint","urlTemplate":"https:\/\/hotelli03.domainhotelli.fi\/~lsdoecli\/?s={search_term_string}"},"query-input":"required name=search_term_string"}],"inLanguage":"fi"},{"@type":"ImageObject","inLanguage":"fi","@id":"https:\/\/hotelli03.domainhotelli.fi\/~lsdoecli\/tuote\/akku-ja-laturipaketti-flex-p-set-55-r\/#primaryimage","url":"https:\/\/hotelli03.domainhotelli.fi\/~lsdoecli\/wp-content\/uploads\/2021\/12\/Akku-ja-laturipaketti-Flex-P-Set-55-R.jpeg","contentUrl":"https:\/\/hotelli03.domainhotelli.fi\/~lsdoecli\/wp-content\/uploads\/2021\/12\/Akku-ja-laturipaketti-Flex-P-Set-55-R.jpeg","width":746,"height":500,"caption":"Akku-ja laturipaketti Flex P-Set 55 R"},{"@type":"WebPage","@id":"https:\/\/hotelli03.domainhotelli.fi\/~lsdoecli\/tuote\/akku-ja-laturipaketti-flex-p-set-55-r\/","url":"https:\/\/hotelli03.domainhotelli.fi\/~lsdoecli\/tuote\/akku-ja-laturipaketti-flex-p-set-55-r\/","name":"Akku- ja laturipaketti Flex P-Set 55 R | JV Tuonti","isPartOf":{"@id":"https:\/\/hotelli03.domainhotelli.fi\/~lsdoecli\/#website"},"primaryImageOfPage":{"@id":"https:\/\/hotelli03.domainhotelli.fi\/~lsdoecli\/tuote\/akku-ja-laturipaketti-flex-p-set-55-r\/#primaryimage"},"datePublished":"2021-12-01T08:31:40+00:00","dateModified":"2021-12-01T08:31:40+00:00","description":"Akku- ja laturipaketti sis\u00e4lt\u00e4\u00e4 2 x 5,0 Ah + \u00e4lylaturi.\u00a0Li ion akku 18.0 V jossa integroitu lataus- ja latauksen purkautumisen suoja.","breadcrumb":{"@id":"https:\/\/hotelli03.domainhotelli.fi\/~lsdoecli\/tuote\/akku-ja-laturipaketti-flex-p-set-55-r\/#breadcrumb"},"inLanguage":"fi","potentialAction":[{"@type":"ReadAction","target":["https:\/\/hotelli03.domainhotelli.fi\/~lsdoecli\/tuote\/akku-ja-laturipaketti-flex-p-set-55-r\/"]}]},{"@type":"BreadcrumbList","@id":"https:\/\/hotelli03.domainhotelli.fi\/~lsdoecli\/tuote\/akku-ja-laturipaketti-flex-p-set-55-r\/#breadcrumb","itemListElement":[{"@type":"ListItem","position":1,"name":"Etusivu","item":"https:\/\/hotelli03.domainhotelli.fi\/~lsdoecli\/"},{"@type":"ListItem","position":2,"name":"Kauppa","item":"https:\/\/hotelli03.domainhotelli.fi\/~lsdoecli\/kauppa\/"},{"@type":"ListItem","position":3,"name":"Akku- ja laturipaketti Flex P-Set 55 R"}]},{"@type":"PostalAddress","@id":"https:\/\/hotelli03.domainhotelli.fi\/~lsdoecli\/tuote\/akku-ja-laturipaketti-flex-p-set-55-r\/#local-main-place-address","streetAddress":"Pyymosantie 5a","addressLocality":"Vantaa","postalCode":"01720","addressCountry":"FI"},{"@type":"ImageObject","inLanguage":"fi","@id":"https:\/\/hotelli03.domainhotelli.fi\/~lsdoecli\/tuote\/akku-ja-laturipaketti-flex-p-set-55-r\/#local-main-organization-logo","url":"https:\/\/hotelli03.domainhotelli.fi\/~lsdoecli\/wp-content\/uploads\/2021\/08\/JVTuonti_logo_nelio.jpg","contentUrl":"https:\/\/hotelli03.domainhotelli.fi\/~lsdoecli\/wp-content\/uploads\/2021\/08\/JVTuonti_logo_nelio.jpg","width":550,"height":550,"caption":"JV Tuonti Oy"}]},"product_price_amount":"264.12","product_price_currency":"EUR","og_availability":"instock","product_availability":"instock","product_retailer_item_id":"491349","product_condition":"new","geo.placename":"Vantaa","geo.position":{"lat":"60.28431","long":"24.81654"},"geo.region":"Suomi"},"_links":{"self":[{"href":"https:\/\/hotelli03.domainhotelli.fi\/~lsdoecli\/wp-json\/wp\/v2\/product\/8706"}],"collection":[{"href":"https:\/\/hotelli03.domainhotelli.fi\/~lsdoecli\/wp-json\/wp\/v2\/product"}],"about":[{"href":"https:\/\/hotelli03.domainhotelli.fi\/~lsdoecli\/wp-json\/wp\/v2\/types\/product"}],"replies":[{"embeddable":true,"href":"https:\/\/hotelli03.domainhotelli.fi\/~lsdoecli\/wp-json\/wp\/v2\/comments?post=8706"}],"wp:featuredmedia":[{"embeddable":true,"href":"https:\/\/hotelli03.domainhotelli.fi\/~lsdoecli\/wp-json\/wp\/v2\/media\/8707"}],"wp:attachment":[{"href":"https:\/\/hotelli03.domainhotelli.fi\/~lsdoecli\/wp-json\/wp\/v2\/media?parent=8706"}],"wp:term":[{"taxonomy":"product_cat","embeddable":true,"href":"https:\/\/hotelli03.domainhotelli.fi\/~lsdoecli\/wp-json\/wp\/v2\/product_cat?post=8706"},{"taxonomy":"product_tag","embeddable":true,"href":"https:\/\/hotelli03.domainhotelli.fi\/~lsdoecli\/wp-json\/wp\/v2\/product_tag?post=8706"}],"curies":[{"name":"wp","href":"https:\/\/api.w.org\/{rel}","templated":true}]}}