{"id":8434,"date":"2021-11-15T09:04:42","date_gmt":"2021-11-15T09:04:42","guid":{"rendered":"https:\/\/hotelli03.domainhotelli.fi\/~lsdoecli\/?post_type=product&#038;p=8434"},"modified":"2021-11-15T09:07:55","modified_gmt":"2021-11-15T09:07:55","slug":"vaijeriraksi-ct-steel-ankor-200cm","status":"publish","type":"product","link":"https:\/\/hotelli03.domainhotelli.fi\/~lsdoecli\/tuote\/vaijeriraksi-ct-steel-ankor-200cm\/","title":{"rendered":"Vaijeriraksi CT Steel Ankor 200cm"},"content":{"rendered":"<h2>Viiltoja ja kulutusta kest\u00e4v\u00e4 multisertifioitu ter\u00e4ksinen ankkurilenkki<\/h2>\n<p>Vaijeriraksi CT Steel Ankor 200cm soveltuu mm. puolikiinte\u00e4n ankkuripisteen rakentamiseen ja ankkuripisteen saamiseen helpompaan paikkaan, sek\u00e4 liitosk\u00f6ydeksi henkil\u00f6kohtaiseen putoamissuojaukseen. Vaijeri varustettu poikkeuksellisen notkealla ei-kuidutetulla muovisuojuksella, joka tarjoaa helpon asennettavuuden ahtaisiinkin paikkoihin, ja suojaa sek\u00e4 vaijeria ulkoisilta uhkilta ett\u00e4 rakenteen pintaa vaijerin aiheuttamilta naarmuilta.<\/p>\n<ul>\n<li>Soveltuu mm. teollisuudelle, pelastusk\u00e4ytt\u00f6\u00f6n, rakennusty\u00f6k\u00e4ytt\u00f6\u00f6n, ter\u00e4vien ty\u00f6kalujen l\u00e4hell\u00e4 k\u00e4ytt\u00f6\u00f6n yms. olosuhteisiin, jossa halutaan turvallinen ankkurointipiste, joka soveltuu putoamisen est\u00e4miseen ja putoamisen pys\u00e4ytt\u00e4miseen tarkoitettujen henkil\u00f6suojainten kiinnityspisteeksi, tai halutaan liitosk\u00f6ysi joka siet\u00e4\u00e4 ydink\u00f6ytt\u00e4 paremmin ulkoisia uhkia.<\/li>\n<li>P\u00e4\u00e4dyiss\u00e4 olevat lenkit suunniteltu EN362 lukkosulkurenkaiden kanssa mahdollisimman hyvin yhteensopiviksi.<\/li>\n<\/ul>\n<p>Vaijeriraksi CT Steel Ankor 200cm Tekniset tiedot:<\/p>\n<ul>\n<li>Tehdasp\u00e4\u00e4tetyt lenkit molemmissa p\u00e4iss\u00e4.<\/li>\n<li>CE EN795 B sek\u00e4 EN354.<\/li>\n<li>Materiaali: Sinkkigalvanoitu 7 mm ter\u00e4svaijeri.<\/li>\n<li>Murtolujuus 2500 kg.<\/li>\n<li>Maksimielinik\u00e4: Rajoittamaton.<\/li>\n<\/ul>\n<p>&nbsp;<\/p>\n<p><a href=\"https:\/\/hotelli03.domainhotelli.fi\/~lsdoecli\/tuote-osasto\/putoamissuojaimet\/\">Katso my\u00f6s muut putoamissuojaimet ja varusteet t\u00e4st\u00e4!\u00a0<\/a><\/p>\n<p>&nbsp;<\/p>\n<p>Maahantuoja: <a href=\"https:\/\/www.vandernet.com\">Vandernet Oy<\/a><\/p>\n","protected":false},"excerpt":{"rendered":"<h4>Viiltoja ja kulutusta kest\u00e4v\u00e4 multisertifioitu ter\u00e4ksinen ankkurilenkki 200cm<\/h4>\n<ul>\n<li>Soveltuu mm. teollisuudelle, pelastusk\u00e4ytt\u00f6\u00f6n, rakennusty\u00f6k\u00e4ytt\u00f6\u00f6n, ter\u00e4vien ty\u00f6kalujen l\u00e4hell\u00e4 k\u00e4ytt\u00f6\u00f6n yms. olosuhteisiin, jossa halutaan turvallinen ankkurointipiste, joka soveltuu putoamisen est\u00e4miseen ja putoamisen pys\u00e4ytt\u00e4miseen tarkoitettujen henkil\u00f6suojainten kiinnityspisteeksi, tai halutaan liitosk\u00f6ysi joka siet\u00e4\u00e4 ydink\u00f6ytt\u00e4 paremmin ulkoisia uhkia.<\/li>\n<li>P\u00e4\u00e4dyiss\u00e4 olevat lenkit suunniteltu EN362 lukkosulkurenkaiden kanssa mahdollisimman hyvin yhteensopiviksi.<\/li>\n<\/ul>\n","protected":false},"featured_media":8429,"comment_status":"open","ping_status":"closed","template":"","meta":[],"product_cat":[460],"product_tag":[938,937],"yoast_head":"<!-- This site is optimized with the Yoast SEO Premium plugin v18.9 (Yoast SEO v19.3) - https:\/\/yoast.com\/wordpress\/plugins\/seo\/ -->\n<title>Vaijeriraksi CT Steel Ankor 200cm | JV Tuonti<\/title>\n<meta name=\"description\" content=\"Vaijeriraksi CT Steel Ankor 200cm soveltuu mm. puolikiinte\u00e4n ankkuripisteen rakentamiseen ja ankkuripisteen saamiseen helpompaan paikkaan.\" \/>\n<meta name=\"robots\" content=\"index, follow, max-snippet:-1, max-image-preview:large, max-video-preview:-1\" \/>\n<link rel=\"canonical\" href=\"https:\/\/hotelli03.domainhotelli.fi\/~lsdoecli\/tuote\/vaijeriraksi-ct-steel-ankor-200cm\/\" \/>\n<meta property=\"og:locale\" content=\"fi_FI\" \/>\n<meta property=\"og:type\" content=\"article\" \/>\n<meta property=\"og:title\" content=\"Vaijeriraksi CT Steel Ankor 200cm\" \/>\n<meta property=\"og:description\" content=\"Vaijeriraksi CT Steel Ankor 200cm soveltuu mm. puolikiinte\u00e4n ankkuripisteen rakentamiseen ja ankkuripisteen saamiseen helpompaan paikkaan.\" \/>\n<meta property=\"og:url\" content=\"https:\/\/hotelli03.domainhotelli.fi\/~lsdoecli\/tuote\/vaijeriraksi-ct-steel-ankor-200cm\/\" \/>\n<meta property=\"og:site_name\" content=\"JV Tuonti\" \/>\n<meta property=\"article:publisher\" content=\"https:\/\/www.facebook.com\/JVTuontiOy\" \/>\n<meta property=\"article:modified_time\" content=\"2021-11-15T09:07:55+00:00\" \/>\n<meta property=\"og:image\" content=\"https:\/\/hotelli03.domainhotelli.fi\/~lsdoecli\/wp-content\/uploads\/2021\/11\/Vaijeriraksi-CT-Steel-Ankor-100cm.jpeg\" \/>\n\t<meta property=\"og:image:width\" content=\"600\" \/>\n\t<meta property=\"og:image:height\" content=\"600\" \/>\n\t<meta property=\"og:image:type\" content=\"image\/jpeg\" \/>\n<meta name=\"twitter:card\" content=\"summary_large_image\" \/>\n<meta name=\"twitter:label1\" content=\"Price\" \/>\n\t<meta name=\"twitter:data1\" content=\"56,94&nbsp;&euro; Alv 24%N\u00e4yt\u00e4 veroton hinta45,92&nbsp;&euro; Alv 0%N\u00e4yt\u00e4 verollinen hinta\" \/>\n\t<meta name=\"twitter:label2\" content=\"Availability\" \/>\n\t<meta name=\"twitter:data2\" content=\"In stock\" \/>\n<script type=\"application\/ld+json\" class=\"yoast-schema-graph\">{\"@context\":\"https:\/\/schema.org\",\"@graph\":[{\"@type\":[\"Organization\",\"Place\",\"WholesaleStore\"],\"@id\":\"https:\/\/hotelli03.domainhotelli.fi\/~lsdoecli\/#organization\",\"name\":\"JV Tuonti Oy\",\"url\":\"https:\/\/hotelli03.domainhotelli.fi\/~lsdoecli\/\",\"sameAs\":[\"https:\/\/instagram.com\/jvtuontioy?utm_medium=copy_link\",\"https:\/\/www.facebook.com\/JVTuontiOy\"],\"logo\":{\"@id\":\"https:\/\/hotelli03.domainhotelli.fi\/~lsdoecli\/tuote\/vaijeriraksi-ct-steel-ankor-200cm\/#local-main-organization-logo\"},\"image\":{\"@id\":\"https:\/\/hotelli03.domainhotelli.fi\/~lsdoecli\/tuote\/vaijeriraksi-ct-steel-ankor-200cm\/#local-main-organization-logo\"},\"address\":{\"@id\":\"https:\/\/hotelli03.domainhotelli.fi\/~lsdoecli\/tuote\/vaijeriraksi-ct-steel-ankor-200cm\/#local-main-place-address\"},\"geo\":{\"@type\":\"GeoCoordinates\",\"latitude\":\"60.28431\",\"longitude\":\"24.81654\"},\"telephone\":[\"0408369980\"],\"openingHoursSpecification\":[{\"@type\":\"OpeningHoursSpecification\",\"dayOfWeek\":[\"Monday\",\"Tuesday\",\"Wednesday\",\"Thursday\",\"Friday\"],\"opens\":\"08:00\",\"closes\":\"16:00\"},{\"@type\":\"OpeningHoursSpecification\",\"dayOfWeek\":[\"Saturday\",\"Sunday\"],\"opens\":\"00:00\",\"closes\":\"00:00\"}],\"email\":\"myynti@hotelli03.domainhotelli.fi\",\"areaServed\":\"Suomi, Ruotsi\",\"vatID\":\"FI30178387\",\"priceRange\":\"$$\",\"currenciesAccepted\":\"\u20ac\",\"paymentAccepted\":\"Lasku, pankkikortti\"},{\"@type\":\"WebSite\",\"@id\":\"https:\/\/hotelli03.domainhotelli.fi\/~lsdoecli\/#website\",\"url\":\"https:\/\/hotelli03.domainhotelli.fi\/~lsdoecli\/\",\"name\":\"JV Tuonti\",\"description\":\"JV Tuonti Oy:n verkkokauppa\",\"publisher\":{\"@id\":\"https:\/\/hotelli03.domainhotelli.fi\/~lsdoecli\/#organization\"},\"potentialAction\":[{\"@type\":\"SearchAction\",\"target\":{\"@type\":\"EntryPoint\",\"urlTemplate\":\"https:\/\/hotelli03.domainhotelli.fi\/~lsdoecli\/?s={search_term_string}\"},\"query-input\":\"required name=search_term_string\"}],\"inLanguage\":\"fi\"},{\"@type\":\"ImageObject\",\"inLanguage\":\"fi\",\"@id\":\"https:\/\/hotelli03.domainhotelli.fi\/~lsdoecli\/tuote\/vaijeriraksi-ct-steel-ankor-200cm\/#primaryimage\",\"url\":\"https:\/\/hotelli03.domainhotelli.fi\/~lsdoecli\/wp-content\/uploads\/2021\/11\/Vaijeriraksi-CT-Steel-Ankor-100cm.jpeg\",\"contentUrl\":\"https:\/\/hotelli03.domainhotelli.fi\/~lsdoecli\/wp-content\/uploads\/2021\/11\/Vaijeriraksi-CT-Steel-Ankor-100cm.jpeg\",\"width\":600,\"height\":600,\"caption\":\"Vaijeriraksi CT Steel Ankor\"},{\"@type\":\"WebPage\",\"@id\":\"https:\/\/hotelli03.domainhotelli.fi\/~lsdoecli\/tuote\/vaijeriraksi-ct-steel-ankor-200cm\/\",\"url\":\"https:\/\/hotelli03.domainhotelli.fi\/~lsdoecli\/tuote\/vaijeriraksi-ct-steel-ankor-200cm\/\",\"name\":\"Vaijeriraksi CT Steel Ankor 200cm | JV Tuonti\",\"isPartOf\":{\"@id\":\"https:\/\/hotelli03.domainhotelli.fi\/~lsdoecli\/#website\"},\"primaryImageOfPage\":{\"@id\":\"https:\/\/hotelli03.domainhotelli.fi\/~lsdoecli\/tuote\/vaijeriraksi-ct-steel-ankor-200cm\/#primaryimage\"},\"datePublished\":\"2021-11-15T09:04:42+00:00\",\"dateModified\":\"2021-11-15T09:07:55+00:00\",\"description\":\"Vaijeriraksi CT Steel Ankor 200cm soveltuu mm. puolikiinte\u00e4n ankkuripisteen rakentamiseen ja ankkuripisteen saamiseen helpompaan paikkaan.\",\"breadcrumb\":{\"@id\":\"https:\/\/hotelli03.domainhotelli.fi\/~lsdoecli\/tuote\/vaijeriraksi-ct-steel-ankor-200cm\/#breadcrumb\"},\"inLanguage\":\"fi\",\"potentialAction\":[{\"@type\":\"ReadAction\",\"target\":[\"https:\/\/hotelli03.domainhotelli.fi\/~lsdoecli\/tuote\/vaijeriraksi-ct-steel-ankor-200cm\/\"]}]},{\"@type\":\"BreadcrumbList\",\"@id\":\"https:\/\/hotelli03.domainhotelli.fi\/~lsdoecli\/tuote\/vaijeriraksi-ct-steel-ankor-200cm\/#breadcrumb\",\"itemListElement\":[{\"@type\":\"ListItem\",\"position\":1,\"name\":\"Etusivu\",\"item\":\"https:\/\/hotelli03.domainhotelli.fi\/~lsdoecli\/\"},{\"@type\":\"ListItem\",\"position\":2,\"name\":\"Kauppa\",\"item\":\"https:\/\/hotelli03.domainhotelli.fi\/~lsdoecli\/kauppa\/\"},{\"@type\":\"ListItem\",\"position\":3,\"name\":\"Vaijeriraksi CT Steel Ankor 200cm\"}]},{\"@type\":\"PostalAddress\",\"@id\":\"https:\/\/hotelli03.domainhotelli.fi\/~lsdoecli\/tuote\/vaijeriraksi-ct-steel-ankor-200cm\/#local-main-place-address\",\"streetAddress\":\"Pyymosantie 5a\",\"addressLocality\":\"Vantaa\",\"postalCode\":\"01720\",\"addressCountry\":\"FI\"},{\"@type\":\"ImageObject\",\"inLanguage\":\"fi\",\"@id\":\"https:\/\/hotelli03.domainhotelli.fi\/~lsdoecli\/tuote\/vaijeriraksi-ct-steel-ankor-200cm\/#local-main-organization-logo\",\"url\":\"https:\/\/hotelli03.domainhotelli.fi\/~lsdoecli\/wp-content\/uploads\/2021\/08\/JVTuonti_logo_nelio.jpg\",\"contentUrl\":\"https:\/\/hotelli03.domainhotelli.fi\/~lsdoecli\/wp-content\/uploads\/2021\/08\/JVTuonti_logo_nelio.jpg\",\"width\":550,\"height\":550,\"caption\":\"JV Tuonti Oy\"}]}<\/script>\n<meta property=\"product:brand\" content=\"CT\" \/>\n<meta property=\"product:price:amount\" content=\"56.94\" \/>\n<meta property=\"product:price:currency\" content=\"EUR\" \/>\n<meta property=\"og:availability\" content=\"instock\" \/>\n<meta property=\"product:availability\" content=\"instock\" \/>\n<meta property=\"product:retailer_item_id\" content=\"3A164200V5CTSTD\" \/>\n<meta property=\"product:condition\" content=\"new\" \/>\n<meta name=\"geo.placename\" content=\"Vantaa\" \/>\n<meta name=\"geo.position\" content=\"60.28431;24.81654\" \/>\n<meta name=\"geo.region\" content=\"Suomi\" \/>\n<!-- \/ Yoast SEO Premium plugin. -->","yoast_head_json":{"title":"Vaijeriraksi CT Steel Ankor 200cm | JV Tuonti","description":"Vaijeriraksi CT Steel Ankor 200cm soveltuu mm. puolikiinte\u00e4n ankkuripisteen rakentamiseen ja ankkuripisteen saamiseen helpompaan paikkaan.","robots":{"index":"index","follow":"follow","max-snippet":"max-snippet:-1","max-image-preview":"max-image-preview:large","max-video-preview":"max-video-preview:-1"},"canonical":"https:\/\/hotelli03.domainhotelli.fi\/~lsdoecli\/tuote\/vaijeriraksi-ct-steel-ankor-200cm\/","og_locale":"fi_FI","og_type":"article","og_title":"Vaijeriraksi CT Steel Ankor 200cm","og_description":"Vaijeriraksi CT Steel Ankor 200cm soveltuu mm. puolikiinte\u00e4n ankkuripisteen rakentamiseen ja ankkuripisteen saamiseen helpompaan paikkaan.","og_url":"https:\/\/hotelli03.domainhotelli.fi\/~lsdoecli\/tuote\/vaijeriraksi-ct-steel-ankor-200cm\/","og_site_name":"JV Tuonti","article_publisher":"https:\/\/www.facebook.com\/JVTuontiOy","article_modified_time":"2021-11-15T09:07:55+00:00","og_image":[{"width":600,"height":600,"url":"https:\/\/hotelli03.domainhotelli.fi\/~lsdoecli\/wp-content\/uploads\/2021\/11\/Vaijeriraksi-CT-Steel-Ankor-100cm.jpeg","type":"image\/jpeg"}],"twitter_card":"summary_large_image","twitter_misc":{"Price":"56,94&nbsp;&euro; Alv 24%N\u00e4yt\u00e4 veroton hinta45,92&nbsp;&euro; Alv 0%N\u00e4yt\u00e4 verollinen hinta","Availability":"In stock"},"schema":{"@context":"https:\/\/schema.org","@graph":[{"@type":["Organization","Place","WholesaleStore"],"@id":"https:\/\/hotelli03.domainhotelli.fi\/~lsdoecli\/#organization","name":"JV Tuonti Oy","url":"https:\/\/hotelli03.domainhotelli.fi\/~lsdoecli\/","sameAs":["https:\/\/instagram.com\/jvtuontioy?utm_medium=copy_link","https:\/\/www.facebook.com\/JVTuontiOy"],"logo":{"@id":"https:\/\/hotelli03.domainhotelli.fi\/~lsdoecli\/tuote\/vaijeriraksi-ct-steel-ankor-200cm\/#local-main-organization-logo"},"image":{"@id":"https:\/\/hotelli03.domainhotelli.fi\/~lsdoecli\/tuote\/vaijeriraksi-ct-steel-ankor-200cm\/#local-main-organization-logo"},"address":{"@id":"https:\/\/hotelli03.domainhotelli.fi\/~lsdoecli\/tuote\/vaijeriraksi-ct-steel-ankor-200cm\/#local-main-place-address"},"geo":{"@type":"GeoCoordinates","latitude":"60.28431","longitude":"24.81654"},"telephone":["0408369980"],"openingHoursSpecification":[{"@type":"OpeningHoursSpecification","dayOfWeek":["Monday","Tuesday","Wednesday","Thursday","Friday"],"opens":"08:00","closes":"16:00"},{"@type":"OpeningHoursSpecification","dayOfWeek":["Saturday","Sunday"],"opens":"00:00","closes":"00:00"}],"email":"myynti@hotelli03.domainhotelli.fi","areaServed":"Suomi, Ruotsi","vatID":"FI30178387","priceRange":"$$","currenciesAccepted":"\u20ac","paymentAccepted":"Lasku, pankkikortti"},{"@type":"WebSite","@id":"https:\/\/hotelli03.domainhotelli.fi\/~lsdoecli\/#website","url":"https:\/\/hotelli03.domainhotelli.fi\/~lsdoecli\/","name":"JV Tuonti","description":"JV Tuonti Oy:n verkkokauppa","publisher":{"@id":"https:\/\/hotelli03.domainhotelli.fi\/~lsdoecli\/#organization"},"potentialAction":[{"@type":"SearchAction","target":{"@type":"EntryPoint","urlTemplate":"https:\/\/hotelli03.domainhotelli.fi\/~lsdoecli\/?s={search_term_string}"},"query-input":"required name=search_term_string"}],"inLanguage":"fi"},{"@type":"ImageObject","inLanguage":"fi","@id":"https:\/\/hotelli03.domainhotelli.fi\/~lsdoecli\/tuote\/vaijeriraksi-ct-steel-ankor-200cm\/#primaryimage","url":"https:\/\/hotelli03.domainhotelli.fi\/~lsdoecli\/wp-content\/uploads\/2021\/11\/Vaijeriraksi-CT-Steel-Ankor-100cm.jpeg","contentUrl":"https:\/\/hotelli03.domainhotelli.fi\/~lsdoecli\/wp-content\/uploads\/2021\/11\/Vaijeriraksi-CT-Steel-Ankor-100cm.jpeg","width":600,"height":600,"caption":"Vaijeriraksi CT Steel Ankor"},{"@type":"WebPage","@id":"https:\/\/hotelli03.domainhotelli.fi\/~lsdoecli\/tuote\/vaijeriraksi-ct-steel-ankor-200cm\/","url":"https:\/\/hotelli03.domainhotelli.fi\/~lsdoecli\/tuote\/vaijeriraksi-ct-steel-ankor-200cm\/","name":"Vaijeriraksi CT Steel Ankor 200cm | JV Tuonti","isPartOf":{"@id":"https:\/\/hotelli03.domainhotelli.fi\/~lsdoecli\/#website"},"primaryImageOfPage":{"@id":"https:\/\/hotelli03.domainhotelli.fi\/~lsdoecli\/tuote\/vaijeriraksi-ct-steel-ankor-200cm\/#primaryimage"},"datePublished":"2021-11-15T09:04:42+00:00","dateModified":"2021-11-15T09:07:55+00:00","description":"Vaijeriraksi CT Steel Ankor 200cm soveltuu mm. puolikiinte\u00e4n ankkuripisteen rakentamiseen ja ankkuripisteen saamiseen helpompaan paikkaan.","breadcrumb":{"@id":"https:\/\/hotelli03.domainhotelli.fi\/~lsdoecli\/tuote\/vaijeriraksi-ct-steel-ankor-200cm\/#breadcrumb"},"inLanguage":"fi","potentialAction":[{"@type":"ReadAction","target":["https:\/\/hotelli03.domainhotelli.fi\/~lsdoecli\/tuote\/vaijeriraksi-ct-steel-ankor-200cm\/"]}]},{"@type":"BreadcrumbList","@id":"https:\/\/hotelli03.domainhotelli.fi\/~lsdoecli\/tuote\/vaijeriraksi-ct-steel-ankor-200cm\/#breadcrumb","itemListElement":[{"@type":"ListItem","position":1,"name":"Etusivu","item":"https:\/\/hotelli03.domainhotelli.fi\/~lsdoecli\/"},{"@type":"ListItem","position":2,"name":"Kauppa","item":"https:\/\/hotelli03.domainhotelli.fi\/~lsdoecli\/kauppa\/"},{"@type":"ListItem","position":3,"name":"Vaijeriraksi CT Steel Ankor 200cm"}]},{"@type":"PostalAddress","@id":"https:\/\/hotelli03.domainhotelli.fi\/~lsdoecli\/tuote\/vaijeriraksi-ct-steel-ankor-200cm\/#local-main-place-address","streetAddress":"Pyymosantie 5a","addressLocality":"Vantaa","postalCode":"01720","addressCountry":"FI"},{"@type":"ImageObject","inLanguage":"fi","@id":"https:\/\/hotelli03.domainhotelli.fi\/~lsdoecli\/tuote\/vaijeriraksi-ct-steel-ankor-200cm\/#local-main-organization-logo","url":"https:\/\/hotelli03.domainhotelli.fi\/~lsdoecli\/wp-content\/uploads\/2021\/08\/JVTuonti_logo_nelio.jpg","contentUrl":"https:\/\/hotelli03.domainhotelli.fi\/~lsdoecli\/wp-content\/uploads\/2021\/08\/JVTuonti_logo_nelio.jpg","width":550,"height":550,"caption":"JV Tuonti Oy"}]},"product_brand":"CT","product_price_amount":"56.94","product_price_currency":"EUR","og_availability":"instock","product_availability":"instock","product_retailer_item_id":"3A164200V5CTSTD","product_condition":"new","geo.placename":"Vantaa","geo.position":{"lat":"60.28431","long":"24.81654"},"geo.region":"Suomi"},"_links":{"self":[{"href":"https:\/\/hotelli03.domainhotelli.fi\/~lsdoecli\/wp-json\/wp\/v2\/product\/8434"}],"collection":[{"href":"https:\/\/hotelli03.domainhotelli.fi\/~lsdoecli\/wp-json\/wp\/v2\/product"}],"about":[{"href":"https:\/\/hotelli03.domainhotelli.fi\/~lsdoecli\/wp-json\/wp\/v2\/types\/product"}],"replies":[{"embeddable":true,"href":"https:\/\/hotelli03.domainhotelli.fi\/~lsdoecli\/wp-json\/wp\/v2\/comments?post=8434"}],"wp:featuredmedia":[{"embeddable":true,"href":"https:\/\/hotelli03.domainhotelli.fi\/~lsdoecli\/wp-json\/wp\/v2\/media\/8429"}],"wp:attachment":[{"href":"https:\/\/hotelli03.domainhotelli.fi\/~lsdoecli\/wp-json\/wp\/v2\/media?parent=8434"}],"wp:term":[{"taxonomy":"product_cat","embeddable":true,"href":"https:\/\/hotelli03.domainhotelli.fi\/~lsdoecli\/wp-json\/wp\/v2\/product_cat?post=8434"},{"taxonomy":"product_tag","embeddable":true,"href":"https:\/\/hotelli03.domainhotelli.fi\/~lsdoecli\/wp-json\/wp\/v2\/product_tag?post=8434"}],"curies":[{"name":"wp","href":"https:\/\/api.w.org\/{rel}","templated":true}]}}