{"id":8230,"date":"2021-11-02T11:31:40","date_gmt":"2021-11-02T11:31:40","guid":{"rendered":"https:\/\/hotelli03.domainhotelli.fi\/~lsdoecli\/?post_type=product&#038;p=8230"},"modified":"2021-11-02T11:31:41","modified_gmt":"2021-11-02T11:31:41","slug":"kuulosuojaimet-sordin-supreme-pro-x-1-1-aktiiviset","status":"publish","type":"product","link":"https:\/\/hotelli03.domainhotelli.fi\/~lsdoecli\/tuote\/kuulosuojaimet-sordin-supreme-pro-x-1-1-aktiiviset\/","title":{"rendered":"Kuulosuojaimet Sordin Supreme Pro-X 1.1, aktiiviset"},"content":{"rendered":"<h2>Matalaprofiilinen aktiivinen kupukuulonsuojain p\u00e4\u00e4lakisangalla, AUX-liittimell\u00e4 ja \u00e4\u00e4nten vahvistustoiminnolla.\u00a0Kupuihin integroitujen kuulokkeiden \u00e4\u00e4ni on rajoitettu turvalliselle 82dB:n tasolle.<\/h2>\n<p>Kuulosuojaimet Sordin Supreme Pro-X 1.1 ovat korkealuokkaiset ja painonappien ansiosta helppok\u00e4ytt\u00f6inen kuuleva tasorajoitteinen malli, joka on ihanteellisin valinta esim. mets\u00e4stykseen, ammuntaan ja vaativaan ammattik\u00e4ytt\u00f6\u00f6n. Vesitiiviit mikrofonit molemmilla puolilla tarjoavat suuntaavaan kuulon. Vesitiiviit kaiuttimet ja elektroniikka sis\u00e4puolella takaavat luotettavan toiminnan kaikkein vaativimmissakin olosuhteissa. Musta nahkainen p\u00e4\u00e4panta ja mustat kupit. Sordin Supreme-sarja on kehitetty parantamaan ty\u00f6ymp\u00e4rist\u00f6\u00e4si ja my\u00f6s vapaa-aikaasi, kun oleskelet melussa.<\/p>\n<p>Modernin tasorajoitteisen toiminnan ansiosta kuulet keskustelun, varoitussignaalit, liikkuvien autojen \u00e4\u00e4net ja muut t\u00e4rke\u00e4t tai turvallisuuteen vaikuttavat asiat selke\u00e4sti ja poikkeuksellisen luonnollisina, mutta olet samalla suojattu kuulolle vaarallisen voimakkailta \u00e4\u00e4nilt\u00e4. Vahvistaa lis\u00e4ksi haluttaessa heikkoja \u00e4\u00e4ni\u00e4, jonka ansiosta kuulet esim. koiran \u00e4\u00e4net kauempaa kuin ilman kuulosuojaimia. Malli sopii litte\u00e4n profiilin ansiosta k\u00e4ytett\u00e4v\u00e4ksi my\u00f6s sotilaskyp\u00e4r\u00e4n alla. Kaikki toiminnot suunniteltu k\u00e4ytett\u00e4viksi my\u00f6s k\u00e4sineet k\u00e4dess\u00e4.<\/p>\n<p>Viisiportainen \u00e4\u00e4nenvoimakkuuss\u00e4\u00e4t\u00f6 tarjoaa ihanteellisen k\u00e4yt\u00f6n. Automaattinen virrankatkaisu ennakkovaroitus\u00e4\u00e4nell\u00e4 4 h j\u00e4lkeen, mik\u00e4li mit\u00e4\u00e4n painiketta ei ole painettu: Toiminto s\u00e4\u00e4st\u00e4\u00e4 paristoja my\u00f6hemp\u00e4\u00e4 tarvetta varten. Paristojen alhaisen varaustilan varoitin ilmoittaa vaihtotarpeesta kun n. 40 h k\u00e4ytt\u00f6aikaa on j\u00e4ljell\u00e4.<br \/>\nAudio input AUX-liitin mahdollistaa ulkoisten laitteiden kuten mets\u00e4stysradion, radiopuhelimen, matkapuhelimen tms. kommunikaatiov\u00e4lineeden helpon liitt\u00e4misen. 3,5 mm liittimell\u00e4 varustettu johto sis. toimitukseen.<\/p>\n<h4>Kuulosuojaimet Sordin Supreme Pro-X 1.1, aktiiviset tekniset tiedot:<\/h4>\n<ul>\n<li>Toimii 2xAAA (LR03) paristoilla, sis. toimitukseen.<\/li>\n<li>Toiminta-aika n. 600 h (=esim. 7 h \/arkipv k\u00e4ytt\u00f6\u00e4 4 kk ajan).<\/li>\n<li>Valaisimessa automaattinen sammutustoiminto.<\/li>\n<li>Paino 411 g.<\/li>\n<li>Vesi- ja p\u00f6lytiivis: IP67 (ei vedenalaiseen k\u00e4ytt\u00f6\u00f6n).<\/li>\n<li>Kompakti kuljetusasento.<\/li>\n<li>Kokoluokitus: M-L.<\/li>\n<li>P\u00e4\u00e4lakisangan materiaali: Nahka, ruostumaton jousiter\u00e4s, muovi.<\/li>\n<li>Pehmuste- ja vaimennusmateriaali: PVC-kalvo, TPU-vaahto.<\/li>\n<li>T\u00e4ytt\u00e4\u00e4 CE EN352-1, EN352-4 ja EN352-6 standardien vaatimukset.<\/li>\n<li>Maksimielinik\u00e4 poikkeuksellisen pitk\u00e4 10 vuotta.<\/li>\n<li>Materiaali- ja valmistusvirhetakuu 5 vuotta.<\/li>\n<li>Valmistusmaa Ruotsi.<\/li>\n<\/ul>\n<p>&nbsp;<\/p>\n<p><a href=\"https:\/\/hotelli03.domainhotelli.fi\/~lsdoecli\/tuote-osasto\/rakennustarvikkeet\/suojaimet\/kuulosuojaimet\/\">Katso my\u00f6s muut kuulosuojain mallit t\u00e4st\u00e4!\u00a0<\/a><\/p>\n<p>&nbsp;<\/p>\n<p>Maahantuoja: <a href=\"https:\/\/www.vandernet.com\">Vandernet Oy<\/a><\/p>\n","protected":false},"excerpt":{"rendered":"<h4>Matalaprofiilinen aktiivinen kupukuulonsuojain p\u00e4\u00e4lakisangalla, AUX-liittimell\u00e4 ja \u00e4\u00e4nten vahvistustoiminnolla.\u00a0Kupuihin integroitujen kuulokkeiden \u00e4\u00e4ni on rajoitettu turvalliselle 82dB:n tasolle.<\/h4>\n<p>Kuulosuojaimet Sordin Supreme Pro-X 1.1 ovat korkealuokkaiset ja painonappien ansiosta helppok\u00e4ytt\u00f6inen kuuleva tasorajoitteinen malli, joka on ihanteellisin valinta esim. mets\u00e4stykseen, ammuntaan ja vaativaan ammattik\u00e4ytt\u00f6\u00f6n. Vesitiiviit mikrofonit molemmilla puolilla tarjoavat suuntaavaan kuulon. Vesitiiviit kaiuttimet ja elektroniikka sis\u00e4puolella takaavat luotettavan toiminnan kaikkein vaativimmissakin olosuhteissa. Musta nahkainen p\u00e4\u00e4panta ja mustat kupit. Sordin Supreme-sarja on kehitetty parantamaan ty\u00f6ymp\u00e4rist\u00f6\u00e4si ja my\u00f6s vapaa-aikaasi, kun oleskelet melussa.<\/p>\n","protected":false},"featured_media":8233,"comment_status":"open","ping_status":"closed","template":"","meta":[],"product_cat":[106],"product_tag":[908,881,906,907],"yoast_head":"<!-- This site is optimized with the Yoast SEO Premium plugin v18.9 (Yoast SEO v19.3) - https:\/\/yoast.com\/wordpress\/plugins\/seo\/ -->\n<title>Kuulosuojaimet Sordin Supreme Pro-X 1.1 | Aktiivikuulosuojaimet<\/title>\n<meta name=\"description\" content=\"Matalaprofiilinen aktiivinen kupukuulonsuojain p\u00e4\u00e4lakisangalla, AUX-liittimell\u00e4 ja \u00e4\u00e4nten vahvistustoiminnolla. Tutustu lis\u00e4\u00e4 t\u00e4st\u00e4!\" \/>\n<meta name=\"robots\" content=\"index, follow, max-snippet:-1, max-image-preview:large, max-video-preview:-1\" \/>\n<link rel=\"canonical\" href=\"https:\/\/hotelli03.domainhotelli.fi\/~lsdoecli\/tuote\/kuulosuojaimet-sordin-supreme-pro-x-1-1-aktiiviset\/\" \/>\n<meta property=\"og:locale\" content=\"fi_FI\" \/>\n<meta property=\"og:type\" content=\"article\" \/>\n<meta property=\"og:title\" content=\"Kuulosuojaimet Sordin Supreme Pro-X 1.1, aktiiviset\" \/>\n<meta property=\"og:description\" content=\"Matalaprofiilinen aktiivinen kupukuulonsuojain p\u00e4\u00e4lakisangalla, AUX-liittimell\u00e4 ja \u00e4\u00e4nten vahvistustoiminnolla. Tutustu lis\u00e4\u00e4 t\u00e4st\u00e4!\" \/>\n<meta property=\"og:url\" content=\"https:\/\/hotelli03.domainhotelli.fi\/~lsdoecli\/tuote\/kuulosuojaimet-sordin-supreme-pro-x-1-1-aktiiviset\/\" \/>\n<meta property=\"og:site_name\" content=\"JV Tuonti\" \/>\n<meta property=\"article:publisher\" content=\"https:\/\/www.facebook.com\/JVTuontiOy\" \/>\n<meta property=\"article:modified_time\" content=\"2021-11-02T11:31:41+00:00\" \/>\n<meta property=\"og:image\" content=\"https:\/\/hotelli03.domainhotelli.fi\/~lsdoecli\/wp-content\/uploads\/2021\/11\/Kuulosuojaimet-Sordin-Supreme-Pro-X-1.1-aktiiviset.jpeg\" \/>\n\t<meta property=\"og:image:width\" content=\"600\" \/>\n\t<meta property=\"og:image:height\" content=\"600\" \/>\n\t<meta property=\"og:image:type\" content=\"image\/jpeg\" \/>\n<meta name=\"twitter:card\" content=\"summary_large_image\" \/>\n<meta name=\"twitter:label1\" content=\"Price\" \/>\n\t<meta name=\"twitter:data1\" content=\"288,92&nbsp;&euro; Alv 24%N\u00e4yt\u00e4 veroton hinta233,00&nbsp;&euro; Alv 0%N\u00e4yt\u00e4 verollinen hinta\" \/>\n\t<meta name=\"twitter:label2\" content=\"Availability\" \/>\n\t<meta name=\"twitter:data2\" content=\"In stock\" \/>\n<script type=\"application\/ld+json\" class=\"yoast-schema-graph\">{\"@context\":\"https:\/\/schema.org\",\"@graph\":[{\"@type\":[\"Organization\",\"Place\",\"WholesaleStore\"],\"@id\":\"https:\/\/hotelli03.domainhotelli.fi\/~lsdoecli\/#organization\",\"name\":\"JV Tuonti Oy\",\"url\":\"https:\/\/hotelli03.domainhotelli.fi\/~lsdoecli\/\",\"sameAs\":[\"https:\/\/instagram.com\/jvtuontioy?utm_medium=copy_link\",\"https:\/\/www.facebook.com\/JVTuontiOy\"],\"logo\":{\"@id\":\"https:\/\/hotelli03.domainhotelli.fi\/~lsdoecli\/tuote\/kuulosuojaimet-sordin-supreme-pro-x-1-1-aktiiviset\/#local-main-organization-logo\"},\"image\":{\"@id\":\"https:\/\/hotelli03.domainhotelli.fi\/~lsdoecli\/tuote\/kuulosuojaimet-sordin-supreme-pro-x-1-1-aktiiviset\/#local-main-organization-logo\"},\"address\":{\"@id\":\"https:\/\/hotelli03.domainhotelli.fi\/~lsdoecli\/tuote\/kuulosuojaimet-sordin-supreme-pro-x-1-1-aktiiviset\/#local-main-place-address\"},\"geo\":{\"@type\":\"GeoCoordinates\",\"latitude\":\"60.28431\",\"longitude\":\"24.81654\"},\"telephone\":[\"0408369980\"],\"openingHoursSpecification\":[{\"@type\":\"OpeningHoursSpecification\",\"dayOfWeek\":[\"Monday\",\"Tuesday\",\"Wednesday\",\"Thursday\",\"Friday\"],\"opens\":\"08:00\",\"closes\":\"16:00\"},{\"@type\":\"OpeningHoursSpecification\",\"dayOfWeek\":[\"Saturday\",\"Sunday\"],\"opens\":\"00:00\",\"closes\":\"00:00\"}],\"email\":\"myynti@hotelli03.domainhotelli.fi\",\"areaServed\":\"Suomi, Ruotsi\",\"vatID\":\"FI30178387\",\"priceRange\":\"$$\",\"currenciesAccepted\":\"\u20ac\",\"paymentAccepted\":\"Lasku, pankkikortti\"},{\"@type\":\"WebSite\",\"@id\":\"https:\/\/hotelli03.domainhotelli.fi\/~lsdoecli\/#website\",\"url\":\"https:\/\/hotelli03.domainhotelli.fi\/~lsdoecli\/\",\"name\":\"JV Tuonti\",\"description\":\"JV Tuonti Oy:n verkkokauppa\",\"publisher\":{\"@id\":\"https:\/\/hotelli03.domainhotelli.fi\/~lsdoecli\/#organization\"},\"potentialAction\":[{\"@type\":\"SearchAction\",\"target\":{\"@type\":\"EntryPoint\",\"urlTemplate\":\"https:\/\/hotelli03.domainhotelli.fi\/~lsdoecli\/?s={search_term_string}\"},\"query-input\":\"required name=search_term_string\"}],\"inLanguage\":\"fi\"},{\"@type\":\"ImageObject\",\"inLanguage\":\"fi\",\"@id\":\"https:\/\/hotelli03.domainhotelli.fi\/~lsdoecli\/tuote\/kuulosuojaimet-sordin-supreme-pro-x-1-1-aktiiviset\/#primaryimage\",\"url\":\"https:\/\/hotelli03.domainhotelli.fi\/~lsdoecli\/wp-content\/uploads\/2021\/11\/Kuulosuojaimet-Sordin-Supreme-Pro-X-1.1-aktiiviset.jpeg\",\"contentUrl\":\"https:\/\/hotelli03.domainhotelli.fi\/~lsdoecli\/wp-content\/uploads\/2021\/11\/Kuulosuojaimet-Sordin-Supreme-Pro-X-1.1-aktiiviset.jpeg\",\"width\":600,\"height\":600,\"caption\":\"Kuulosuojaimet Sordin Supreme Pro-X 1.1, aktiiviset\"},{\"@type\":\"WebPage\",\"@id\":\"https:\/\/hotelli03.domainhotelli.fi\/~lsdoecli\/tuote\/kuulosuojaimet-sordin-supreme-pro-x-1-1-aktiiviset\/\",\"url\":\"https:\/\/hotelli03.domainhotelli.fi\/~lsdoecli\/tuote\/kuulosuojaimet-sordin-supreme-pro-x-1-1-aktiiviset\/\",\"name\":\"Kuulosuojaimet Sordin Supreme Pro-X 1.1 | Aktiivikuulosuojaimet\",\"isPartOf\":{\"@id\":\"https:\/\/hotelli03.domainhotelli.fi\/~lsdoecli\/#website\"},\"primaryImageOfPage\":{\"@id\":\"https:\/\/hotelli03.domainhotelli.fi\/~lsdoecli\/tuote\/kuulosuojaimet-sordin-supreme-pro-x-1-1-aktiiviset\/#primaryimage\"},\"datePublished\":\"2021-11-02T11:31:40+00:00\",\"dateModified\":\"2021-11-02T11:31:41+00:00\",\"description\":\"Matalaprofiilinen aktiivinen kupukuulonsuojain p\u00e4\u00e4lakisangalla, AUX-liittimell\u00e4 ja \u00e4\u00e4nten vahvistustoiminnolla. Tutustu lis\u00e4\u00e4 t\u00e4st\u00e4!\",\"breadcrumb\":{\"@id\":\"https:\/\/hotelli03.domainhotelli.fi\/~lsdoecli\/tuote\/kuulosuojaimet-sordin-supreme-pro-x-1-1-aktiiviset\/#breadcrumb\"},\"inLanguage\":\"fi\",\"potentialAction\":[{\"@type\":\"ReadAction\",\"target\":[\"https:\/\/hotelli03.domainhotelli.fi\/~lsdoecli\/tuote\/kuulosuojaimet-sordin-supreme-pro-x-1-1-aktiiviset\/\"]}]},{\"@type\":\"BreadcrumbList\",\"@id\":\"https:\/\/hotelli03.domainhotelli.fi\/~lsdoecli\/tuote\/kuulosuojaimet-sordin-supreme-pro-x-1-1-aktiiviset\/#breadcrumb\",\"itemListElement\":[{\"@type\":\"ListItem\",\"position\":1,\"name\":\"Etusivu\",\"item\":\"https:\/\/hotelli03.domainhotelli.fi\/~lsdoecli\/\"},{\"@type\":\"ListItem\",\"position\":2,\"name\":\"Kauppa\",\"item\":\"https:\/\/hotelli03.domainhotelli.fi\/~lsdoecli\/kauppa\/\"},{\"@type\":\"ListItem\",\"position\":3,\"name\":\"Kuulosuojaimet Sordin Supreme Pro-X 1.1, aktiiviset\"}]},{\"@type\":\"PostalAddress\",\"@id\":\"https:\/\/hotelli03.domainhotelli.fi\/~lsdoecli\/tuote\/kuulosuojaimet-sordin-supreme-pro-x-1-1-aktiiviset\/#local-main-place-address\",\"streetAddress\":\"Pyymosantie 5a\",\"addressLocality\":\"Vantaa\",\"postalCode\":\"01720\",\"addressCountry\":\"FI\"},{\"@type\":\"ImageObject\",\"inLanguage\":\"fi\",\"@id\":\"https:\/\/hotelli03.domainhotelli.fi\/~lsdoecli\/tuote\/kuulosuojaimet-sordin-supreme-pro-x-1-1-aktiiviset\/#local-main-organization-logo\",\"url\":\"https:\/\/hotelli03.domainhotelli.fi\/~lsdoecli\/wp-content\/uploads\/2021\/08\/JVTuonti_logo_nelio.jpg\",\"contentUrl\":\"https:\/\/hotelli03.domainhotelli.fi\/~lsdoecli\/wp-content\/uploads\/2021\/08\/JVTuonti_logo_nelio.jpg\",\"width\":550,\"height\":550,\"caption\":\"JV Tuonti Oy\"}]}<\/script>\n<meta property=\"product:price:amount\" content=\"288.92\" \/>\n<meta property=\"product:price:currency\" content=\"EUR\" \/>\n<meta property=\"og:availability\" content=\"instock\" \/>\n<meta property=\"product:availability\" content=\"instock\" \/>\n<meta property=\"product:retailer_item_id\" content=\"75302-XL-02-S\" \/>\n<meta property=\"product:condition\" content=\"new\" \/>\n<meta name=\"geo.placename\" content=\"Vantaa\" \/>\n<meta name=\"geo.position\" content=\"60.28431;24.81654\" \/>\n<meta name=\"geo.region\" content=\"Suomi\" \/>\n<!-- \/ Yoast SEO Premium plugin. -->","yoast_head_json":{"title":"Kuulosuojaimet Sordin Supreme Pro-X 1.1 | Aktiivikuulosuojaimet","description":"Matalaprofiilinen aktiivinen kupukuulonsuojain p\u00e4\u00e4lakisangalla, AUX-liittimell\u00e4 ja \u00e4\u00e4nten vahvistustoiminnolla. Tutustu lis\u00e4\u00e4 t\u00e4st\u00e4!","robots":{"index":"index","follow":"follow","max-snippet":"max-snippet:-1","max-image-preview":"max-image-preview:large","max-video-preview":"max-video-preview:-1"},"canonical":"https:\/\/hotelli03.domainhotelli.fi\/~lsdoecli\/tuote\/kuulosuojaimet-sordin-supreme-pro-x-1-1-aktiiviset\/","og_locale":"fi_FI","og_type":"article","og_title":"Kuulosuojaimet Sordin Supreme Pro-X 1.1, aktiiviset","og_description":"Matalaprofiilinen aktiivinen kupukuulonsuojain p\u00e4\u00e4lakisangalla, AUX-liittimell\u00e4 ja \u00e4\u00e4nten vahvistustoiminnolla. Tutustu lis\u00e4\u00e4 t\u00e4st\u00e4!","og_url":"https:\/\/hotelli03.domainhotelli.fi\/~lsdoecli\/tuote\/kuulosuojaimet-sordin-supreme-pro-x-1-1-aktiiviset\/","og_site_name":"JV Tuonti","article_publisher":"https:\/\/www.facebook.com\/JVTuontiOy","article_modified_time":"2021-11-02T11:31:41+00:00","og_image":[{"width":600,"height":600,"url":"https:\/\/hotelli03.domainhotelli.fi\/~lsdoecli\/wp-content\/uploads\/2021\/11\/Kuulosuojaimet-Sordin-Supreme-Pro-X-1.1-aktiiviset.jpeg","type":"image\/jpeg"}],"twitter_card":"summary_large_image","twitter_misc":{"Price":"288,92&nbsp;&euro; Alv 24%N\u00e4yt\u00e4 veroton hinta233,00&nbsp;&euro; Alv 0%N\u00e4yt\u00e4 verollinen hinta","Availability":"In stock"},"schema":{"@context":"https:\/\/schema.org","@graph":[{"@type":["Organization","Place","WholesaleStore"],"@id":"https:\/\/hotelli03.domainhotelli.fi\/~lsdoecli\/#organization","name":"JV Tuonti Oy","url":"https:\/\/hotelli03.domainhotelli.fi\/~lsdoecli\/","sameAs":["https:\/\/instagram.com\/jvtuontioy?utm_medium=copy_link","https:\/\/www.facebook.com\/JVTuontiOy"],"logo":{"@id":"https:\/\/hotelli03.domainhotelli.fi\/~lsdoecli\/tuote\/kuulosuojaimet-sordin-supreme-pro-x-1-1-aktiiviset\/#local-main-organization-logo"},"image":{"@id":"https:\/\/hotelli03.domainhotelli.fi\/~lsdoecli\/tuote\/kuulosuojaimet-sordin-supreme-pro-x-1-1-aktiiviset\/#local-main-organization-logo"},"address":{"@id":"https:\/\/hotelli03.domainhotelli.fi\/~lsdoecli\/tuote\/kuulosuojaimet-sordin-supreme-pro-x-1-1-aktiiviset\/#local-main-place-address"},"geo":{"@type":"GeoCoordinates","latitude":"60.28431","longitude":"24.81654"},"telephone":["0408369980"],"openingHoursSpecification":[{"@type":"OpeningHoursSpecification","dayOfWeek":["Monday","Tuesday","Wednesday","Thursday","Friday"],"opens":"08:00","closes":"16:00"},{"@type":"OpeningHoursSpecification","dayOfWeek":["Saturday","Sunday"],"opens":"00:00","closes":"00:00"}],"email":"myynti@hotelli03.domainhotelli.fi","areaServed":"Suomi, Ruotsi","vatID":"FI30178387","priceRange":"$$","currenciesAccepted":"\u20ac","paymentAccepted":"Lasku, pankkikortti"},{"@type":"WebSite","@id":"https:\/\/hotelli03.domainhotelli.fi\/~lsdoecli\/#website","url":"https:\/\/hotelli03.domainhotelli.fi\/~lsdoecli\/","name":"JV Tuonti","description":"JV Tuonti Oy:n verkkokauppa","publisher":{"@id":"https:\/\/hotelli03.domainhotelli.fi\/~lsdoecli\/#organization"},"potentialAction":[{"@type":"SearchAction","target":{"@type":"EntryPoint","urlTemplate":"https:\/\/hotelli03.domainhotelli.fi\/~lsdoecli\/?s={search_term_string}"},"query-input":"required name=search_term_string"}],"inLanguage":"fi"},{"@type":"ImageObject","inLanguage":"fi","@id":"https:\/\/hotelli03.domainhotelli.fi\/~lsdoecli\/tuote\/kuulosuojaimet-sordin-supreme-pro-x-1-1-aktiiviset\/#primaryimage","url":"https:\/\/hotelli03.domainhotelli.fi\/~lsdoecli\/wp-content\/uploads\/2021\/11\/Kuulosuojaimet-Sordin-Supreme-Pro-X-1.1-aktiiviset.jpeg","contentUrl":"https:\/\/hotelli03.domainhotelli.fi\/~lsdoecli\/wp-content\/uploads\/2021\/11\/Kuulosuojaimet-Sordin-Supreme-Pro-X-1.1-aktiiviset.jpeg","width":600,"height":600,"caption":"Kuulosuojaimet Sordin Supreme Pro-X 1.1, aktiiviset"},{"@type":"WebPage","@id":"https:\/\/hotelli03.domainhotelli.fi\/~lsdoecli\/tuote\/kuulosuojaimet-sordin-supreme-pro-x-1-1-aktiiviset\/","url":"https:\/\/hotelli03.domainhotelli.fi\/~lsdoecli\/tuote\/kuulosuojaimet-sordin-supreme-pro-x-1-1-aktiiviset\/","name":"Kuulosuojaimet Sordin Supreme Pro-X 1.1 | Aktiivikuulosuojaimet","isPartOf":{"@id":"https:\/\/hotelli03.domainhotelli.fi\/~lsdoecli\/#website"},"primaryImageOfPage":{"@id":"https:\/\/hotelli03.domainhotelli.fi\/~lsdoecli\/tuote\/kuulosuojaimet-sordin-supreme-pro-x-1-1-aktiiviset\/#primaryimage"},"datePublished":"2021-11-02T11:31:40+00:00","dateModified":"2021-11-02T11:31:41+00:00","description":"Matalaprofiilinen aktiivinen kupukuulonsuojain p\u00e4\u00e4lakisangalla, AUX-liittimell\u00e4 ja \u00e4\u00e4nten vahvistustoiminnolla. Tutustu lis\u00e4\u00e4 t\u00e4st\u00e4!","breadcrumb":{"@id":"https:\/\/hotelli03.domainhotelli.fi\/~lsdoecli\/tuote\/kuulosuojaimet-sordin-supreme-pro-x-1-1-aktiiviset\/#breadcrumb"},"inLanguage":"fi","potentialAction":[{"@type":"ReadAction","target":["https:\/\/hotelli03.domainhotelli.fi\/~lsdoecli\/tuote\/kuulosuojaimet-sordin-supreme-pro-x-1-1-aktiiviset\/"]}]},{"@type":"BreadcrumbList","@id":"https:\/\/hotelli03.domainhotelli.fi\/~lsdoecli\/tuote\/kuulosuojaimet-sordin-supreme-pro-x-1-1-aktiiviset\/#breadcrumb","itemListElement":[{"@type":"ListItem","position":1,"name":"Etusivu","item":"https:\/\/hotelli03.domainhotelli.fi\/~lsdoecli\/"},{"@type":"ListItem","position":2,"name":"Kauppa","item":"https:\/\/hotelli03.domainhotelli.fi\/~lsdoecli\/kauppa\/"},{"@type":"ListItem","position":3,"name":"Kuulosuojaimet Sordin Supreme Pro-X 1.1, aktiiviset"}]},{"@type":"PostalAddress","@id":"https:\/\/hotelli03.domainhotelli.fi\/~lsdoecli\/tuote\/kuulosuojaimet-sordin-supreme-pro-x-1-1-aktiiviset\/#local-main-place-address","streetAddress":"Pyymosantie 5a","addressLocality":"Vantaa","postalCode":"01720","addressCountry":"FI"},{"@type":"ImageObject","inLanguage":"fi","@id":"https:\/\/hotelli03.domainhotelli.fi\/~lsdoecli\/tuote\/kuulosuojaimet-sordin-supreme-pro-x-1-1-aktiiviset\/#local-main-organization-logo","url":"https:\/\/hotelli03.domainhotelli.fi\/~lsdoecli\/wp-content\/uploads\/2021\/08\/JVTuonti_logo_nelio.jpg","contentUrl":"https:\/\/hotelli03.domainhotelli.fi\/~lsdoecli\/wp-content\/uploads\/2021\/08\/JVTuonti_logo_nelio.jpg","width":550,"height":550,"caption":"JV Tuonti Oy"}]},"product_price_amount":"288.92","product_price_currency":"EUR","og_availability":"instock","product_availability":"instock","product_retailer_item_id":"75302-XL-02-S","product_condition":"new","geo.placename":"Vantaa","geo.position":{"lat":"60.28431","long":"24.81654"},"geo.region":"Suomi"},"_links":{"self":[{"href":"https:\/\/hotelli03.domainhotelli.fi\/~lsdoecli\/wp-json\/wp\/v2\/product\/8230"}],"collection":[{"href":"https:\/\/hotelli03.domainhotelli.fi\/~lsdoecli\/wp-json\/wp\/v2\/product"}],"about":[{"href":"https:\/\/hotelli03.domainhotelli.fi\/~lsdoecli\/wp-json\/wp\/v2\/types\/product"}],"replies":[{"embeddable":true,"href":"https:\/\/hotelli03.domainhotelli.fi\/~lsdoecli\/wp-json\/wp\/v2\/comments?post=8230"}],"wp:featuredmedia":[{"embeddable":true,"href":"https:\/\/hotelli03.domainhotelli.fi\/~lsdoecli\/wp-json\/wp\/v2\/media\/8233"}],"wp:attachment":[{"href":"https:\/\/hotelli03.domainhotelli.fi\/~lsdoecli\/wp-json\/wp\/v2\/media?parent=8230"}],"wp:term":[{"taxonomy":"product_cat","embeddable":true,"href":"https:\/\/hotelli03.domainhotelli.fi\/~lsdoecli\/wp-json\/wp\/v2\/product_cat?post=8230"},{"taxonomy":"product_tag","embeddable":true,"href":"https:\/\/hotelli03.domainhotelli.fi\/~lsdoecli\/wp-json\/wp\/v2\/product_tag?post=8230"}],"curies":[{"name":"wp","href":"https:\/\/api.w.org\/{rel}","templated":true}]}}