{"id":7679,"date":"2021-10-11T13:21:52","date_gmt":"2021-10-11T13:21:52","guid":{"rendered":"https:\/\/hotelli03.domainhotelli.fi\/~lsdoecli\/?post_type=product&#038;p=7679"},"modified":"2021-10-12T05:27:25","modified_gmt":"2021-10-12T05:27:25","slug":"suojakypara-kask-hp-en14052","status":"publish","type":"product","link":"https:\/\/hotelli03.domainhotelli.fi\/~lsdoecli\/tuote\/suojakypara-kask-hp-en14052\/","title":{"rendered":"Suojakyp\u00e4r\u00e4 Kask HP EN14052"},"content":{"rendered":"<h2>Suojakyp\u00e4r\u00e4 Kask High Performance on teollisuusty\u00f6kyp\u00e4r\u00e4standardin EN 14052 vaatimukset t\u00e4ytt\u00e4v\u00e4, hyvin tuuletettu 4-pistekiinnityksell\u00e4 varustettu erinomainen ty\u00f6kyp\u00e4r\u00e4. Suojakyp\u00e4r\u00e4 tarjoaa todella hyv\u00e4n suojaustason putoavilta ja lent\u00e4vilt\u00e4 kappaleilta esimerkiksi teollisuuteen, rakennusalalle tai ty\u00f6h\u00f6n miss\u00e4 ollaan tekemisess\u00e4 mekaanisten vaarojen kanssa.<\/h2>\n<p>&nbsp;<\/p>\n<ul>\n<li>Kevyt, ergonominen ja mukava p\u00e4\u00e4ss\u00e4.<\/li>\n<li>Koko: 51-62 cm<\/li>\n<li>Paino: 450g<\/li>\n<li>Helppo s\u00e4\u00e4t\u00f6py\u00f6r\u00e4<\/li>\n<li>Pehmusteet teknist\u00e4 2DRY materiaalia<\/li>\n<li>Ulkokuoren materiaali: ABS<\/li>\n<li>Sis\u00e4 materiaali: HD Polystreeni<\/li>\n<li>AirGrid verkko tuuletusaukoissa<\/li>\n<li>Sertifiointi: CE EN 14052<\/li>\n<li>Materiaali- ja valmistusvirhetakuu 3 vuotta<\/li>\n<li>Valmistusmaa: Italia<\/li>\n<\/ul>\n<p>&nbsp;<\/p>\n<p>Kyp\u00e4r\u00e4n pehmusteet ovat tehokkaasti kosteutta siirt\u00e4v\u00e4\u00e4 2DRY materiaalia, jonka avulla kyp\u00e4r\u00e4 on mukava pit\u00e4\u00e4 p\u00e4\u00e4ss\u00e4 koko ty\u00f6p\u00e4iv\u00e4n ajan. K\u00e4ytt\u00f6mukavuutta lis\u00e4\u00e4 helppo hanskatkin k\u00e4dess\u00e4 toimiva s\u00e4\u00e4t\u00f6py\u00f6r\u00e4, sis\u00e4osan kennorakenne sallii kennon ja kuoren v\u00e4liss\u00e4 ilmakanavat sek\u00e4 paremman iskunvaimennusominaisuudet. Kyp\u00e4r\u00e4ss\u00e4 ei my\u00f6sk\u00e4\u00e4n ole t\u00f6it\u00e4 h\u00e4iritsev\u00e4\u00e4 lippaa.<\/p>\n<p>Suojakyp\u00e4r\u00e4n 4-pistehihnat pit\u00e4v\u00e4t kyp\u00e4r\u00e4n p\u00e4\u00e4ss\u00e4 tiukassakin paikassa. Hihna on my\u00f6s varustettu lenkill\u00e4, josta sen saa roikkumaan mukavasti duuni vaatteisiin tai reppuun.<\/p>\n<div id='gallery-1' class='gallery galleryid-7679 gallery-columns-5 gallery-size-medium'><figure class='gallery-item'>\n\t\t\t<div class='gallery-icon landscape'>\n\t\t\t\t<a href='https:\/\/hotelli03.domainhotelli.fi\/~lsdoecli\/?attachment_id=7680'><img width=\"300\" height=\"300\" src=\"https:\/\/hotelli03.domainhotelli.fi\/~lsdoecli\/wp-content\/uploads\/2021\/10\/Suojakypara-Kask-HP-EN14052-edesta-300x300.jpg\" class=\"attachment-medium size-medium\" alt=\"\" loading=\"lazy\" aria-describedby=\"gallery-1-7680\" \/><\/a>\n\t\t\t<\/div>\n\t\t\t\t<figcaption class='wp-caption-text gallery-caption' id='gallery-1-7680'>\n\t\t\t\tEdest\u00e4\n\t\t\t\t<\/figcaption><\/figure><figure class='gallery-item'>\n\t\t\t<div class='gallery-icon landscape'>\n\t\t\t\t<a href='https:\/\/hotelli03.domainhotelli.fi\/~lsdoecli\/?attachment_id=7692'><img width=\"300\" height=\"300\" src=\"https:\/\/hotelli03.domainhotelli.fi\/~lsdoecli\/wp-content\/uploads\/2021\/10\/Suojakypara-Kask-HP-EN14052-takaa-300x300.jpg\" class=\"attachment-medium size-medium\" alt=\"\" loading=\"lazy\" aria-describedby=\"gallery-1-7692\" \/><\/a>\n\t\t\t<\/div>\n\t\t\t\t<figcaption class='wp-caption-text gallery-caption' id='gallery-1-7692'>\n\t\t\t\tTakaa\n\t\t\t\t<\/figcaption><\/figure><figure class='gallery-item'>\n\t\t\t<div class='gallery-icon landscape'>\n\t\t\t\t<a href='https:\/\/hotelli03.domainhotelli.fi\/~lsdoecli\/?attachment_id=7690'><img width=\"300\" height=\"300\" src=\"https:\/\/hotelli03.domainhotelli.fi\/~lsdoecli\/wp-content\/uploads\/2021\/10\/Suojakypara-Kask-HP-EN14052-sivusta-300x300.jpg\" class=\"attachment-medium size-medium\" alt=\"Suojakyp\u00e4r\u00e4 Kask HP sivusta\" loading=\"lazy\" aria-describedby=\"gallery-1-7690\" \/><\/a>\n\t\t\t<\/div>\n\t\t\t\t<figcaption class='wp-caption-text gallery-caption' id='gallery-1-7690'>\n\t\t\t\tSivulta\n\t\t\t\t<\/figcaption><\/figure><figure class='gallery-item'>\n\t\t\t<div class='gallery-icon landscape'>\n\t\t\t\t<a href='https:\/\/hotelli03.domainhotelli.fi\/~lsdoecli\/?attachment_id=7688'><img width=\"300\" height=\"300\" src=\"https:\/\/hotelli03.domainhotelli.fi\/~lsdoecli\/wp-content\/uploads\/2021\/10\/Suojakypara-Kask-HP-EN14052-sisalta-300x300.jpg\" class=\"attachment-medium size-medium\" alt=\"\" loading=\"lazy\" aria-describedby=\"gallery-1-7688\" \/><\/a>\n\t\t\t<\/div>\n\t\t\t\t<figcaption class='wp-caption-text gallery-caption' id='gallery-1-7688'>\n\t\t\t\tSis\u00e4lt\u00e4\n\t\t\t\t<\/figcaption><\/figure><figure class='gallery-item'>\n\t\t\t<div class='gallery-icon landscape'>\n\t\t\t\t<a href='https:\/\/hotelli03.domainhotelli.fi\/~lsdoecli\/?attachment_id=7686'><img width=\"300\" height=\"300\" src=\"https:\/\/hotelli03.domainhotelli.fi\/~lsdoecli\/wp-content\/uploads\/2021\/10\/Suojakypara-Kask-HP-EN14052-paalta-300x300.jpg\" class=\"attachment-medium size-medium\" alt=\"Suojakyp\u00e4r\u00e4 Kask HP\" loading=\"lazy\" aria-describedby=\"gallery-1-7686\" \/><\/a>\n\t\t\t<\/div>\n\t\t\t\t<figcaption class='wp-caption-text gallery-caption' id='gallery-1-7686'>\n\t\t\t\tP\u00e4\u00e4lt\u00e4\n\t\t\t\t<\/figcaption><\/figure>\n\t\t<\/div>\n\n<p>Kyp\u00e4r\u00e4\u00e4n saatavilla kattava valikoima lis\u00e4varusteita kuten kuulosuojaimia, silmiensuojain visiirej\u00e4, kokokasvosuojain visiirej\u00e4 ja paljon muuta. HUOM, JOTTA VOIT K\u00c4YTT\u00c4\u00c4 SUOJAKYP\u00c4R\u00c4\u00c4N KIINNITETT\u00c4VI\u00c4 KUULOSUOJAIMIA TARVITSET -&gt; Plasma kuulosuojainadapteripari (WAC00003-)<\/p>\n<p>&nbsp;<\/p>\n<h4>Suojakyp\u00e4r\u00e4 Kask HP t\u00e4ytt\u00e4\u00e4\u00a0EN 14052 standardin pakolliset vaatimukset:<\/h4>\n<p>5.2.1. Putoavien ja lent\u00e4vien esineiden iskunvaimennuksen osalta (Py\u00f6re\u00e4 5 kg p\u00e4\u00e4n p\u00e4\u00e4lle 2 m korkeudelta pudotettu iskuenergialtaan 100 J paino ei saa aiheuttaa yli 5 kN voimaa p\u00e4\u00e4h\u00e4n, ja sivuille, eteen ja taakse kohdistuville iskuille painon hidastuvuus ei saa olla yli 300 g).<\/p>\n<p>Edest\u00e4 tulevien iskujen osalta (5 kg 1 m et\u00e4isyydelt\u00e4 50 J)<\/p>\n<p>Sivuilta tulevien iskujen osalta (5 kg 1 m et\u00e4isyydelt\u00e4 50 J)<\/p>\n<p>Takaa tulevien iskujen osalta (5 kg 1 m et\u00e4isyydelt\u00e4 50 J)<\/p>\n<p>5.2.2. L\u00e4p\u00e4isynkest\u00e4vyys: Kyp\u00e4r\u00e4\u00e4n tunkeutuvan kahden tylp\u00e4n esineen osalta (1 kg tylpp\u00e4 ter\u00e4skartio 2,5 m korkeudelta p\u00e4\u00e4laelle 25 J energialla, ja 2 m korkeudelta muille alueille 20 J energialla, eik\u00e4 saa osua p\u00e4\u00e4h\u00e4n, eik\u00e4 p\u00e4\u00e4h\u00e4n kohdistuva iskuvoima saa ylitt\u00e4\u00e4 5 kN ylh\u00e4\u00e4lle tuleville iskuille ja 15 kN muualle kuin ylh\u00e4\u00e4lle tuleville iskuille)<\/p>\n<p>5.2.3. Leukahihnan aukeamisen osalta pysyy kiinni 15 daN (kg) nyk\u00e4isyst\u00e4 ja aukeaa viimeist\u00e4\u00e4n 25 daN (kg) nyk\u00e4isyst\u00e4<\/p>\n<p>5.2.4. P\u00e4\u00e4ss\u00e4 pysyvyyden osalta<\/p>\n<p>5.2.5. Liekinkest\u00e4vyyden osalta (10 sek. liekin j\u00e4lkeen alle. 5 sek. j\u00e4lkipalamisaika)<\/p>\n<p>5.2.6. Merkint\u00f6jen osalta (merkint\u00f6jen oltava pysyvi\u00e4 ja luettavissa aina)<\/p>\n<h4>EN 397 standardin vapaaehtoiset vaatimukset:<\/h4>\n<p>5.2.4. Sivupuristuksen suojan osalta<\/p>\n<div><\/div>\n<div>Maahantuoja: <a href=\"https:\/\/www.vandernet.com\">Vandernet Oy<\/a><\/div>\n<div><\/div>\n","protected":false},"excerpt":{"rendered":"<h4>Suojakyp\u00e4r\u00e4 Kask High Performance on teollisuusty\u00f6kyp\u00e4r\u00e4standardin EN 14052 vaatimukset t\u00e4ytt\u00e4v\u00e4, hyvin tuuletettu 4-pistekiinnityksell\u00e4 varustettu erinomainen ty\u00f6kyp\u00e4r\u00e4.<\/h4>\n<ul>\n<li>Kevyt, ergonominen ja mukava p\u00e4\u00e4ss\u00e4.<\/li>\n<li>Koko: 51-62 cm<\/li>\n<li>Paino: 450g<\/li>\n<li>Helppo s\u00e4\u00e4t\u00f6py\u00f6r\u00e4<\/li>\n<li>Pehmusteet teknist\u00e4 2DRY materiaalia<\/li>\n<li>Ulkokuoren materiaali: ABS<\/li>\n<li>Sis\u00e4 materiaali: HD Polystreeni<\/li>\n<li>AirGrid verkko tuuletusaukoissa<\/li>\n<li>Sertifiointi: CE EN 14052<\/li>\n<li>Materiaali- ja valmistusvirhetakuu 3 vuotta<\/li>\n<li>Valmistusmaa: Italia<\/li>\n<\/ul>\n","protected":false},"featured_media":7684,"comment_status":"open","ping_status":"closed","template":"","meta":[],"product_cat":[872],"product_tag":[869,870,879,877],"yoast_head":"<!-- This site is optimized with the Yoast SEO Premium plugin v18.9 (Yoast SEO v19.3) - https:\/\/yoast.com\/wordpress\/plugins\/seo\/ -->\n<title>Suojakyp\u00e4r\u00e4 Kask HP EN14052 | JV Tuonti<\/title>\n<meta name=\"description\" content=\"Suojakyp\u00e4r\u00e4 Kask High Performance on teollisuusty\u00f6kyp\u00e4r\u00e4standardin EN 14052 vaatimukset t\u00e4ytt\u00e4v\u00e4 todella laadukas kyp\u00e4r\u00e4. Tilaa helposti!\" \/>\n<meta name=\"robots\" content=\"index, follow, max-snippet:-1, max-image-preview:large, max-video-preview:-1\" \/>\n<link rel=\"canonical\" href=\"https:\/\/hotelli03.domainhotelli.fi\/~lsdoecli\/tuote\/suojakypara-kask-hp-en14052\/\" \/>\n<meta property=\"og:locale\" content=\"fi_FI\" \/>\n<meta property=\"og:type\" content=\"article\" \/>\n<meta property=\"og:title\" content=\"Suojakyp\u00e4r\u00e4 Kask HP EN14052\" \/>\n<meta property=\"og:description\" content=\"Suojakyp\u00e4r\u00e4 Kask High Performance on teollisuusty\u00f6kyp\u00e4r\u00e4standardin EN 14052 vaatimukset t\u00e4ytt\u00e4v\u00e4 todella laadukas kyp\u00e4r\u00e4. Tilaa helposti!\" \/>\n<meta property=\"og:url\" content=\"https:\/\/hotelli03.domainhotelli.fi\/~lsdoecli\/tuote\/suojakypara-kask-hp-en14052\/\" \/>\n<meta property=\"og:site_name\" content=\"JV Tuonti\" \/>\n<meta property=\"article:publisher\" content=\"https:\/\/www.facebook.com\/JVTuontiOy\" \/>\n<meta property=\"article:modified_time\" content=\"2021-10-12T05:27:25+00:00\" \/>\n<meta property=\"og:image\" content=\"https:\/\/hotelli03.domainhotelli.fi\/~lsdoecli\/wp-content\/uploads\/2021\/10\/Suojakypara-Kask-HP-EN14052-punainen.jpg\" \/>\n\t<meta property=\"og:image:width\" content=\"600\" \/>\n\t<meta property=\"og:image:height\" content=\"600\" \/>\n\t<meta property=\"og:image:type\" content=\"image\/jpeg\" \/>\n<meta name=\"twitter:card\" content=\"summary_large_image\" \/>\n<meta name=\"twitter:label1\" content=\"Availability\" \/>\n\t<meta name=\"twitter:data1\" content=\"On backorder\" \/>\n<script type=\"application\/ld+json\" class=\"yoast-schema-graph\">{\"@context\":\"https:\/\/schema.org\",\"@graph\":[{\"@type\":[\"Organization\",\"Place\",\"WholesaleStore\"],\"@id\":\"https:\/\/hotelli03.domainhotelli.fi\/~lsdoecli\/#organization\",\"name\":\"JV Tuonti Oy\",\"url\":\"https:\/\/hotelli03.domainhotelli.fi\/~lsdoecli\/\",\"sameAs\":[\"https:\/\/instagram.com\/jvtuontioy?utm_medium=copy_link\",\"https:\/\/www.facebook.com\/JVTuontiOy\"],\"logo\":{\"@id\":\"https:\/\/hotelli03.domainhotelli.fi\/~lsdoecli\/tuote\/suojakypara-kask-hp-en14052\/#local-main-organization-logo\"},\"image\":{\"@id\":\"https:\/\/hotelli03.domainhotelli.fi\/~lsdoecli\/tuote\/suojakypara-kask-hp-en14052\/#local-main-organization-logo\"},\"address\":{\"@id\":\"https:\/\/hotelli03.domainhotelli.fi\/~lsdoecli\/tuote\/suojakypara-kask-hp-en14052\/#local-main-place-address\"},\"geo\":{\"@type\":\"GeoCoordinates\",\"latitude\":\"60.28431\",\"longitude\":\"24.81654\"},\"telephone\":[\"0408369980\"],\"openingHoursSpecification\":[{\"@type\":\"OpeningHoursSpecification\",\"dayOfWeek\":[\"Monday\",\"Tuesday\",\"Wednesday\",\"Thursday\",\"Friday\"],\"opens\":\"08:00\",\"closes\":\"16:00\"},{\"@type\":\"OpeningHoursSpecification\",\"dayOfWeek\":[\"Saturday\",\"Sunday\"],\"opens\":\"00:00\",\"closes\":\"00:00\"}],\"email\":\"myynti@hotelli03.domainhotelli.fi\",\"areaServed\":\"Suomi, Ruotsi\",\"vatID\":\"FI30178387\",\"priceRange\":\"$$\",\"currenciesAccepted\":\"\u20ac\",\"paymentAccepted\":\"Lasku, pankkikortti\"},{\"@type\":\"WebSite\",\"@id\":\"https:\/\/hotelli03.domainhotelli.fi\/~lsdoecli\/#website\",\"url\":\"https:\/\/hotelli03.domainhotelli.fi\/~lsdoecli\/\",\"name\":\"JV Tuonti\",\"description\":\"JV Tuonti Oy:n verkkokauppa\",\"publisher\":{\"@id\":\"https:\/\/hotelli03.domainhotelli.fi\/~lsdoecli\/#organization\"},\"potentialAction\":[{\"@type\":\"SearchAction\",\"target\":{\"@type\":\"EntryPoint\",\"urlTemplate\":\"https:\/\/hotelli03.domainhotelli.fi\/~lsdoecli\/?s={search_term_string}\"},\"query-input\":\"required name=search_term_string\"}],\"inLanguage\":\"fi\"},{\"@type\":\"ImageObject\",\"inLanguage\":\"fi\",\"@id\":\"https:\/\/hotelli03.domainhotelli.fi\/~lsdoecli\/tuote\/suojakypara-kask-hp-en14052\/#primaryimage\",\"url\":\"https:\/\/hotelli03.domainhotelli.fi\/~lsdoecli\/wp-content\/uploads\/2021\/10\/Suojakypara-Kask-HP-EN14052-punainen.jpg\",\"contentUrl\":\"https:\/\/hotelli03.domainhotelli.fi\/~lsdoecli\/wp-content\/uploads\/2021\/10\/Suojakypara-Kask-HP-EN14052-punainen.jpg\",\"width\":600,\"height\":600,\"caption\":\"Suojakyp\u00e4r\u00e4 Kask HP EN14052\"},{\"@type\":\"WebPage\",\"@id\":\"https:\/\/hotelli03.domainhotelli.fi\/~lsdoecli\/tuote\/suojakypara-kask-hp-en14052\/\",\"url\":\"https:\/\/hotelli03.domainhotelli.fi\/~lsdoecli\/tuote\/suojakypara-kask-hp-en14052\/\",\"name\":\"Suojakyp\u00e4r\u00e4 Kask HP EN14052 | JV Tuonti\",\"isPartOf\":{\"@id\":\"https:\/\/hotelli03.domainhotelli.fi\/~lsdoecli\/#website\"},\"primaryImageOfPage\":{\"@id\":\"https:\/\/hotelli03.domainhotelli.fi\/~lsdoecli\/tuote\/suojakypara-kask-hp-en14052\/#primaryimage\"},\"datePublished\":\"2021-10-11T13:21:52+00:00\",\"dateModified\":\"2021-10-12T05:27:25+00:00\",\"description\":\"Suojakyp\u00e4r\u00e4 Kask High Performance on teollisuusty\u00f6kyp\u00e4r\u00e4standardin EN 14052 vaatimukset t\u00e4ytt\u00e4v\u00e4 todella laadukas kyp\u00e4r\u00e4. Tilaa helposti!\",\"breadcrumb\":{\"@id\":\"https:\/\/hotelli03.domainhotelli.fi\/~lsdoecli\/tuote\/suojakypara-kask-hp-en14052\/#breadcrumb\"},\"inLanguage\":\"fi\",\"potentialAction\":[{\"@type\":\"ReadAction\",\"target\":[\"https:\/\/hotelli03.domainhotelli.fi\/~lsdoecli\/tuote\/suojakypara-kask-hp-en14052\/\"]}]},{\"@type\":\"BreadcrumbList\",\"@id\":\"https:\/\/hotelli03.domainhotelli.fi\/~lsdoecli\/tuote\/suojakypara-kask-hp-en14052\/#breadcrumb\",\"itemListElement\":[{\"@type\":\"ListItem\",\"position\":1,\"name\":\"Etusivu\",\"item\":\"https:\/\/hotelli03.domainhotelli.fi\/~lsdoecli\/\"},{\"@type\":\"ListItem\",\"position\":2,\"name\":\"Kauppa\",\"item\":\"https:\/\/hotelli03.domainhotelli.fi\/~lsdoecli\/kauppa\/\"},{\"@type\":\"ListItem\",\"position\":3,\"name\":\"Suojakyp\u00e4r\u00e4 Kask HP EN14052\"}]},{\"@type\":\"PostalAddress\",\"@id\":\"https:\/\/hotelli03.domainhotelli.fi\/~lsdoecli\/tuote\/suojakypara-kask-hp-en14052\/#local-main-place-address\",\"streetAddress\":\"Pyymosantie 5a\",\"addressLocality\":\"Vantaa\",\"postalCode\":\"01720\",\"addressCountry\":\"FI\"},{\"@type\":\"ImageObject\",\"inLanguage\":\"fi\",\"@id\":\"https:\/\/hotelli03.domainhotelli.fi\/~lsdoecli\/tuote\/suojakypara-kask-hp-en14052\/#local-main-organization-logo\",\"url\":\"https:\/\/hotelli03.domainhotelli.fi\/~lsdoecli\/wp-content\/uploads\/2021\/08\/JVTuonti_logo_nelio.jpg\",\"contentUrl\":\"https:\/\/hotelli03.domainhotelli.fi\/~lsdoecli\/wp-content\/uploads\/2021\/08\/JVTuonti_logo_nelio.jpg\",\"width\":550,\"height\":550,\"caption\":\"JV Tuonti Oy\"}]}<\/script>\n<meta property=\"product:brand\" content=\"Kask\" \/>\n<meta property=\"og:availability\" content=\"backorder\" \/>\n<meta property=\"product:availability\" content=\"available for order\" \/>\n<meta property=\"product:condition\" content=\"new\" \/>\n<meta name=\"geo.placename\" content=\"Vantaa\" \/>\n<meta name=\"geo.position\" content=\"60.28431;24.81654\" \/>\n<meta name=\"geo.region\" content=\"Suomi\" \/>\n<!-- \/ Yoast SEO Premium plugin. -->","yoast_head_json":{"title":"Suojakyp\u00e4r\u00e4 Kask HP EN14052 | JV Tuonti","description":"Suojakyp\u00e4r\u00e4 Kask High Performance on teollisuusty\u00f6kyp\u00e4r\u00e4standardin EN 14052 vaatimukset t\u00e4ytt\u00e4v\u00e4 todella laadukas kyp\u00e4r\u00e4. Tilaa helposti!","robots":{"index":"index","follow":"follow","max-snippet":"max-snippet:-1","max-image-preview":"max-image-preview:large","max-video-preview":"max-video-preview:-1"},"canonical":"https:\/\/hotelli03.domainhotelli.fi\/~lsdoecli\/tuote\/suojakypara-kask-hp-en14052\/","og_locale":"fi_FI","og_type":"article","og_title":"Suojakyp\u00e4r\u00e4 Kask HP EN14052","og_description":"Suojakyp\u00e4r\u00e4 Kask High Performance on teollisuusty\u00f6kyp\u00e4r\u00e4standardin EN 14052 vaatimukset t\u00e4ytt\u00e4v\u00e4 todella laadukas kyp\u00e4r\u00e4. Tilaa helposti!","og_url":"https:\/\/hotelli03.domainhotelli.fi\/~lsdoecli\/tuote\/suojakypara-kask-hp-en14052\/","og_site_name":"JV Tuonti","article_publisher":"https:\/\/www.facebook.com\/JVTuontiOy","article_modified_time":"2021-10-12T05:27:25+00:00","og_image":[{"width":600,"height":600,"url":"https:\/\/hotelli03.domainhotelli.fi\/~lsdoecli\/wp-content\/uploads\/2021\/10\/Suojakypara-Kask-HP-EN14052-punainen.jpg","type":"image\/jpeg"}],"twitter_card":"summary_large_image","twitter_misc":{"Availability":"On backorder"},"schema":{"@context":"https:\/\/schema.org","@graph":[{"@type":["Organization","Place","WholesaleStore"],"@id":"https:\/\/hotelli03.domainhotelli.fi\/~lsdoecli\/#organization","name":"JV Tuonti Oy","url":"https:\/\/hotelli03.domainhotelli.fi\/~lsdoecli\/","sameAs":["https:\/\/instagram.com\/jvtuontioy?utm_medium=copy_link","https:\/\/www.facebook.com\/JVTuontiOy"],"logo":{"@id":"https:\/\/hotelli03.domainhotelli.fi\/~lsdoecli\/tuote\/suojakypara-kask-hp-en14052\/#local-main-organization-logo"},"image":{"@id":"https:\/\/hotelli03.domainhotelli.fi\/~lsdoecli\/tuote\/suojakypara-kask-hp-en14052\/#local-main-organization-logo"},"address":{"@id":"https:\/\/hotelli03.domainhotelli.fi\/~lsdoecli\/tuote\/suojakypara-kask-hp-en14052\/#local-main-place-address"},"geo":{"@type":"GeoCoordinates","latitude":"60.28431","longitude":"24.81654"},"telephone":["0408369980"],"openingHoursSpecification":[{"@type":"OpeningHoursSpecification","dayOfWeek":["Monday","Tuesday","Wednesday","Thursday","Friday"],"opens":"08:00","closes":"16:00"},{"@type":"OpeningHoursSpecification","dayOfWeek":["Saturday","Sunday"],"opens":"00:00","closes":"00:00"}],"email":"myynti@hotelli03.domainhotelli.fi","areaServed":"Suomi, Ruotsi","vatID":"FI30178387","priceRange":"$$","currenciesAccepted":"\u20ac","paymentAccepted":"Lasku, pankkikortti"},{"@type":"WebSite","@id":"https:\/\/hotelli03.domainhotelli.fi\/~lsdoecli\/#website","url":"https:\/\/hotelli03.domainhotelli.fi\/~lsdoecli\/","name":"JV Tuonti","description":"JV Tuonti Oy:n verkkokauppa","publisher":{"@id":"https:\/\/hotelli03.domainhotelli.fi\/~lsdoecli\/#organization"},"potentialAction":[{"@type":"SearchAction","target":{"@type":"EntryPoint","urlTemplate":"https:\/\/hotelli03.domainhotelli.fi\/~lsdoecli\/?s={search_term_string}"},"query-input":"required name=search_term_string"}],"inLanguage":"fi"},{"@type":"ImageObject","inLanguage":"fi","@id":"https:\/\/hotelli03.domainhotelli.fi\/~lsdoecli\/tuote\/suojakypara-kask-hp-en14052\/#primaryimage","url":"https:\/\/hotelli03.domainhotelli.fi\/~lsdoecli\/wp-content\/uploads\/2021\/10\/Suojakypara-Kask-HP-EN14052-punainen.jpg","contentUrl":"https:\/\/hotelli03.domainhotelli.fi\/~lsdoecli\/wp-content\/uploads\/2021\/10\/Suojakypara-Kask-HP-EN14052-punainen.jpg","width":600,"height":600,"caption":"Suojakyp\u00e4r\u00e4 Kask HP EN14052"},{"@type":"WebPage","@id":"https:\/\/hotelli03.domainhotelli.fi\/~lsdoecli\/tuote\/suojakypara-kask-hp-en14052\/","url":"https:\/\/hotelli03.domainhotelli.fi\/~lsdoecli\/tuote\/suojakypara-kask-hp-en14052\/","name":"Suojakyp\u00e4r\u00e4 Kask HP EN14052 | JV Tuonti","isPartOf":{"@id":"https:\/\/hotelli03.domainhotelli.fi\/~lsdoecli\/#website"},"primaryImageOfPage":{"@id":"https:\/\/hotelli03.domainhotelli.fi\/~lsdoecli\/tuote\/suojakypara-kask-hp-en14052\/#primaryimage"},"datePublished":"2021-10-11T13:21:52+00:00","dateModified":"2021-10-12T05:27:25+00:00","description":"Suojakyp\u00e4r\u00e4 Kask High Performance on teollisuusty\u00f6kyp\u00e4r\u00e4standardin EN 14052 vaatimukset t\u00e4ytt\u00e4v\u00e4 todella laadukas kyp\u00e4r\u00e4. Tilaa helposti!","breadcrumb":{"@id":"https:\/\/hotelli03.domainhotelli.fi\/~lsdoecli\/tuote\/suojakypara-kask-hp-en14052\/#breadcrumb"},"inLanguage":"fi","potentialAction":[{"@type":"ReadAction","target":["https:\/\/hotelli03.domainhotelli.fi\/~lsdoecli\/tuote\/suojakypara-kask-hp-en14052\/"]}]},{"@type":"BreadcrumbList","@id":"https:\/\/hotelli03.domainhotelli.fi\/~lsdoecli\/tuote\/suojakypara-kask-hp-en14052\/#breadcrumb","itemListElement":[{"@type":"ListItem","position":1,"name":"Etusivu","item":"https:\/\/hotelli03.domainhotelli.fi\/~lsdoecli\/"},{"@type":"ListItem","position":2,"name":"Kauppa","item":"https:\/\/hotelli03.domainhotelli.fi\/~lsdoecli\/kauppa\/"},{"@type":"ListItem","position":3,"name":"Suojakyp\u00e4r\u00e4 Kask HP EN14052"}]},{"@type":"PostalAddress","@id":"https:\/\/hotelli03.domainhotelli.fi\/~lsdoecli\/tuote\/suojakypara-kask-hp-en14052\/#local-main-place-address","streetAddress":"Pyymosantie 5a","addressLocality":"Vantaa","postalCode":"01720","addressCountry":"FI"},{"@type":"ImageObject","inLanguage":"fi","@id":"https:\/\/hotelli03.domainhotelli.fi\/~lsdoecli\/tuote\/suojakypara-kask-hp-en14052\/#local-main-organization-logo","url":"https:\/\/hotelli03.domainhotelli.fi\/~lsdoecli\/wp-content\/uploads\/2021\/08\/JVTuonti_logo_nelio.jpg","contentUrl":"https:\/\/hotelli03.domainhotelli.fi\/~lsdoecli\/wp-content\/uploads\/2021\/08\/JVTuonti_logo_nelio.jpg","width":550,"height":550,"caption":"JV Tuonti Oy"}]},"product_brand":"Kask","og_availability":"backorder","product_availability":"available for order","product_condition":"new","geo.placename":"Vantaa","geo.position":{"lat":"60.28431","long":"24.81654"},"geo.region":"Suomi"},"_links":{"self":[{"href":"https:\/\/hotelli03.domainhotelli.fi\/~lsdoecli\/wp-json\/wp\/v2\/product\/7679"}],"collection":[{"href":"https:\/\/hotelli03.domainhotelli.fi\/~lsdoecli\/wp-json\/wp\/v2\/product"}],"about":[{"href":"https:\/\/hotelli03.domainhotelli.fi\/~lsdoecli\/wp-json\/wp\/v2\/types\/product"}],"replies":[{"embeddable":true,"href":"https:\/\/hotelli03.domainhotelli.fi\/~lsdoecli\/wp-json\/wp\/v2\/comments?post=7679"}],"wp:featuredmedia":[{"embeddable":true,"href":"https:\/\/hotelli03.domainhotelli.fi\/~lsdoecli\/wp-json\/wp\/v2\/media\/7684"}],"wp:attachment":[{"href":"https:\/\/hotelli03.domainhotelli.fi\/~lsdoecli\/wp-json\/wp\/v2\/media?parent=7679"}],"wp:term":[{"taxonomy":"product_cat","embeddable":true,"href":"https:\/\/hotelli03.domainhotelli.fi\/~lsdoecli\/wp-json\/wp\/v2\/product_cat?post=7679"},{"taxonomy":"product_tag","embeddable":true,"href":"https:\/\/hotelli03.domainhotelli.fi\/~lsdoecli\/wp-json\/wp\/v2\/product_tag?post=7679"}],"curies":[{"name":"wp","href":"https:\/\/api.w.org\/{rel}","templated":true}]}}