{"id":7410,"date":"2021-09-29T09:41:32","date_gmt":"2021-09-29T09:41:32","guid":{"rendered":"https:\/\/hotelli03.domainhotelli.fi\/~lsdoecli\/?post_type=product&#038;p=7410"},"modified":"2022-01-22T13:35:48","modified_gmt":"2022-01-22T13:35:48","slug":"suojakypara-kask-plasma-aq","status":"publish","type":"product","link":"https:\/\/hotelli03.domainhotelli.fi\/~lsdoecli\/tuote\/suojakypara-kask-plasma-aq\/","title":{"rendered":"Suojakyp\u00e4r\u00e4 Kask Plasma AQ EN 397, useita v\u00e4rivaihtoehtoja"},"content":{"rendered":"<h1>Suojakyp\u00e4r\u00e4 Kask Plasma AQ EN 397<\/h1>\n<p>Suojakyp\u00e4r\u00e4 Kask Plasma AQ on ty\u00f6maalle, teollisuuteen \u00a0ja pelastusteht\u00e4viin tarkoitettu kevyt suojakyp\u00e4r\u00e4. Kyp\u00e4r\u00e4ss\u00e4 on yhteens\u00e4 10 tuuletusaukkoa, mik\u00e4 lis\u00e4\u00e4 k\u00e4ytt\u00f6mukavuutta kes\u00e4ll\u00e4 tai teht\u00e4viss\u00e4 miss\u00e4 tulee kuuma, kun ilma p\u00e4see kiert\u00e4m\u00e4\u00e4n tehokkaasti ja viilent\u00e4\u00e4 suojakyp\u00e4r\u00e4n. Kyp\u00e4r\u00e4 soveltuu aihtaisiin paikkoihin ja asfalttit\u00f6ihin.<\/p>\n<p>Kask Plasma AQ suojakyp\u00e4r\u00e4 on eritt\u00e4in kevyt ja se painaa ainoastaan 390 g.<\/p>\n<h2>Tilaa suojakyp\u00e4r\u00e4 Kask Plasma AQ netist\u00e4 &#8211; nopea toimitus kotiovelle<\/h2>\n<p>Suojakyp\u00e4r\u00e4n leukahihnan nelipistekiinnitys varmistaa, ett\u00e4 kyp\u00e4r\u00e4 pysyy p\u00e4\u00e4ss\u00e4 my\u00f6s tiukassa paikassa. \u00a0Kyp\u00e4r\u00e4n hihna on varustettu lenkill\u00e4, josta sen saa roikkumaan mukavasti valjaisiin, duuni vaatteisiin tai reppuun.<\/p>\n<p>K\u00e4ytt\u00f6mukavuutta lis\u00e4\u00e4 helppo hanskatkin k\u00e4dess\u00e4 toimiva s\u00e4\u00e4t\u00f6py\u00f6r\u00e4, sis\u00e4osan kennorakenne sallii kennon ja kuoren v\u00e4liss\u00e4 ilmakanavat sek\u00e4 paremman iskunvaimennusominaisuudet. Kyp\u00e4r\u00e4ss\u00e4 ei my\u00f6sk\u00e4\u00e4n ole t\u00f6it\u00e4 h\u00e4iritsev\u00e4\u00e4 lippaa.<\/p>\n<p>Kyp\u00e4r\u00e4n pehmusteet on valmistettu 2DRy materiaalista, joka poistaa tehokkaasti kosteuttaa.<\/p>\n<p>Kyp\u00e4r\u00e4ss\u00e4 on integroidut poikkeuksellisen helppok\u00e4ytt\u00f6iset kiinnikkeet <a href=\"https:\/\/hotelli03.domainhotelli.fi\/~lsdoecli\/tuote-osasto\/otsalamput-ja-taskulamput\/otsalamput-halvat-hinnat\/\">otsalampun<\/a> kiinnitt\u00e4miseksi otsapannalla, ja edess\u00e4 pidike pit\u00e4\u00e4 valaisimen oikealla paikallaan.<\/p>\n<p>Kyp\u00e4r\u00e4\u00e4n voidaan helposti kiinnitt\u00e4\u00e4 lis\u00e4varusteita kuten kuten kuulosuojaimet, visiiri tai kokokasvovisiiri.<\/p>\n<p>Kuulosuojaimien kiinnitykseen tarvitaan erillinen <a href=\"https:\/\/hotelli03.domainhotelli.fi\/~lsdoecli\/tuote\/kuulosuojainadapterit-kask-plasma\/\">Plasma kuulosuojainadapteri.<\/a><\/p>\n<h2>Tuotetiedot<\/h2>\n<ul>\n<li>Koko: 51-63cm<\/li>\n<li>V\u00e4rit: keltainen, punainen, sininen, valkoinen, musta, oranssi<\/li>\n<li>Helppo s\u00e4\u00e4t\u00f6py\u00f6r\u00e4, jolla panta kiristyy<\/li>\n<li>Pehmusteet teknist\u00e4 2DRY materiaalia<\/li>\n<li>Ulkokuoren materiaali: Polyproplyleeni<\/li>\n<li>Sis\u00e4 materiaali: HD Polystreeni<\/li>\n<li>AirGrid verkko tuuletusaukoissa, est\u00e4\u00e4 roskien p\u00e4\u00e4semist\u00e4 aukkojen l\u00e4pi<\/li>\n<li>Sertifiointi: CE EN 397<\/li>\n<li>EN 397 lis\u00e4vaatimukset: MM, LD, -30\u00b0C<\/li>\n<li>Takuu 3 vuotta<\/li>\n<li>Valmistusmaa: Italia<\/li>\n<\/ul>\n<p>Suojakyp\u00e4r\u00e4 Kask Plasma AQ kest\u00e4\u00e4 jopa 10 vuotta.<\/p>\n<p>Maahantuoja: <a href=\"https:\/\/www.vandernet.com\">Vandernet Oy<\/a><\/p>\n","protected":false},"excerpt":{"rendered":"<ul>\n<li>Paino vain 390g<\/li>\n<li>4-pistekiinnitys<\/li>\n<li>Kevyt, ergonominen ja mukava p\u00e4\u00e4ss\u00e4.<\/li>\n<li>Koko: 51-63cm<\/li>\n<li>Helppo s\u00e4\u00e4t\u00f6py\u00f6r\u00e4<\/li>\n<li>Pehmusteet teknist\u00e4 2DRY materiaalia<\/li>\n<li>Ulkokuoren materiaali: Polyproplyleeni<\/li>\n<li>Sis\u00e4 materiaali: HD Polystreeni<\/li>\n<li>AirGrid verkko tuuletusaukoissa<\/li>\n<li>Sertifiointi: CE EN 397<\/li>\n<\/ul>\n","protected":false},"featured_media":7436,"comment_status":"open","ping_status":"closed","template":"","meta":[],"product_cat":[872],"product_tag":[871,869,870,877],"yoast_head":"<!-- This site is optimized with the Yoast SEO Premium plugin v18.9 (Yoast SEO v19.3) - https:\/\/yoast.com\/wordpress\/plugins\/seo\/ -->\n<title>Suojakyp\u00e4r\u00e4 Kask Plasma AQ EN 397, useita v\u00e4rivaihtoehtoja | JV Tuonti<\/title>\n<meta name=\"description\" content=\"Eritt\u00e4in kevyt, vain 390 g painava tuulettava suojakyp\u00e4r\u00e4 Kask Plasma AQ teollisuuteen ja rakennusalalle. Tilaa Kask kyp\u00e4r\u00e4 netist\u00e4!\" \/>\n<meta name=\"robots\" content=\"index, follow, max-snippet:-1, max-image-preview:large, max-video-preview:-1\" \/>\n<link rel=\"canonical\" href=\"https:\/\/hotelli03.domainhotelli.fi\/~lsdoecli\/tuote\/suojakypara-kask-plasma-aq\/\" \/>\n<meta property=\"og:locale\" content=\"fi_FI\" \/>\n<meta property=\"og:type\" content=\"article\" \/>\n<meta property=\"og:title\" content=\"Suojakyp\u00e4r\u00e4 Kask Plasma AQ EN 397, useita v\u00e4rivaihtoehtoja\" \/>\n<meta property=\"og:description\" content=\"Eritt\u00e4in kevyt, vain 390 g painava tuulettava suojakyp\u00e4r\u00e4 Kask Plasma AQ teollisuuteen ja rakennusalalle. Tilaa Kask kyp\u00e4r\u00e4 netist\u00e4!\" \/>\n<meta property=\"og:url\" content=\"https:\/\/hotelli03.domainhotelli.fi\/~lsdoecli\/tuote\/suojakypara-kask-plasma-aq\/\" \/>\n<meta property=\"og:site_name\" content=\"JV Tuonti\" \/>\n<meta property=\"article:publisher\" content=\"https:\/\/www.facebook.com\/JVTuontiOy\" \/>\n<meta property=\"article:modified_time\" content=\"2022-01-22T13:35:48+00:00\" \/>\n<meta property=\"og:image\" content=\"https:\/\/hotelli03.domainhotelli.fi\/~lsdoecli\/wp-content\/uploads\/2021\/09\/Plasma-AQ-suojakypara-kaikki-varit.jpg\" \/>\n\t<meta property=\"og:image:width\" content=\"600\" \/>\n\t<meta property=\"og:image:height\" content=\"600\" \/>\n\t<meta property=\"og:image:type\" content=\"image\/jpeg\" \/>\n<meta name=\"twitter:card\" content=\"summary_large_image\" \/>\n<meta name=\"twitter:label1\" content=\"Availability\" \/>\n\t<meta name=\"twitter:data1\" content=\"In stock\" \/>\n<script type=\"application\/ld+json\" class=\"yoast-schema-graph\">{\"@context\":\"https:\/\/schema.org\",\"@graph\":[{\"@type\":[\"Organization\",\"Place\",\"WholesaleStore\"],\"@id\":\"https:\/\/hotelli03.domainhotelli.fi\/~lsdoecli\/#organization\",\"name\":\"JV Tuonti Oy\",\"url\":\"https:\/\/hotelli03.domainhotelli.fi\/~lsdoecli\/\",\"sameAs\":[\"https:\/\/instagram.com\/jvtuontioy?utm_medium=copy_link\",\"https:\/\/www.facebook.com\/JVTuontiOy\"],\"logo\":{\"@id\":\"https:\/\/hotelli03.domainhotelli.fi\/~lsdoecli\/tuote\/suojakypara-kask-plasma-aq\/#local-main-organization-logo\"},\"image\":{\"@id\":\"https:\/\/hotelli03.domainhotelli.fi\/~lsdoecli\/tuote\/suojakypara-kask-plasma-aq\/#local-main-organization-logo\"},\"address\":{\"@id\":\"https:\/\/hotelli03.domainhotelli.fi\/~lsdoecli\/tuote\/suojakypara-kask-plasma-aq\/#local-main-place-address\"},\"geo\":{\"@type\":\"GeoCoordinates\",\"latitude\":\"60.28431\",\"longitude\":\"24.81654\"},\"telephone\":[\"0408369980\"],\"openingHoursSpecification\":[{\"@type\":\"OpeningHoursSpecification\",\"dayOfWeek\":[\"Monday\",\"Tuesday\",\"Wednesday\",\"Thursday\",\"Friday\"],\"opens\":\"08:00\",\"closes\":\"16:00\"},{\"@type\":\"OpeningHoursSpecification\",\"dayOfWeek\":[\"Saturday\",\"Sunday\"],\"opens\":\"00:00\",\"closes\":\"00:00\"}],\"email\":\"myynti@hotelli03.domainhotelli.fi\",\"areaServed\":\"Suomi, Ruotsi\",\"vatID\":\"FI30178387\",\"priceRange\":\"$$\",\"currenciesAccepted\":\"\u20ac\",\"paymentAccepted\":\"Lasku, pankkikortti\"},{\"@type\":\"WebSite\",\"@id\":\"https:\/\/hotelli03.domainhotelli.fi\/~lsdoecli\/#website\",\"url\":\"https:\/\/hotelli03.domainhotelli.fi\/~lsdoecli\/\",\"name\":\"JV Tuonti\",\"description\":\"JV Tuonti Oy:n verkkokauppa\",\"publisher\":{\"@id\":\"https:\/\/hotelli03.domainhotelli.fi\/~lsdoecli\/#organization\"},\"potentialAction\":[{\"@type\":\"SearchAction\",\"target\":{\"@type\":\"EntryPoint\",\"urlTemplate\":\"https:\/\/hotelli03.domainhotelli.fi\/~lsdoecli\/?s={search_term_string}\"},\"query-input\":\"required name=search_term_string\"}],\"inLanguage\":\"fi\"},{\"@type\":\"ImageObject\",\"inLanguage\":\"fi\",\"@id\":\"https:\/\/hotelli03.domainhotelli.fi\/~lsdoecli\/tuote\/suojakypara-kask-plasma-aq\/#primaryimage\",\"url\":\"https:\/\/hotelli03.domainhotelli.fi\/~lsdoecli\/wp-content\/uploads\/2021\/09\/Plasma-AQ-suojakypara-kaikki-varit.jpg\",\"contentUrl\":\"https:\/\/hotelli03.domainhotelli.fi\/~lsdoecli\/wp-content\/uploads\/2021\/09\/Plasma-AQ-suojakypara-kaikki-varit.jpg\",\"width\":600,\"height\":600,\"caption\":\"Kask Plasma AQ suojakyp\u00e4r\u00e4\"},{\"@type\":\"WebPage\",\"@id\":\"https:\/\/hotelli03.domainhotelli.fi\/~lsdoecli\/tuote\/suojakypara-kask-plasma-aq\/\",\"url\":\"https:\/\/hotelli03.domainhotelli.fi\/~lsdoecli\/tuote\/suojakypara-kask-plasma-aq\/\",\"name\":\"Suojakyp\u00e4r\u00e4 Kask Plasma AQ EN 397, useita v\u00e4rivaihtoehtoja | JV Tuonti\",\"isPartOf\":{\"@id\":\"https:\/\/hotelli03.domainhotelli.fi\/~lsdoecli\/#website\"},\"primaryImageOfPage\":{\"@id\":\"https:\/\/hotelli03.domainhotelli.fi\/~lsdoecli\/tuote\/suojakypara-kask-plasma-aq\/#primaryimage\"},\"datePublished\":\"2021-09-29T09:41:32+00:00\",\"dateModified\":\"2022-01-22T13:35:48+00:00\",\"description\":\"Eritt\u00e4in kevyt, vain 390 g painava tuulettava suojakyp\u00e4r\u00e4 Kask Plasma AQ teollisuuteen ja rakennusalalle. Tilaa Kask kyp\u00e4r\u00e4 netist\u00e4!\",\"breadcrumb\":{\"@id\":\"https:\/\/hotelli03.domainhotelli.fi\/~lsdoecli\/tuote\/suojakypara-kask-plasma-aq\/#breadcrumb\"},\"inLanguage\":\"fi\",\"potentialAction\":[{\"@type\":\"ReadAction\",\"target\":[\"https:\/\/hotelli03.domainhotelli.fi\/~lsdoecli\/tuote\/suojakypara-kask-plasma-aq\/\"]}]},{\"@type\":\"BreadcrumbList\",\"@id\":\"https:\/\/hotelli03.domainhotelli.fi\/~lsdoecli\/tuote\/suojakypara-kask-plasma-aq\/#breadcrumb\",\"itemListElement\":[{\"@type\":\"ListItem\",\"position\":1,\"name\":\"Etusivu\",\"item\":\"https:\/\/hotelli03.domainhotelli.fi\/~lsdoecli\/\"},{\"@type\":\"ListItem\",\"position\":2,\"name\":\"Kauppa\",\"item\":\"https:\/\/hotelli03.domainhotelli.fi\/~lsdoecli\/kauppa\/\"},{\"@type\":\"ListItem\",\"position\":3,\"name\":\"Suojakyp\u00e4r\u00e4 Kask Plasma AQ EN 397, useita v\u00e4rivaihtoehtoja\"}]},{\"@type\":\"PostalAddress\",\"@id\":\"https:\/\/hotelli03.domainhotelli.fi\/~lsdoecli\/tuote\/suojakypara-kask-plasma-aq\/#local-main-place-address\",\"streetAddress\":\"Pyymosantie 5a\",\"addressLocality\":\"Vantaa\",\"postalCode\":\"01720\",\"addressCountry\":\"FI\"},{\"@type\":\"ImageObject\",\"inLanguage\":\"fi\",\"@id\":\"https:\/\/hotelli03.domainhotelli.fi\/~lsdoecli\/tuote\/suojakypara-kask-plasma-aq\/#local-main-organization-logo\",\"url\":\"https:\/\/hotelli03.domainhotelli.fi\/~lsdoecli\/wp-content\/uploads\/2021\/08\/JVTuonti_logo_nelio.jpg\",\"contentUrl\":\"https:\/\/hotelli03.domainhotelli.fi\/~lsdoecli\/wp-content\/uploads\/2021\/08\/JVTuonti_logo_nelio.jpg\",\"width\":550,\"height\":550,\"caption\":\"JV Tuonti Oy\"}]}<\/script>\n<meta property=\"product:brand\" content=\"Kask\" \/>\n<meta property=\"og:availability\" content=\"instock\" \/>\n<meta property=\"product:availability\" content=\"instock\" \/>\n<meta property=\"product:condition\" content=\"new\" \/>\n<meta name=\"geo.placename\" content=\"Vantaa\" \/>\n<meta name=\"geo.position\" content=\"60.28431;24.81654\" \/>\n<meta name=\"geo.region\" content=\"Suomi\" \/>\n<!-- \/ Yoast SEO Premium plugin. -->","yoast_head_json":{"title":"Suojakyp\u00e4r\u00e4 Kask Plasma AQ EN 397, useita v\u00e4rivaihtoehtoja | JV Tuonti","description":"Eritt\u00e4in kevyt, vain 390 g painava tuulettava suojakyp\u00e4r\u00e4 Kask Plasma AQ teollisuuteen ja rakennusalalle. Tilaa Kask kyp\u00e4r\u00e4 netist\u00e4!","robots":{"index":"index","follow":"follow","max-snippet":"max-snippet:-1","max-image-preview":"max-image-preview:large","max-video-preview":"max-video-preview:-1"},"canonical":"https:\/\/hotelli03.domainhotelli.fi\/~lsdoecli\/tuote\/suojakypara-kask-plasma-aq\/","og_locale":"fi_FI","og_type":"article","og_title":"Suojakyp\u00e4r\u00e4 Kask Plasma AQ EN 397, useita v\u00e4rivaihtoehtoja","og_description":"Eritt\u00e4in kevyt, vain 390 g painava tuulettava suojakyp\u00e4r\u00e4 Kask Plasma AQ teollisuuteen ja rakennusalalle. Tilaa Kask kyp\u00e4r\u00e4 netist\u00e4!","og_url":"https:\/\/hotelli03.domainhotelli.fi\/~lsdoecli\/tuote\/suojakypara-kask-plasma-aq\/","og_site_name":"JV Tuonti","article_publisher":"https:\/\/www.facebook.com\/JVTuontiOy","article_modified_time":"2022-01-22T13:35:48+00:00","og_image":[{"width":600,"height":600,"url":"https:\/\/hotelli03.domainhotelli.fi\/~lsdoecli\/wp-content\/uploads\/2021\/09\/Plasma-AQ-suojakypara-kaikki-varit.jpg","type":"image\/jpeg"}],"twitter_card":"summary_large_image","twitter_misc":{"Availability":"In stock"},"schema":{"@context":"https:\/\/schema.org","@graph":[{"@type":["Organization","Place","WholesaleStore"],"@id":"https:\/\/hotelli03.domainhotelli.fi\/~lsdoecli\/#organization","name":"JV Tuonti Oy","url":"https:\/\/hotelli03.domainhotelli.fi\/~lsdoecli\/","sameAs":["https:\/\/instagram.com\/jvtuontioy?utm_medium=copy_link","https:\/\/www.facebook.com\/JVTuontiOy"],"logo":{"@id":"https:\/\/hotelli03.domainhotelli.fi\/~lsdoecli\/tuote\/suojakypara-kask-plasma-aq\/#local-main-organization-logo"},"image":{"@id":"https:\/\/hotelli03.domainhotelli.fi\/~lsdoecli\/tuote\/suojakypara-kask-plasma-aq\/#local-main-organization-logo"},"address":{"@id":"https:\/\/hotelli03.domainhotelli.fi\/~lsdoecli\/tuote\/suojakypara-kask-plasma-aq\/#local-main-place-address"},"geo":{"@type":"GeoCoordinates","latitude":"60.28431","longitude":"24.81654"},"telephone":["0408369980"],"openingHoursSpecification":[{"@type":"OpeningHoursSpecification","dayOfWeek":["Monday","Tuesday","Wednesday","Thursday","Friday"],"opens":"08:00","closes":"16:00"},{"@type":"OpeningHoursSpecification","dayOfWeek":["Saturday","Sunday"],"opens":"00:00","closes":"00:00"}],"email":"myynti@hotelli03.domainhotelli.fi","areaServed":"Suomi, Ruotsi","vatID":"FI30178387","priceRange":"$$","currenciesAccepted":"\u20ac","paymentAccepted":"Lasku, pankkikortti"},{"@type":"WebSite","@id":"https:\/\/hotelli03.domainhotelli.fi\/~lsdoecli\/#website","url":"https:\/\/hotelli03.domainhotelli.fi\/~lsdoecli\/","name":"JV Tuonti","description":"JV Tuonti Oy:n verkkokauppa","publisher":{"@id":"https:\/\/hotelli03.domainhotelli.fi\/~lsdoecli\/#organization"},"potentialAction":[{"@type":"SearchAction","target":{"@type":"EntryPoint","urlTemplate":"https:\/\/hotelli03.domainhotelli.fi\/~lsdoecli\/?s={search_term_string}"},"query-input":"required name=search_term_string"}],"inLanguage":"fi"},{"@type":"ImageObject","inLanguage":"fi","@id":"https:\/\/hotelli03.domainhotelli.fi\/~lsdoecli\/tuote\/suojakypara-kask-plasma-aq\/#primaryimage","url":"https:\/\/hotelli03.domainhotelli.fi\/~lsdoecli\/wp-content\/uploads\/2021\/09\/Plasma-AQ-suojakypara-kaikki-varit.jpg","contentUrl":"https:\/\/hotelli03.domainhotelli.fi\/~lsdoecli\/wp-content\/uploads\/2021\/09\/Plasma-AQ-suojakypara-kaikki-varit.jpg","width":600,"height":600,"caption":"Kask Plasma AQ suojakyp\u00e4r\u00e4"},{"@type":"WebPage","@id":"https:\/\/hotelli03.domainhotelli.fi\/~lsdoecli\/tuote\/suojakypara-kask-plasma-aq\/","url":"https:\/\/hotelli03.domainhotelli.fi\/~lsdoecli\/tuote\/suojakypara-kask-plasma-aq\/","name":"Suojakyp\u00e4r\u00e4 Kask Plasma AQ EN 397, useita v\u00e4rivaihtoehtoja | JV Tuonti","isPartOf":{"@id":"https:\/\/hotelli03.domainhotelli.fi\/~lsdoecli\/#website"},"primaryImageOfPage":{"@id":"https:\/\/hotelli03.domainhotelli.fi\/~lsdoecli\/tuote\/suojakypara-kask-plasma-aq\/#primaryimage"},"datePublished":"2021-09-29T09:41:32+00:00","dateModified":"2022-01-22T13:35:48+00:00","description":"Eritt\u00e4in kevyt, vain 390 g painava tuulettava suojakyp\u00e4r\u00e4 Kask Plasma AQ teollisuuteen ja rakennusalalle. Tilaa Kask kyp\u00e4r\u00e4 netist\u00e4!","breadcrumb":{"@id":"https:\/\/hotelli03.domainhotelli.fi\/~lsdoecli\/tuote\/suojakypara-kask-plasma-aq\/#breadcrumb"},"inLanguage":"fi","potentialAction":[{"@type":"ReadAction","target":["https:\/\/hotelli03.domainhotelli.fi\/~lsdoecli\/tuote\/suojakypara-kask-plasma-aq\/"]}]},{"@type":"BreadcrumbList","@id":"https:\/\/hotelli03.domainhotelli.fi\/~lsdoecli\/tuote\/suojakypara-kask-plasma-aq\/#breadcrumb","itemListElement":[{"@type":"ListItem","position":1,"name":"Etusivu","item":"https:\/\/hotelli03.domainhotelli.fi\/~lsdoecli\/"},{"@type":"ListItem","position":2,"name":"Kauppa","item":"https:\/\/hotelli03.domainhotelli.fi\/~lsdoecli\/kauppa\/"},{"@type":"ListItem","position":3,"name":"Suojakyp\u00e4r\u00e4 Kask Plasma AQ EN 397, useita v\u00e4rivaihtoehtoja"}]},{"@type":"PostalAddress","@id":"https:\/\/hotelli03.domainhotelli.fi\/~lsdoecli\/tuote\/suojakypara-kask-plasma-aq\/#local-main-place-address","streetAddress":"Pyymosantie 5a","addressLocality":"Vantaa","postalCode":"01720","addressCountry":"FI"},{"@type":"ImageObject","inLanguage":"fi","@id":"https:\/\/hotelli03.domainhotelli.fi\/~lsdoecli\/tuote\/suojakypara-kask-plasma-aq\/#local-main-organization-logo","url":"https:\/\/hotelli03.domainhotelli.fi\/~lsdoecli\/wp-content\/uploads\/2021\/08\/JVTuonti_logo_nelio.jpg","contentUrl":"https:\/\/hotelli03.domainhotelli.fi\/~lsdoecli\/wp-content\/uploads\/2021\/08\/JVTuonti_logo_nelio.jpg","width":550,"height":550,"caption":"JV Tuonti Oy"}]},"product_brand":"Kask","og_availability":"instock","product_availability":"instock","product_condition":"new","geo.placename":"Vantaa","geo.position":{"lat":"60.28431","long":"24.81654"},"geo.region":"Suomi"},"_links":{"self":[{"href":"https:\/\/hotelli03.domainhotelli.fi\/~lsdoecli\/wp-json\/wp\/v2\/product\/7410"}],"collection":[{"href":"https:\/\/hotelli03.domainhotelli.fi\/~lsdoecli\/wp-json\/wp\/v2\/product"}],"about":[{"href":"https:\/\/hotelli03.domainhotelli.fi\/~lsdoecli\/wp-json\/wp\/v2\/types\/product"}],"replies":[{"embeddable":true,"href":"https:\/\/hotelli03.domainhotelli.fi\/~lsdoecli\/wp-json\/wp\/v2\/comments?post=7410"}],"wp:featuredmedia":[{"embeddable":true,"href":"https:\/\/hotelli03.domainhotelli.fi\/~lsdoecli\/wp-json\/wp\/v2\/media\/7436"}],"wp:attachment":[{"href":"https:\/\/hotelli03.domainhotelli.fi\/~lsdoecli\/wp-json\/wp\/v2\/media?parent=7410"}],"wp:term":[{"taxonomy":"product_cat","embeddable":true,"href":"https:\/\/hotelli03.domainhotelli.fi\/~lsdoecli\/wp-json\/wp\/v2\/product_cat?post=7410"},{"taxonomy":"product_tag","embeddable":true,"href":"https:\/\/hotelli03.domainhotelli.fi\/~lsdoecli\/wp-json\/wp\/v2\/product_tag?post=7410"}],"curies":[{"name":"wp","href":"https:\/\/api.w.org\/{rel}","templated":true}]}}