{"id":6298,"date":"2021-09-21T06:18:15","date_gmt":"2021-09-21T06:18:15","guid":{"rendered":"https:\/\/hotelli03.domainhotelli.fi\/~lsdoecli\/?post_type=product&#038;p=6298"},"modified":"2021-11-14T15:04:36","modified_gmt":"2021-11-14T15:04:36","slug":"kevytbetoniruuvi-fixmaster-uppokanta-tx30","status":"publish","type":"product","link":"https:\/\/hotelli03.domainhotelli.fi\/~lsdoecli\/tuote\/kevytbetoniruuvi-fixmaster-uppokanta-tx30\/","title":{"rendered":"Kevytbetoniruuvi FixMaster uppokanta TX30 C4 korroosiosuojattu"},"content":{"rendered":"<h2>Kevytbetoniruuvi Fixmaster uppokanta TX30 C4 korroosiosuojattu<\/h2>\n<p>Fixmaster kevytbetoniruuvi on helppok\u00e4ytt\u00f6inen ja nopeasti asennettava ruuvi, joka on tarkoitettu kiinnityksiin huokoisiin materiaaleihin, kuten Siporex harkkoihin ja Lecasora harkkoihin. Ruuvi soveltuu:<\/p>\n<ul>\n<li>aluspuiden kiinnitt\u00e4miseen harkkoihin<\/li>\n<li>koolauksien kiinnitys<\/li>\n<li>alakattorankojen kiinnitys harkkoon<\/li>\n<li>kannattimien asennus<\/li>\n<li>rimojen kiinnitt\u00e4miseen<\/li>\n<li>hyllyjen kiinnitys<\/li>\n<li>kaapelihyllyjen kiinnitys<\/li>\n<\/ul>\n<p>Kiinnitysalustat<\/p>\n<ul>\n<li>kevytbetoniharkko<\/li>\n<li>kevytsoraharkko umpinainen<\/li>\n<li>kevytsoraharkko onteloilla<\/li>\n<li>Siporex harkko<\/li>\n<li>Siporex v\u00e4lisein\u00e4laatta<\/li>\n<li>ponttiharkko<\/li>\n<li>v\u00e4lisein\u00e4levy HB Priima<\/li>\n<li>v\u00e4lisein\u00e4harkko HB Priima<\/li>\n<li>v\u00e4lisein\u00e4harkko Leca Easylex<\/li>\n<li>ponttiharkko Lakka<\/li>\n<li>harkko Weber Leca Lex<\/li>\n<li>pilariharkko<\/li>\n<li>perustusharkko<\/li>\n<\/ul>\n<p>Fixmaster kevytbetoniruuvi on hyv\u00e4ksytty SITAC:n C4-korroosioluokkaan ja soveltuu:<\/p>\n<ul>\n<li>sis\u00e4k\u00e4ytt\u00f6\u00f6n<\/li>\n<li>ulkok\u00e4ytt\u00f6\u00f6n<\/li>\n<li>teollisuusk\u00e4ytt\u00f6\u00f6n.<\/li>\n<\/ul>\n<p>Minimi asennussyvyys kevytbetoniruuville on 60mm. Kiinnike ruuvataan yleens\u00e4 ilman esiporausta suoraan kiinnitett\u00e4v\u00e4n puun l\u00e4pi harkkoon kiinni.\u00a0V\u00e4lt\u00e4 ruuvin ylikiristymist\u00e4 k\u00e4ytt\u00e4m\u00e4ll\u00e4 momenttikontrollia tai kirist\u00e4 loppuosa k\u00e4sin. Asennus onnistuu helposti ilman\u00a0erikoisty\u00f6kaluja, tarvitset ainoastaan akkuporakoneen ja <a href=\"https:\/\/hotelli03.domainhotelli.fi\/~lsdoecli\/tuote\/jvt-ruuvauskarki-t30-25mm-10kpl\/\">TX30 ruuvausk\u00e4rjen<\/a>.<\/p>\n<h4>Saatavilla olevat koot<\/h4>\n<table style=\"height: 149px;\" border=\"0\" width=\"602\" cellspacing=\"0\" cellpadding=\"0\">\n<colgroup>\n<col width=\"87\" \/>\n<col width=\"65\" \/>\n<col width=\"85\" \/>\n<col width=\"76\" \/>\n<col width=\"101\" \/><\/colgroup>\n<tbody>\n<tr>\n<td class=\"xl66\" width=\"87\" height=\"21\">Tuotenumero<\/td>\n<td class=\"xl66\" width=\"65\">Mitat<\/td>\n<td class=\"xl71\" width=\"85\">Tuote<\/td>\n<td class=\"xl66\" width=\"76\">Pituus (mm)<\/td>\n<td class=\"xl67\" width=\"101\">Pakkaus<\/td>\n<\/tr>\n<tr>\n<td class=\"xl68\" width=\"87\" height=\"23\">78118 65<\/td>\n<td class=\"xl69\" width=\"65\">8 X 65<\/td>\n<td class=\"xl70\" width=\"85\">Kevytbetoniruuvi 8 x 65<\/td>\n<td class=\"xl70\" width=\"76\">65<\/td>\n<td class=\"xl72\" width=\"101\">100 kpl<\/td>\n<\/tr>\n<tr>\n<td class=\"xl68\" width=\"87\" height=\"23\">78118 90<\/td>\n<td class=\"xl69\" width=\"65\">8 X 90<\/td>\n<td class=\"xl70\" width=\"85\">Kevytbetoniruuvi 8 x 90<\/td>\n<td class=\"xl70\" width=\"76\">90<\/td>\n<td class=\"xl72\" width=\"101\">100 kpl<\/td>\n<\/tr>\n<tr>\n<td class=\"xl73\" width=\"87\" height=\"23\">78 118 110<\/td>\n<td class=\"xl69\" width=\"65\">8 X 110<\/td>\n<td class=\"xl70\" width=\"85\">Kevytbetoniruuvi 8 x 110<\/td>\n<td class=\"xl70\" width=\"76\">110<\/td>\n<td class=\"xl72\" width=\"101\">100 kpl<\/td>\n<\/tr>\n<tr>\n<td class=\"xl74\" height=\"23\">78 118 130<\/td>\n<td class=\"xl69\" width=\"65\">8 X 130<\/td>\n<td class=\"xl70\" width=\"85\">Kevytbetoniruuvi 8 x 130<\/td>\n<td class=\"xl70\" width=\"76\">130<\/td>\n<td class=\"xl65\">50 kpl<\/td>\n<\/tr>\n<\/tbody>\n<\/table>\n<p>&nbsp;<\/p>\n<p>Katso my\u00f6s muut <a href=\"https:\/\/hotelli03.domainhotelli.fi\/~lsdoecli\/tuote-osasto\/rakennustarvikkeet\/kiinnikkeet-ja-ruuvit\/betoniruuvit\/\">betoniruuvit<\/a> t\u00e4st\u00e4!<\/p>\n<p>Nopeat express toimitukset ty\u00f6maalla p\u00e4\u00e4kaupunkiseudulla, muualle p\u00e4in Suomea 1-2 p\u00e4iv\u00e4n sis\u00e4ll\u00e4 tilauksesta. Soita asiakaspalveluun: 040 0244 200.<\/p>\n","protected":false},"excerpt":{"rendered":"<p>Todella laadukkaat ja helppo- ja nopeak\u00e4ytt\u00f6iset FixMaster kevytbetoniruuvit.<\/p>\n<p>&nbsp;<\/p>\n<p><strong>Valitse koko alta:<\/strong><\/p>\n","protected":false},"featured_media":6299,"comment_status":"open","ping_status":"closed","template":"","meta":[],"product_cat":[861],"product_tag":[862,863],"yoast_head":"<!-- This site is optimized with the Yoast SEO Premium plugin v18.9 (Yoast SEO v19.3) - https:\/\/yoast.com\/wordpress\/plugins\/seo\/ -->\n<title>Kevytbetoniruuvi FixMaster uppokanta TX30 C4 korroosiosuojattu |<\/title>\n<meta name=\"description\" content=\"Helppo- ja nopeak\u00e4ytt\u00f6inen kevytbetoniruuvi C4 huokoisiin kiinnitysalustoihin, my\u00f6s ulkok\u00e4ytt\u00f6\u00f6n. Tilaa verkkokaupastamme, nopea toimitus.\" \/>\n<meta name=\"robots\" content=\"index, follow, max-snippet:-1, max-image-preview:large, max-video-preview:-1\" \/>\n<link rel=\"canonical\" href=\"https:\/\/hotelli03.domainhotelli.fi\/~lsdoecli\/tuote\/kevytbetoniruuvi-fixmaster-uppokanta-tx30\/\" \/>\n<meta property=\"og:locale\" content=\"fi_FI\" \/>\n<meta property=\"og:type\" content=\"article\" \/>\n<meta property=\"og:title\" content=\"Kevytbetoniruuvi FixMaster uppokanta TX30 C4 korroosiosuojattu\" \/>\n<meta property=\"og:description\" content=\"Helppo- ja nopeak\u00e4ytt\u00f6inen kevytbetoniruuvi C4 huokoisiin kiinnitysalustoihin, my\u00f6s ulkok\u00e4ytt\u00f6\u00f6n. Tilaa verkkokaupastamme, nopea toimitus.\" \/>\n<meta property=\"og:url\" content=\"https:\/\/hotelli03.domainhotelli.fi\/~lsdoecli\/tuote\/kevytbetoniruuvi-fixmaster-uppokanta-tx30\/\" \/>\n<meta property=\"og:site_name\" content=\"JV Tuonti\" \/>\n<meta property=\"article:publisher\" content=\"https:\/\/www.facebook.com\/JVTuontiOy\" \/>\n<meta property=\"article:modified_time\" content=\"2021-11-14T15:04:36+00:00\" \/>\n<meta property=\"og:image\" content=\"https:\/\/hotelli03.domainhotelli.fi\/~lsdoecli\/wp-content\/uploads\/2021\/09\/FIX-MASTER-KEVYTBETONIRUUVI-UPPOKANTA-TX30.jpg\" \/>\n\t<meta property=\"og:image:width\" content=\"800\" \/>\n\t<meta property=\"og:image:height\" content=\"800\" \/>\n\t<meta property=\"og:image:type\" content=\"image\/jpeg\" \/>\n<meta name=\"twitter:card\" content=\"summary_large_image\" \/>\n<meta name=\"twitter:label1\" content=\"Availability\" \/>\n\t<meta name=\"twitter:data1\" content=\"In stock\" \/>\n<script type=\"application\/ld+json\" class=\"yoast-schema-graph\">{\"@context\":\"https:\/\/schema.org\",\"@graph\":[{\"@type\":[\"Organization\",\"Place\",\"WholesaleStore\"],\"@id\":\"https:\/\/hotelli03.domainhotelli.fi\/~lsdoecli\/#organization\",\"name\":\"JV Tuonti Oy\",\"url\":\"https:\/\/hotelli03.domainhotelli.fi\/~lsdoecli\/\",\"sameAs\":[\"https:\/\/instagram.com\/jvtuontioy?utm_medium=copy_link\",\"https:\/\/www.facebook.com\/JVTuontiOy\"],\"logo\":{\"@id\":\"https:\/\/hotelli03.domainhotelli.fi\/~lsdoecli\/tuote\/kevytbetoniruuvi-fixmaster-uppokanta-tx30\/#local-main-organization-logo\"},\"image\":{\"@id\":\"https:\/\/hotelli03.domainhotelli.fi\/~lsdoecli\/tuote\/kevytbetoniruuvi-fixmaster-uppokanta-tx30\/#local-main-organization-logo\"},\"address\":{\"@id\":\"https:\/\/hotelli03.domainhotelli.fi\/~lsdoecli\/tuote\/kevytbetoniruuvi-fixmaster-uppokanta-tx30\/#local-main-place-address\"},\"geo\":{\"@type\":\"GeoCoordinates\",\"latitude\":\"60.28431\",\"longitude\":\"24.81654\"},\"telephone\":[\"0408369980\"],\"openingHoursSpecification\":[{\"@type\":\"OpeningHoursSpecification\",\"dayOfWeek\":[\"Monday\",\"Tuesday\",\"Wednesday\",\"Thursday\",\"Friday\"],\"opens\":\"08:00\",\"closes\":\"16:00\"},{\"@type\":\"OpeningHoursSpecification\",\"dayOfWeek\":[\"Saturday\",\"Sunday\"],\"opens\":\"00:00\",\"closes\":\"00:00\"}],\"email\":\"myynti@hotelli03.domainhotelli.fi\",\"areaServed\":\"Suomi, Ruotsi\",\"vatID\":\"FI30178387\",\"priceRange\":\"$$\",\"currenciesAccepted\":\"\u20ac\",\"paymentAccepted\":\"Lasku, pankkikortti\"},{\"@type\":\"WebSite\",\"@id\":\"https:\/\/hotelli03.domainhotelli.fi\/~lsdoecli\/#website\",\"url\":\"https:\/\/hotelli03.domainhotelli.fi\/~lsdoecli\/\",\"name\":\"JV Tuonti\",\"description\":\"JV Tuonti Oy:n verkkokauppa\",\"publisher\":{\"@id\":\"https:\/\/hotelli03.domainhotelli.fi\/~lsdoecli\/#organization\"},\"potentialAction\":[{\"@type\":\"SearchAction\",\"target\":{\"@type\":\"EntryPoint\",\"urlTemplate\":\"https:\/\/hotelli03.domainhotelli.fi\/~lsdoecli\/?s={search_term_string}\"},\"query-input\":\"required name=search_term_string\"}],\"inLanguage\":\"fi\"},{\"@type\":\"ImageObject\",\"inLanguage\":\"fi\",\"@id\":\"https:\/\/hotelli03.domainhotelli.fi\/~lsdoecli\/tuote\/kevytbetoniruuvi-fixmaster-uppokanta-tx30\/#primaryimage\",\"url\":\"https:\/\/hotelli03.domainhotelli.fi\/~lsdoecli\/wp-content\/uploads\/2021\/09\/FIX-MASTER-KEVYTBETONIRUUVI-UPPOKANTA-TX30.jpg\",\"contentUrl\":\"https:\/\/hotelli03.domainhotelli.fi\/~lsdoecli\/wp-content\/uploads\/2021\/09\/FIX-MASTER-KEVYTBETONIRUUVI-UPPOKANTA-TX30.jpg\",\"width\":800,\"height\":800,\"caption\":\"FIX MASTER KEVYTBETONIRUUVI, UPPOKANTA, TX30\"},{\"@type\":\"WebPage\",\"@id\":\"https:\/\/hotelli03.domainhotelli.fi\/~lsdoecli\/tuote\/kevytbetoniruuvi-fixmaster-uppokanta-tx30\/\",\"url\":\"https:\/\/hotelli03.domainhotelli.fi\/~lsdoecli\/tuote\/kevytbetoniruuvi-fixmaster-uppokanta-tx30\/\",\"name\":\"Kevytbetoniruuvi FixMaster uppokanta TX30 C4 korroosiosuojattu |\",\"isPartOf\":{\"@id\":\"https:\/\/hotelli03.domainhotelli.fi\/~lsdoecli\/#website\"},\"primaryImageOfPage\":{\"@id\":\"https:\/\/hotelli03.domainhotelli.fi\/~lsdoecli\/tuote\/kevytbetoniruuvi-fixmaster-uppokanta-tx30\/#primaryimage\"},\"datePublished\":\"2021-09-21T06:18:15+00:00\",\"dateModified\":\"2021-11-14T15:04:36+00:00\",\"description\":\"Helppo- ja nopeak\u00e4ytt\u00f6inen kevytbetoniruuvi C4 huokoisiin kiinnitysalustoihin, my\u00f6s ulkok\u00e4ytt\u00f6\u00f6n. Tilaa verkkokaupastamme, nopea toimitus.\",\"breadcrumb\":{\"@id\":\"https:\/\/hotelli03.domainhotelli.fi\/~lsdoecli\/tuote\/kevytbetoniruuvi-fixmaster-uppokanta-tx30\/#breadcrumb\"},\"inLanguage\":\"fi\",\"potentialAction\":[{\"@type\":\"ReadAction\",\"target\":[\"https:\/\/hotelli03.domainhotelli.fi\/~lsdoecli\/tuote\/kevytbetoniruuvi-fixmaster-uppokanta-tx30\/\"]}]},{\"@type\":\"BreadcrumbList\",\"@id\":\"https:\/\/hotelli03.domainhotelli.fi\/~lsdoecli\/tuote\/kevytbetoniruuvi-fixmaster-uppokanta-tx30\/#breadcrumb\",\"itemListElement\":[{\"@type\":\"ListItem\",\"position\":1,\"name\":\"Etusivu\",\"item\":\"https:\/\/hotelli03.domainhotelli.fi\/~lsdoecli\/\"},{\"@type\":\"ListItem\",\"position\":2,\"name\":\"Kauppa\",\"item\":\"https:\/\/hotelli03.domainhotelli.fi\/~lsdoecli\/kauppa\/\"},{\"@type\":\"ListItem\",\"position\":3,\"name\":\"Kevytbetoniruuvi FixMaster uppokanta TX30 C4 korroosiosuojattu\"}]},{\"@type\":\"PostalAddress\",\"@id\":\"https:\/\/hotelli03.domainhotelli.fi\/~lsdoecli\/tuote\/kevytbetoniruuvi-fixmaster-uppokanta-tx30\/#local-main-place-address\",\"streetAddress\":\"Pyymosantie 5a\",\"addressLocality\":\"Vantaa\",\"postalCode\":\"01720\",\"addressCountry\":\"FI\"},{\"@type\":\"ImageObject\",\"inLanguage\":\"fi\",\"@id\":\"https:\/\/hotelli03.domainhotelli.fi\/~lsdoecli\/tuote\/kevytbetoniruuvi-fixmaster-uppokanta-tx30\/#local-main-organization-logo\",\"url\":\"https:\/\/hotelli03.domainhotelli.fi\/~lsdoecli\/wp-content\/uploads\/2021\/08\/JVTuonti_logo_nelio.jpg\",\"contentUrl\":\"https:\/\/hotelli03.domainhotelli.fi\/~lsdoecli\/wp-content\/uploads\/2021\/08\/JVTuonti_logo_nelio.jpg\",\"width\":550,\"height\":550,\"caption\":\"JV Tuonti Oy\"}]}<\/script>\n<meta property=\"product:brand\" content=\"Fixmaster\" \/>\n<meta property=\"og:availability\" content=\"instock\" \/>\n<meta property=\"product:availability\" content=\"instock\" \/>\n<meta property=\"product:condition\" content=\"new\" \/>\n<meta name=\"geo.placename\" content=\"Vantaa\" \/>\n<meta name=\"geo.position\" content=\"60.28431;24.81654\" \/>\n<meta name=\"geo.region\" content=\"Suomi\" \/>\n<!-- \/ Yoast SEO Premium plugin. -->","yoast_head_json":{"title":"Kevytbetoniruuvi FixMaster uppokanta TX30 C4 korroosiosuojattu |","description":"Helppo- ja nopeak\u00e4ytt\u00f6inen kevytbetoniruuvi C4 huokoisiin kiinnitysalustoihin, my\u00f6s ulkok\u00e4ytt\u00f6\u00f6n. Tilaa verkkokaupastamme, nopea toimitus.","robots":{"index":"index","follow":"follow","max-snippet":"max-snippet:-1","max-image-preview":"max-image-preview:large","max-video-preview":"max-video-preview:-1"},"canonical":"https:\/\/hotelli03.domainhotelli.fi\/~lsdoecli\/tuote\/kevytbetoniruuvi-fixmaster-uppokanta-tx30\/","og_locale":"fi_FI","og_type":"article","og_title":"Kevytbetoniruuvi FixMaster uppokanta TX30 C4 korroosiosuojattu","og_description":"Helppo- ja nopeak\u00e4ytt\u00f6inen kevytbetoniruuvi C4 huokoisiin kiinnitysalustoihin, my\u00f6s ulkok\u00e4ytt\u00f6\u00f6n. Tilaa verkkokaupastamme, nopea toimitus.","og_url":"https:\/\/hotelli03.domainhotelli.fi\/~lsdoecli\/tuote\/kevytbetoniruuvi-fixmaster-uppokanta-tx30\/","og_site_name":"JV Tuonti","article_publisher":"https:\/\/www.facebook.com\/JVTuontiOy","article_modified_time":"2021-11-14T15:04:36+00:00","og_image":[{"width":800,"height":800,"url":"https:\/\/hotelli03.domainhotelli.fi\/~lsdoecli\/wp-content\/uploads\/2021\/09\/FIX-MASTER-KEVYTBETONIRUUVI-UPPOKANTA-TX30.jpg","type":"image\/jpeg"}],"twitter_card":"summary_large_image","twitter_misc":{"Availability":"In stock"},"schema":{"@context":"https:\/\/schema.org","@graph":[{"@type":["Organization","Place","WholesaleStore"],"@id":"https:\/\/hotelli03.domainhotelli.fi\/~lsdoecli\/#organization","name":"JV Tuonti Oy","url":"https:\/\/hotelli03.domainhotelli.fi\/~lsdoecli\/","sameAs":["https:\/\/instagram.com\/jvtuontioy?utm_medium=copy_link","https:\/\/www.facebook.com\/JVTuontiOy"],"logo":{"@id":"https:\/\/hotelli03.domainhotelli.fi\/~lsdoecli\/tuote\/kevytbetoniruuvi-fixmaster-uppokanta-tx30\/#local-main-organization-logo"},"image":{"@id":"https:\/\/hotelli03.domainhotelli.fi\/~lsdoecli\/tuote\/kevytbetoniruuvi-fixmaster-uppokanta-tx30\/#local-main-organization-logo"},"address":{"@id":"https:\/\/hotelli03.domainhotelli.fi\/~lsdoecli\/tuote\/kevytbetoniruuvi-fixmaster-uppokanta-tx30\/#local-main-place-address"},"geo":{"@type":"GeoCoordinates","latitude":"60.28431","longitude":"24.81654"},"telephone":["0408369980"],"openingHoursSpecification":[{"@type":"OpeningHoursSpecification","dayOfWeek":["Monday","Tuesday","Wednesday","Thursday","Friday"],"opens":"08:00","closes":"16:00"},{"@type":"OpeningHoursSpecification","dayOfWeek":["Saturday","Sunday"],"opens":"00:00","closes":"00:00"}],"email":"myynti@hotelli03.domainhotelli.fi","areaServed":"Suomi, Ruotsi","vatID":"FI30178387","priceRange":"$$","currenciesAccepted":"\u20ac","paymentAccepted":"Lasku, pankkikortti"},{"@type":"WebSite","@id":"https:\/\/hotelli03.domainhotelli.fi\/~lsdoecli\/#website","url":"https:\/\/hotelli03.domainhotelli.fi\/~lsdoecli\/","name":"JV Tuonti","description":"JV Tuonti Oy:n verkkokauppa","publisher":{"@id":"https:\/\/hotelli03.domainhotelli.fi\/~lsdoecli\/#organization"},"potentialAction":[{"@type":"SearchAction","target":{"@type":"EntryPoint","urlTemplate":"https:\/\/hotelli03.domainhotelli.fi\/~lsdoecli\/?s={search_term_string}"},"query-input":"required name=search_term_string"}],"inLanguage":"fi"},{"@type":"ImageObject","inLanguage":"fi","@id":"https:\/\/hotelli03.domainhotelli.fi\/~lsdoecli\/tuote\/kevytbetoniruuvi-fixmaster-uppokanta-tx30\/#primaryimage","url":"https:\/\/hotelli03.domainhotelli.fi\/~lsdoecli\/wp-content\/uploads\/2021\/09\/FIX-MASTER-KEVYTBETONIRUUVI-UPPOKANTA-TX30.jpg","contentUrl":"https:\/\/hotelli03.domainhotelli.fi\/~lsdoecli\/wp-content\/uploads\/2021\/09\/FIX-MASTER-KEVYTBETONIRUUVI-UPPOKANTA-TX30.jpg","width":800,"height":800,"caption":"FIX MASTER KEVYTBETONIRUUVI, UPPOKANTA, TX30"},{"@type":"WebPage","@id":"https:\/\/hotelli03.domainhotelli.fi\/~lsdoecli\/tuote\/kevytbetoniruuvi-fixmaster-uppokanta-tx30\/","url":"https:\/\/hotelli03.domainhotelli.fi\/~lsdoecli\/tuote\/kevytbetoniruuvi-fixmaster-uppokanta-tx30\/","name":"Kevytbetoniruuvi FixMaster uppokanta TX30 C4 korroosiosuojattu |","isPartOf":{"@id":"https:\/\/hotelli03.domainhotelli.fi\/~lsdoecli\/#website"},"primaryImageOfPage":{"@id":"https:\/\/hotelli03.domainhotelli.fi\/~lsdoecli\/tuote\/kevytbetoniruuvi-fixmaster-uppokanta-tx30\/#primaryimage"},"datePublished":"2021-09-21T06:18:15+00:00","dateModified":"2021-11-14T15:04:36+00:00","description":"Helppo- ja nopeak\u00e4ytt\u00f6inen kevytbetoniruuvi C4 huokoisiin kiinnitysalustoihin, my\u00f6s ulkok\u00e4ytt\u00f6\u00f6n. Tilaa verkkokaupastamme, nopea toimitus.","breadcrumb":{"@id":"https:\/\/hotelli03.domainhotelli.fi\/~lsdoecli\/tuote\/kevytbetoniruuvi-fixmaster-uppokanta-tx30\/#breadcrumb"},"inLanguage":"fi","potentialAction":[{"@type":"ReadAction","target":["https:\/\/hotelli03.domainhotelli.fi\/~lsdoecli\/tuote\/kevytbetoniruuvi-fixmaster-uppokanta-tx30\/"]}]},{"@type":"BreadcrumbList","@id":"https:\/\/hotelli03.domainhotelli.fi\/~lsdoecli\/tuote\/kevytbetoniruuvi-fixmaster-uppokanta-tx30\/#breadcrumb","itemListElement":[{"@type":"ListItem","position":1,"name":"Etusivu","item":"https:\/\/hotelli03.domainhotelli.fi\/~lsdoecli\/"},{"@type":"ListItem","position":2,"name":"Kauppa","item":"https:\/\/hotelli03.domainhotelli.fi\/~lsdoecli\/kauppa\/"},{"@type":"ListItem","position":3,"name":"Kevytbetoniruuvi FixMaster uppokanta TX30 C4 korroosiosuojattu"}]},{"@type":"PostalAddress","@id":"https:\/\/hotelli03.domainhotelli.fi\/~lsdoecli\/tuote\/kevytbetoniruuvi-fixmaster-uppokanta-tx30\/#local-main-place-address","streetAddress":"Pyymosantie 5a","addressLocality":"Vantaa","postalCode":"01720","addressCountry":"FI"},{"@type":"ImageObject","inLanguage":"fi","@id":"https:\/\/hotelli03.domainhotelli.fi\/~lsdoecli\/tuote\/kevytbetoniruuvi-fixmaster-uppokanta-tx30\/#local-main-organization-logo","url":"https:\/\/hotelli03.domainhotelli.fi\/~lsdoecli\/wp-content\/uploads\/2021\/08\/JVTuonti_logo_nelio.jpg","contentUrl":"https:\/\/hotelli03.domainhotelli.fi\/~lsdoecli\/wp-content\/uploads\/2021\/08\/JVTuonti_logo_nelio.jpg","width":550,"height":550,"caption":"JV Tuonti Oy"}]},"product_brand":"Fixmaster","og_availability":"instock","product_availability":"instock","product_condition":"new","geo.placename":"Vantaa","geo.position":{"lat":"60.28431","long":"24.81654"},"geo.region":"Suomi"},"_links":{"self":[{"href":"https:\/\/hotelli03.domainhotelli.fi\/~lsdoecli\/wp-json\/wp\/v2\/product\/6298"}],"collection":[{"href":"https:\/\/hotelli03.domainhotelli.fi\/~lsdoecli\/wp-json\/wp\/v2\/product"}],"about":[{"href":"https:\/\/hotelli03.domainhotelli.fi\/~lsdoecli\/wp-json\/wp\/v2\/types\/product"}],"replies":[{"embeddable":true,"href":"https:\/\/hotelli03.domainhotelli.fi\/~lsdoecli\/wp-json\/wp\/v2\/comments?post=6298"}],"wp:featuredmedia":[{"embeddable":true,"href":"https:\/\/hotelli03.domainhotelli.fi\/~lsdoecli\/wp-json\/wp\/v2\/media\/6299"}],"wp:attachment":[{"href":"https:\/\/hotelli03.domainhotelli.fi\/~lsdoecli\/wp-json\/wp\/v2\/media?parent=6298"}],"wp:term":[{"taxonomy":"product_cat","embeddable":true,"href":"https:\/\/hotelli03.domainhotelli.fi\/~lsdoecli\/wp-json\/wp\/v2\/product_cat?post=6298"},{"taxonomy":"product_tag","embeddable":true,"href":"https:\/\/hotelli03.domainhotelli.fi\/~lsdoecli\/wp-json\/wp\/v2\/product_tag?post=6298"}],"curies":[{"name":"wp","href":"https:\/\/api.w.org\/{rel}","templated":true}]}}