{"id":5824,"date":"2021-08-31T07:21:59","date_gmt":"2021-08-31T07:21:59","guid":{"rendered":"https:\/\/hotelli03.domainhotelli.fi\/~lsdoecli\/?post_type=product&#038;p=5824"},"modified":"2022-01-17T04:23:59","modified_gmt":"2022-01-17T04:23:59","slug":"taskulamppu-trustfire-mc1-ladattava-edc","status":"publish","type":"product","link":"https:\/\/hotelli03.domainhotelli.fi\/~lsdoecli\/tuote\/taskulamppu-trustfire-mc1-ladattava-edc\/","title":{"rendered":"Taskulamppu Trustfire MC1 ladattava EDC"},"content":{"rendered":"<h1>Taskulamppu Trustfire MC1 Ladattava EDC<\/h1>\n<p>Trustfire MC1 ladattava taskulamppu on todella pieni ja super tehokas kokoonsa n\u00e4hden jossa on 1000 lumenin teho ja jopa 129 metrin kantama. Lamppu on vain 56 mm pitk\u00e4 joten MC1 kulkee helposti mukana niin taskussa, kuin esim. laukussa tai autossakin, eik\u00e4 sen suorituskyky j\u00e4t\u00e4 pulaan miss\u00e4\u00e4n k\u00e4ytt\u00f6tarpeissa:\u00a0valaisin tarjoaa kokoluokassaan huikean 1000 lm maksimitehon, jolla valon kantama on jopa 129 metri\u00e4.<\/p>\n<p>Mukana magneettinen USB -latauskaapeli. MICRO-USB-kaapelin avulla se on ladattavissa suoraan virtal\u00e4hteest\u00e4, kannettavalla tietokoneella tai muulla virtal\u00e4hteell\u00e4, joten voit vied\u00e4 sen minne tahansa ilman huolta paristojen vaihdosta<\/p>\n<p>Valaisimen alumiinirunko on IPX8-luokituksen mukaisesti t\u00e4ysin vesitiivis ja iskunkest\u00e4v\u00e4, joten lamppu kest\u00e4\u00e4 kaikki olosuhteet kanssasi! Valaisimen rungossa on karhea pinta joten se pysyy k\u00e4siss\u00e4 my\u00f6s m\u00e4rk\u00e4n\u00e4. Virtal\u00e4hteen\u00e4 taskulamppu k\u00e4ytt\u00e4\u00e4 1 kpl IMR16340 650mAh akkupatteria, pitk\u00e4 k\u00e4ytt\u00f6aika 35 tuntia matalassa tilassa\/ 75 minuuttia korkeassa tilassa.<\/p>\n<p>Mukana kaksipuolinen taskupidike, jossa kaksisuuntainen kiinnitys. Kompakti ja tyylik\u00e4s, voidaan kiinnitt\u00e4\u00e4 taskun reunaan, lippalakkiin tai vaikka reppuun helposti. T\u00e4m\u00e4n lis\u00e4ksi lampun per\u00e4st\u00e4 l\u00f6ytyv\u00e4n magneetin avulla se saadaan kiinni metallipintoihin.<\/p>\n<h2>Taskulamppu Trustfire MC1 ominaisuudet<\/h2>\n<ul>\n<li>MC1 on ladattava EDC-taskulamppu, joka on varustettu CREE XP-L HI LEDill\u00e4 ja joka saa virtansa yhdest\u00e4 ladattavasta RCR123A \/ IMR16340-akusta;<\/li>\n<li>3 kirkkaustasoa ja v\u00e4l\u00e4hdystila, joka kattaa 15&#8211;1 000 lumenin kirkkaustason;<\/li>\n<li>Mukana magneettinen USB -latauskaapeli. MICRO-USB-kaapelin avulla se on ladattavissa suoraan virtal\u00e4hteell\u00e4, kannettavalla tietokoneella tai muulla virtal\u00e4hteell\u00e4, joten voit vied\u00e4 sen minne tahansa ilman huolta paristojen vaihdosta;<\/li>\n<li>Neliv\u00e4rinen tehotason ilmaisin. Kun valo on kytketty p\u00e4\u00e4lle, nelj\u00e4 eri v\u00e4rin LED -valoa n\u00e4ytt\u00e4v\u00e4t eri tehotason. Vihre\u00e4 tarkoittaa, ett\u00e4 sen teho on 100% &#8211; 50% j\u00e4ljell\u00e4, kun taas keltainen tarkoittaa, ett\u00e4 sen teho on j\u00e4ljell\u00e4 50% ~ 20%. Punainen tarkoittaa 20%-5% virtaa j\u00e4ljell\u00e4, punainen salama tarkoittaa, ett\u00e4 sen teho on vain 5% -0% ja sinun on ladattava se nyt;<\/li>\n<li>Mukana kaksipuolinen taskupidike, jossa kaksisuuntainen kiinnitys. Kompakti ja tyylik\u00e4s, voidaan kiinnitt\u00e4\u00e4 avaimenper\u00e4\u00e4n, kukkaroon tai reppuun;<\/li>\n<li>Valon takasuojus on magnetoitu. joten voit kiinnitt\u00e4\u00e4 sen mihin tahansa metallipintaan k\u00e4det vapaana. Se on hyv\u00e4 muotoilu, jota voit k\u00e4ytt\u00e4\u00e4, kun korjaat jotain tai harrastat ulkoilua.<br \/>\nIPX 8 vedenpit\u00e4v\u00e4 luokitus;<\/li>\n<li>Suorituskyky, liikkuvuus, k\u00e4tev\u00e4 lataus ja pitk\u00e4 akunkesto t\u00e4ytt\u00e4v\u00e4t kaikki koti-, mobiili- ja ulkovalaistustarpeesi.<\/li>\n<\/ul>\n<h4>Pakkaus sis\u00e4lt\u00e4\u00e4:<\/h4>\n<p>1 * TrustFire MC1 Mini Led taskulamppu (1 x TrustFire IMR 16340 -akku)<br \/>\n1 * Vaihto-O-rengas<br \/>\n1 * Avainrenkaan O-rengas<br \/>\n1 * Magneettinen mikro -USB -kaapeli<br \/>\n1 * K\u00e4ytt\u00f6ohje<\/p>\n<p>&nbsp;<\/p>\n<p>Tuotteessa on 3 vuoden takuu.<\/p>\n<p><a href=\"https:\/\/hotelli03.domainhotelli.fi\/~lsdoecli\/tuote-osasto\/otsalamput-ja-taskulamput\/\">Katso my\u00f6s kaikki muut tasku- ja otsalamppu mallimme t\u00e4st\u00e4!\u00a0<\/a><\/p>\n<p><iframe loading=\"lazy\" title=\"Taskulamppu Trustfire MC1 Ladattava EDC\" width=\"1140\" height=\"641\" src=\"https:\/\/www.youtube.com\/embed\/Qs40633xDLs?feature=oembed\" frameborder=\"0\" allow=\"accelerometer; autoplay; clipboard-write; encrypted-media; gyroscope; picture-in-picture\" allowfullscreen><\/iframe><\/p>\n","protected":false},"excerpt":{"rendered":"<p>Trustfire MC1 ladattava taskulamppu on todella pieni ja super tehokas kokoonsa n\u00e4hden jossa on 1000 lumenin teho ja jopa 129 metrin kantama. Lamppu on vain 56 mm pitk\u00e4 joten MC1 kulkee helposti mukana niin taskussa, kuin esim. laukussa tai autossakin, eik\u00e4 sen suorituskyky j\u00e4t\u00e4 pulaan miss\u00e4\u00e4n k\u00e4ytt\u00f6tarpeissa: valaisin tarjoaa kokoluokassaan huikean 1000 lm maksimitehon, jolla valon kantama on jopa 129 metri\u00e4. Mukana magneettinen USB -latauskaapeli. MICRO-USB-kaapelin avulla se on ladattavissa suoraan virtal\u00e4hteest\u00e4, kannettavalla tietokoneella tai muulla virtal\u00e4hteell\u00e4, joten voit vied\u00e4 sen minne tahansa ilman huolta paristojen vaihdosta<\/p>\n","protected":false},"featured_media":5829,"comment_status":"open","ping_status":"closed","template":"","meta":[],"product_cat":[244],"product_tag":[773,271,246,273,272,245,769],"yoast_head":"<!-- This site is optimized with the Yoast SEO Premium plugin v18.9 (Yoast SEO v19.3) - https:\/\/yoast.com\/wordpress\/plugins\/seo\/ -->\n<title>Taskulamppu Trustfire MC1 ladattava EDC | JV Tuonti<\/title>\n<meta name=\"description\" content=\"Trustfire MC1 ladattava taskulamppu on todella pieni ja super tehokas kokoonsa n\u00e4hden jossa on 1000 lumenin teho ja jopa 129 metrin kantama.\" \/>\n<meta name=\"robots\" content=\"index, follow, max-snippet:-1, max-image-preview:large, max-video-preview:-1\" \/>\n<link rel=\"canonical\" href=\"https:\/\/hotelli03.domainhotelli.fi\/~lsdoecli\/tuote\/taskulamppu-trustfire-mc1-ladattava-edc\/\" \/>\n<meta property=\"og:locale\" content=\"fi_FI\" \/>\n<meta property=\"og:type\" content=\"article\" \/>\n<meta property=\"og:title\" content=\"Taskulamppu Trustfire MC1 ladattava EDC\" \/>\n<meta property=\"og:description\" content=\"Trustfire MC1 ladattava taskulamppu on todella pieni ja super tehokas kokoonsa n\u00e4hden jossa on 1000 lumenin teho ja jopa 129 metrin kantama.\" \/>\n<meta property=\"og:url\" content=\"https:\/\/hotelli03.domainhotelli.fi\/~lsdoecli\/tuote\/taskulamppu-trustfire-mc1-ladattava-edc\/\" \/>\n<meta property=\"og:site_name\" content=\"JV Tuonti\" \/>\n<meta property=\"article:publisher\" content=\"https:\/\/www.facebook.com\/JVTuontiOy\" \/>\n<meta property=\"article:modified_time\" content=\"2022-01-17T04:23:59+00:00\" \/>\n<meta property=\"og:image\" content=\"https:\/\/hotelli03.domainhotelli.fi\/~lsdoecli\/wp-content\/uploads\/2021\/08\/Taskulamppu-Trustfire-MC1-Ladattava-2.jpg\" \/>\n\t<meta property=\"og:image:width\" content=\"1000\" \/>\n\t<meta property=\"og:image:height\" content=\"1000\" \/>\n\t<meta property=\"og:image:type\" content=\"image\/jpeg\" \/>\n<meta name=\"twitter:card\" content=\"summary_large_image\" \/>\n<meta name=\"twitter:label1\" content=\"Price\" \/>\n\t<meta name=\"twitter:data1\" content=\"76,26&nbsp;&euro; Alv 24%N\u00e4yt\u00e4 veroton hinta61,50&nbsp;&euro; Alv 0%N\u00e4yt\u00e4 verollinen hinta\" \/>\n\t<meta name=\"twitter:label2\" content=\"Availability\" \/>\n\t<meta name=\"twitter:data2\" content=\"In stock\" \/>\n<script type=\"application\/ld+json\" class=\"yoast-schema-graph\">{\"@context\":\"https:\/\/schema.org\",\"@graph\":[{\"@type\":[\"Organization\",\"Place\",\"WholesaleStore\"],\"@id\":\"https:\/\/hotelli03.domainhotelli.fi\/~lsdoecli\/#organization\",\"name\":\"JV Tuonti Oy\",\"url\":\"https:\/\/hotelli03.domainhotelli.fi\/~lsdoecli\/\",\"sameAs\":[\"https:\/\/instagram.com\/jvtuontioy?utm_medium=copy_link\",\"https:\/\/www.facebook.com\/JVTuontiOy\"],\"logo\":{\"@id\":\"https:\/\/hotelli03.domainhotelli.fi\/~lsdoecli\/tuote\/taskulamppu-trustfire-mc1-ladattava-edc\/#local-main-organization-logo\"},\"image\":{\"@id\":\"https:\/\/hotelli03.domainhotelli.fi\/~lsdoecli\/tuote\/taskulamppu-trustfire-mc1-ladattava-edc\/#local-main-organization-logo\"},\"address\":{\"@id\":\"https:\/\/hotelli03.domainhotelli.fi\/~lsdoecli\/tuote\/taskulamppu-trustfire-mc1-ladattava-edc\/#local-main-place-address\"},\"geo\":{\"@type\":\"GeoCoordinates\",\"latitude\":\"60.28431\",\"longitude\":\"24.81654\"},\"telephone\":[\"0408369980\"],\"openingHoursSpecification\":[{\"@type\":\"OpeningHoursSpecification\",\"dayOfWeek\":[\"Monday\",\"Tuesday\",\"Wednesday\",\"Thursday\",\"Friday\"],\"opens\":\"08:00\",\"closes\":\"16:00\"},{\"@type\":\"OpeningHoursSpecification\",\"dayOfWeek\":[\"Saturday\",\"Sunday\"],\"opens\":\"00:00\",\"closes\":\"00:00\"}],\"email\":\"myynti@hotelli03.domainhotelli.fi\",\"areaServed\":\"Suomi, Ruotsi\",\"vatID\":\"FI30178387\",\"priceRange\":\"$$\",\"currenciesAccepted\":\"\u20ac\",\"paymentAccepted\":\"Lasku, pankkikortti\"},{\"@type\":\"WebSite\",\"@id\":\"https:\/\/hotelli03.domainhotelli.fi\/~lsdoecli\/#website\",\"url\":\"https:\/\/hotelli03.domainhotelli.fi\/~lsdoecli\/\",\"name\":\"JV Tuonti\",\"description\":\"JV Tuonti Oy:n verkkokauppa\",\"publisher\":{\"@id\":\"https:\/\/hotelli03.domainhotelli.fi\/~lsdoecli\/#organization\"},\"potentialAction\":[{\"@type\":\"SearchAction\",\"target\":{\"@type\":\"EntryPoint\",\"urlTemplate\":\"https:\/\/hotelli03.domainhotelli.fi\/~lsdoecli\/?s={search_term_string}\"},\"query-input\":\"required name=search_term_string\"}],\"inLanguage\":\"fi\"},{\"@type\":\"ImageObject\",\"inLanguage\":\"fi\",\"@id\":\"https:\/\/hotelli03.domainhotelli.fi\/~lsdoecli\/tuote\/taskulamppu-trustfire-mc1-ladattava-edc\/#primaryimage\",\"url\":\"https:\/\/hotelli03.domainhotelli.fi\/~lsdoecli\/wp-content\/uploads\/2021\/08\/Taskulamppu-Trustfire-MC1-Ladattava-2.jpg\",\"contentUrl\":\"https:\/\/hotelli03.domainhotelli.fi\/~lsdoecli\/wp-content\/uploads\/2021\/08\/Taskulamppu-Trustfire-MC1-Ladattava-2.jpg\",\"width\":1000,\"height\":1000,\"caption\":\"Taskulamppu Trustfire MC1 Ladattava\"},{\"@type\":\"WebPage\",\"@id\":\"https:\/\/hotelli03.domainhotelli.fi\/~lsdoecli\/tuote\/taskulamppu-trustfire-mc1-ladattava-edc\/\",\"url\":\"https:\/\/hotelli03.domainhotelli.fi\/~lsdoecli\/tuote\/taskulamppu-trustfire-mc1-ladattava-edc\/\",\"name\":\"Taskulamppu Trustfire MC1 ladattava EDC | JV Tuonti\",\"isPartOf\":{\"@id\":\"https:\/\/hotelli03.domainhotelli.fi\/~lsdoecli\/#website\"},\"primaryImageOfPage\":{\"@id\":\"https:\/\/hotelli03.domainhotelli.fi\/~lsdoecli\/tuote\/taskulamppu-trustfire-mc1-ladattava-edc\/#primaryimage\"},\"datePublished\":\"2021-08-31T07:21:59+00:00\",\"dateModified\":\"2022-01-17T04:23:59+00:00\",\"description\":\"Trustfire MC1 ladattava taskulamppu on todella pieni ja super tehokas kokoonsa n\u00e4hden jossa on 1000 lumenin teho ja jopa 129 metrin kantama.\",\"breadcrumb\":{\"@id\":\"https:\/\/hotelli03.domainhotelli.fi\/~lsdoecli\/tuote\/taskulamppu-trustfire-mc1-ladattava-edc\/#breadcrumb\"},\"inLanguage\":\"fi\",\"potentialAction\":[{\"@type\":\"ReadAction\",\"target\":[\"https:\/\/hotelli03.domainhotelli.fi\/~lsdoecli\/tuote\/taskulamppu-trustfire-mc1-ladattava-edc\/\"]}]},{\"@type\":\"BreadcrumbList\",\"@id\":\"https:\/\/hotelli03.domainhotelli.fi\/~lsdoecli\/tuote\/taskulamppu-trustfire-mc1-ladattava-edc\/#breadcrumb\",\"itemListElement\":[{\"@type\":\"ListItem\",\"position\":1,\"name\":\"Etusivu\",\"item\":\"https:\/\/hotelli03.domainhotelli.fi\/~lsdoecli\/\"},{\"@type\":\"ListItem\",\"position\":2,\"name\":\"Kauppa\",\"item\":\"https:\/\/hotelli03.domainhotelli.fi\/~lsdoecli\/kauppa\/\"},{\"@type\":\"ListItem\",\"position\":3,\"name\":\"Taskulamppu Trustfire MC1 ladattava EDC\"}]},{\"@type\":\"PostalAddress\",\"@id\":\"https:\/\/hotelli03.domainhotelli.fi\/~lsdoecli\/tuote\/taskulamppu-trustfire-mc1-ladattava-edc\/#local-main-place-address\",\"streetAddress\":\"Pyymosantie 5a\",\"addressLocality\":\"Vantaa\",\"postalCode\":\"01720\",\"addressCountry\":\"FI\"},{\"@type\":\"ImageObject\",\"inLanguage\":\"fi\",\"@id\":\"https:\/\/hotelli03.domainhotelli.fi\/~lsdoecli\/tuote\/taskulamppu-trustfire-mc1-ladattava-edc\/#local-main-organization-logo\",\"url\":\"https:\/\/hotelli03.domainhotelli.fi\/~lsdoecli\/wp-content\/uploads\/2021\/08\/JVTuonti_logo_nelio.jpg\",\"contentUrl\":\"https:\/\/hotelli03.domainhotelli.fi\/~lsdoecli\/wp-content\/uploads\/2021\/08\/JVTuonti_logo_nelio.jpg\",\"width\":550,\"height\":550,\"caption\":\"JV Tuonti Oy\"}]}<\/script>\n<meta property=\"og:video\" content=\"https:\/\/www.youtube.com\/embed\/Qs40633xDLs\" \/>\n<meta property=\"og:video:type\" content=\"text\/html\" \/>\n<meta property=\"og:video:duration\" content=\"121\" \/>\n<meta property=\"og:video:width\" content=\"480\" \/>\n<meta property=\"og:video:height\" content=\"270\" \/>\n<meta property=\"ya:ovs:adult\" content=\"false\" \/>\n<meta property=\"ya:ovs:upload_date\" content=\"2021-08-31T07:21:59+00:00\" \/>\n<meta property=\"ya:ovs:allow_embed\" content=\"true\" \/>\n<meta property=\"product:price:amount\" content=\"76.26\" \/>\n<meta property=\"product:price:currency\" content=\"EUR\" \/>\n<meta property=\"og:availability\" content=\"instock\" \/>\n<meta property=\"product:availability\" content=\"instock\" \/>\n<meta property=\"product:retailer_item_id\" content=\"TFMC1\" \/>\n<meta property=\"product:condition\" content=\"new\" \/>\n<meta name=\"geo.placename\" content=\"Vantaa\" \/>\n<meta name=\"geo.position\" content=\"60.28431;24.81654\" \/>\n<meta name=\"geo.region\" content=\"Suomi\" \/>\n<!-- \/ Yoast SEO Premium plugin. -->","yoast_head_json":{"title":"Taskulamppu Trustfire MC1 ladattava EDC | JV Tuonti","description":"Trustfire MC1 ladattava taskulamppu on todella pieni ja super tehokas kokoonsa n\u00e4hden jossa on 1000 lumenin teho ja jopa 129 metrin kantama.","robots":{"index":"index","follow":"follow","max-snippet":"max-snippet:-1","max-image-preview":"max-image-preview:large","max-video-preview":"max-video-preview:-1"},"canonical":"https:\/\/hotelli03.domainhotelli.fi\/~lsdoecli\/tuote\/taskulamppu-trustfire-mc1-ladattava-edc\/","og_locale":"fi_FI","og_type":"article","og_title":"Taskulamppu Trustfire MC1 ladattava EDC","og_description":"Trustfire MC1 ladattava taskulamppu on todella pieni ja super tehokas kokoonsa n\u00e4hden jossa on 1000 lumenin teho ja jopa 129 metrin kantama.","og_url":"https:\/\/hotelli03.domainhotelli.fi\/~lsdoecli\/tuote\/taskulamppu-trustfire-mc1-ladattava-edc\/","og_site_name":"JV Tuonti","article_publisher":"https:\/\/www.facebook.com\/JVTuontiOy","article_modified_time":"2022-01-17T04:23:59+00:00","og_image":[{"width":1000,"height":1000,"url":"https:\/\/hotelli03.domainhotelli.fi\/~lsdoecli\/wp-content\/uploads\/2021\/08\/Taskulamppu-Trustfire-MC1-Ladattava-2.jpg","type":"image\/jpeg"}],"twitter_card":"summary_large_image","twitter_misc":{"Price":"76,26&nbsp;&euro; Alv 24%N\u00e4yt\u00e4 veroton hinta61,50&nbsp;&euro; Alv 0%N\u00e4yt\u00e4 verollinen hinta","Availability":"In stock"},"schema":{"@context":"https:\/\/schema.org","@graph":[{"@type":["Organization","Place","WholesaleStore"],"@id":"https:\/\/hotelli03.domainhotelli.fi\/~lsdoecli\/#organization","name":"JV Tuonti Oy","url":"https:\/\/hotelli03.domainhotelli.fi\/~lsdoecli\/","sameAs":["https:\/\/instagram.com\/jvtuontioy?utm_medium=copy_link","https:\/\/www.facebook.com\/JVTuontiOy"],"logo":{"@id":"https:\/\/hotelli03.domainhotelli.fi\/~lsdoecli\/tuote\/taskulamppu-trustfire-mc1-ladattava-edc\/#local-main-organization-logo"},"image":{"@id":"https:\/\/hotelli03.domainhotelli.fi\/~lsdoecli\/tuote\/taskulamppu-trustfire-mc1-ladattava-edc\/#local-main-organization-logo"},"address":{"@id":"https:\/\/hotelli03.domainhotelli.fi\/~lsdoecli\/tuote\/taskulamppu-trustfire-mc1-ladattava-edc\/#local-main-place-address"},"geo":{"@type":"GeoCoordinates","latitude":"60.28431","longitude":"24.81654"},"telephone":["0408369980"],"openingHoursSpecification":[{"@type":"OpeningHoursSpecification","dayOfWeek":["Monday","Tuesday","Wednesday","Thursday","Friday"],"opens":"08:00","closes":"16:00"},{"@type":"OpeningHoursSpecification","dayOfWeek":["Saturday","Sunday"],"opens":"00:00","closes":"00:00"}],"email":"myynti@hotelli03.domainhotelli.fi","areaServed":"Suomi, Ruotsi","vatID":"FI30178387","priceRange":"$$","currenciesAccepted":"\u20ac","paymentAccepted":"Lasku, pankkikortti"},{"@type":"WebSite","@id":"https:\/\/hotelli03.domainhotelli.fi\/~lsdoecli\/#website","url":"https:\/\/hotelli03.domainhotelli.fi\/~lsdoecli\/","name":"JV Tuonti","description":"JV Tuonti Oy:n verkkokauppa","publisher":{"@id":"https:\/\/hotelli03.domainhotelli.fi\/~lsdoecli\/#organization"},"potentialAction":[{"@type":"SearchAction","target":{"@type":"EntryPoint","urlTemplate":"https:\/\/hotelli03.domainhotelli.fi\/~lsdoecli\/?s={search_term_string}"},"query-input":"required name=search_term_string"}],"inLanguage":"fi"},{"@type":"ImageObject","inLanguage":"fi","@id":"https:\/\/hotelli03.domainhotelli.fi\/~lsdoecli\/tuote\/taskulamppu-trustfire-mc1-ladattava-edc\/#primaryimage","url":"https:\/\/hotelli03.domainhotelli.fi\/~lsdoecli\/wp-content\/uploads\/2021\/08\/Taskulamppu-Trustfire-MC1-Ladattava-2.jpg","contentUrl":"https:\/\/hotelli03.domainhotelli.fi\/~lsdoecli\/wp-content\/uploads\/2021\/08\/Taskulamppu-Trustfire-MC1-Ladattava-2.jpg","width":1000,"height":1000,"caption":"Taskulamppu Trustfire MC1 Ladattava"},{"@type":"WebPage","@id":"https:\/\/hotelli03.domainhotelli.fi\/~lsdoecli\/tuote\/taskulamppu-trustfire-mc1-ladattava-edc\/","url":"https:\/\/hotelli03.domainhotelli.fi\/~lsdoecli\/tuote\/taskulamppu-trustfire-mc1-ladattava-edc\/","name":"Taskulamppu Trustfire MC1 ladattava EDC | JV Tuonti","isPartOf":{"@id":"https:\/\/hotelli03.domainhotelli.fi\/~lsdoecli\/#website"},"primaryImageOfPage":{"@id":"https:\/\/hotelli03.domainhotelli.fi\/~lsdoecli\/tuote\/taskulamppu-trustfire-mc1-ladattava-edc\/#primaryimage"},"datePublished":"2021-08-31T07:21:59+00:00","dateModified":"2022-01-17T04:23:59+00:00","description":"Trustfire MC1 ladattava taskulamppu on todella pieni ja super tehokas kokoonsa n\u00e4hden jossa on 1000 lumenin teho ja jopa 129 metrin kantama.","breadcrumb":{"@id":"https:\/\/hotelli03.domainhotelli.fi\/~lsdoecli\/tuote\/taskulamppu-trustfire-mc1-ladattava-edc\/#breadcrumb"},"inLanguage":"fi","potentialAction":[{"@type":"ReadAction","target":["https:\/\/hotelli03.domainhotelli.fi\/~lsdoecli\/tuote\/taskulamppu-trustfire-mc1-ladattava-edc\/"]}]},{"@type":"BreadcrumbList","@id":"https:\/\/hotelli03.domainhotelli.fi\/~lsdoecli\/tuote\/taskulamppu-trustfire-mc1-ladattava-edc\/#breadcrumb","itemListElement":[{"@type":"ListItem","position":1,"name":"Etusivu","item":"https:\/\/hotelli03.domainhotelli.fi\/~lsdoecli\/"},{"@type":"ListItem","position":2,"name":"Kauppa","item":"https:\/\/hotelli03.domainhotelli.fi\/~lsdoecli\/kauppa\/"},{"@type":"ListItem","position":3,"name":"Taskulamppu Trustfire MC1 ladattava EDC"}]},{"@type":"PostalAddress","@id":"https:\/\/hotelli03.domainhotelli.fi\/~lsdoecli\/tuote\/taskulamppu-trustfire-mc1-ladattava-edc\/#local-main-place-address","streetAddress":"Pyymosantie 5a","addressLocality":"Vantaa","postalCode":"01720","addressCountry":"FI"},{"@type":"ImageObject","inLanguage":"fi","@id":"https:\/\/hotelli03.domainhotelli.fi\/~lsdoecli\/tuote\/taskulamppu-trustfire-mc1-ladattava-edc\/#local-main-organization-logo","url":"https:\/\/hotelli03.domainhotelli.fi\/~lsdoecli\/wp-content\/uploads\/2021\/08\/JVTuonti_logo_nelio.jpg","contentUrl":"https:\/\/hotelli03.domainhotelli.fi\/~lsdoecli\/wp-content\/uploads\/2021\/08\/JVTuonti_logo_nelio.jpg","width":550,"height":550,"caption":"JV Tuonti Oy"}]},"og_video":"https:\/\/www.youtube.com\/embed\/Qs40633xDLs","og_video_type":"text\/html","og_video_duration":"121","og_video_width":"480","og_video_height":"270","ya_ovs_adult":"false","ya_ovs_upload_date":"2021-08-31T07:21:59+00:00","ya_ovs_allow_embed":"true","product_price_amount":"76.26","product_price_currency":"EUR","og_availability":"instock","product_availability":"instock","product_retailer_item_id":"TFMC1","product_condition":"new","geo.placename":"Vantaa","geo.position":{"lat":"60.28431","long":"24.81654"},"geo.region":"Suomi"},"_links":{"self":[{"href":"https:\/\/hotelli03.domainhotelli.fi\/~lsdoecli\/wp-json\/wp\/v2\/product\/5824"}],"collection":[{"href":"https:\/\/hotelli03.domainhotelli.fi\/~lsdoecli\/wp-json\/wp\/v2\/product"}],"about":[{"href":"https:\/\/hotelli03.domainhotelli.fi\/~lsdoecli\/wp-json\/wp\/v2\/types\/product"}],"replies":[{"embeddable":true,"href":"https:\/\/hotelli03.domainhotelli.fi\/~lsdoecli\/wp-json\/wp\/v2\/comments?post=5824"}],"wp:featuredmedia":[{"embeddable":true,"href":"https:\/\/hotelli03.domainhotelli.fi\/~lsdoecli\/wp-json\/wp\/v2\/media\/5829"}],"wp:attachment":[{"href":"https:\/\/hotelli03.domainhotelli.fi\/~lsdoecli\/wp-json\/wp\/v2\/media?parent=5824"}],"wp:term":[{"taxonomy":"product_cat","embeddable":true,"href":"https:\/\/hotelli03.domainhotelli.fi\/~lsdoecli\/wp-json\/wp\/v2\/product_cat?post=5824"},{"taxonomy":"product_tag","embeddable":true,"href":"https:\/\/hotelli03.domainhotelli.fi\/~lsdoecli\/wp-json\/wp\/v2\/product_tag?post=5824"}],"curies":[{"name":"wp","href":"https:\/\/api.w.org\/{rel}","templated":true}]}}