{"id":5785,"date":"2021-08-25T12:16:50","date_gmt":"2021-08-25T12:16:50","guid":{"rendered":"https:\/\/hotelli03.domainhotelli.fi\/~lsdoecli\/?post_type=product&#038;p=5785"},"modified":"2022-06-09T12:05:22","modified_gmt":"2022-06-09T12:05:22","slug":"tarinaneristin-vibro-qh-f-aanieristys-alakatoille","status":"publish","type":"product","link":"https:\/\/hotelli03.domainhotelli.fi\/~lsdoecli\/tuote\/tarinaneristin-vibro-qh-f-aanieristys-alakatoille\/","title":{"rendered":"T\u00e4rin\u00e4neristin Vibro-QH.F joustavasti ripustetut \u00e4\u00e4nieristys alakatot"},"content":{"rendered":"<h1><strong>T\u00e4rin\u00e4neristin Vibro-QH.F joustavasti ripustetut \u00e4\u00e4nieristys alakatot<\/strong><\/h1>\n<p>T\u00e4rin\u00e4neristin Vibro-QH.F joustavasti ripustetuille \u00e4\u00e4nieristys alakatoille on t\u00e4rin\u00e4\u00e4 vaimentava ripustin, jossa on Quick &amp; Easy -liit\u00e4nt\u00e4\u00e4 sis\u00e4katon GK rankaa varten. T\u00e4rin\u00e4neristin painetaan paikoilleen GK alakattorankaan ja t\u00e4rin\u00e4neristin lukittuu paikoilleen, mik\u00e4 nopeuttaa asennusta ja asennus on eritt\u00e4in helppo.<\/p>\n<p>T\u00e4rin\u00e4neristin on yhteensopiva Gyproc GK1 pitkitt\u00e4iskannattajan, Knauf alakattoranka CD60\/27 sek\u00e4 muiden valmistajien GK ja CD standardin mukaisiin alakattorankojen kanssa,\u00a0joiden mitat ovat 60 x 27 mm (alakatot) DIN 18182-1 mukaan.<\/p>\n<h2><strong>T\u00e4rin\u00e4neristin Vibro-QH.F on nopea asentaa ja s\u00e4\u00e4st\u00e4\u00e4 ty\u00f6kustannuksia<\/strong><\/h2>\n<p>T\u00e4rin\u00e4neristin painetaan paikoilleen GK rankaan ja t\u00e4rin\u00e4neristin lukittuu paikoilleen, mik\u00e4 nopeuttaa asennusta ja asennus on eritt\u00e4in helppo. T\u00e4rin\u00e4neristint\u00e4 ei tarvitse ruuvata rankan kiinni.<\/p>\n<p>Ripustimen joustava elementti on Regufoam\u00ae materiaalia.\u00a0Regufoam\u00ae on\u00a0korkean teknologian polyuretaanivaahto, jossa on puoliksi suljetut solut. Joustavaa elementti\u00e4 minimoi \u00e4\u00e4nen ja t\u00e4rin\u00e4n siirtymist\u00e4 rakenteiden kautta.<\/p>\n<h2><strong>T\u00e4rin\u00e4eristin k\u00e4ytt\u00f6kohteet \u00e4\u00e4nieristys<\/strong><\/h2>\n<p>\u00c4\u00e4nieristys ripustinta voidaan k\u00e4ytt\u00e4\u00e4 ripustetuissa \u00e4\u00e4nieristys alakatoissa joissa on kipsilevy tai EK kipsilevy, sek\u00e4 \u00a0ilmastointikoneiden, tuulettimien, ilmastointikanavien, putkien ripustamiseen ja niiden \u00e4\u00e4nieristykseen ja t\u00e4rin\u00e4nvaimennukseen.<\/p>\n<p>T\u00e4rin\u00e4neristys ripustinta on saatavilla kolmea eri kokoa:<\/p>\n<ul>\n<li>Vibro-QH.F.20 (12) 12 mm edullisempi ratkaisu, maksimi kuorma 20 kg\/kpl<\/li>\n<li>Vibro-QH.F.20 (25) 25 mm parempi t\u00e4rin\u00e4nhallinta, maksimi kuorma 20 kg\/kpl<\/li>\n<li>Vibro-QH.F.50 (12) 12 mm edullisempi ratkaisu, maksimi kuorma 50 kg\/kpl<\/li>\n<li>Vibro-QH.F.50 (25) 25 mm parempi t\u00e4rin\u00e4nhallinta, maksimi kuorma 50 kg\/kpl<\/li>\n<\/ul>\n<p>T\u00e4rin\u00e4eristimen teoreettinen t\u00e4rin\u00e4nvaimennus:<\/p>\n<ul>\n<li>40 dB &#8211; 99%<\/li>\n<li>30 dB &#8211; 97 %<\/li>\n<li>20 dB &#8211; 90 %<\/li>\n<li>10 dB &#8211; 67 %<\/li>\n<\/ul>\n<h2><strong>T\u00e4rin\u00e4eristin asennusohje<\/strong><\/h2>\n<p>T\u00e4rin\u00e4neristin ripustetaan holvista M6 kierretangolla<\/p>\n<ul>\n<li>poraa reik\u00e4 l\u00f6yntiankkurille <a href=\"https:\/\/hotelli03.domainhotelli.fi\/~lsdoecli\/tuote\/jvt-porantera-sds-plus-s4-8x260mm-4-leikkuinen\/\">8mm kiviporanter\u00e4ll\u00e4<\/a><\/li>\n<li>asenna reik\u00e4\u00e4n<a href=\"https:\/\/hotelli03.domainhotelli.fi\/~lsdoecli\/tuote\/lyontiankkuri-kauluksella-he-cl\/\"> ly\u00f6ntiankkuri M6<\/a> tai betoniruuvi sis\u00e4kierteell\u00e4<\/li>\n<li>tarkista alakaton korko ja leikkaa kierretanko\u00a0sopivan pituiseksi.<\/li>\n<li>Asenna <a href=\"https:\/\/hotelli03.domainhotelli.fi\/~lsdoecli\/tuote\/kierretanko-rv-zn-m6-x-1-000-mm\/\">kierretanko M6<\/a> paikoilleen. Alakaton korkeuden asemointi onnistuu helpoiten vihre\u00e4n linjalaserin kanssa.<\/li>\n<li>lukitse kierretanko ja t\u00e4rin\u00e4nvaimennus ripustin <a href=\"https:\/\/hotelli03.domainhotelli.fi\/~lsdoecli\/tuote\/nylock-mutteri-m6-din-985-sinkitty-500kpl-pakkaus\/\">M6 mutterilla<\/a><\/li>\n<li>asenna alakaton GK1 tai CD60 ranka paikoilleen, ranka painetaan t\u00e4rin\u00e4eristimeen ja se lukittuu automaattisesti<\/li>\n<li>asennus kipsilevy alakattorankaan<\/li>\n<\/ul>\n<p>Ripustusj\u00e4rjestelm\u00e4n jako tai t\u00e4rin\u00e4eristimien m\u00e4\u00e4r\u00e4 on m\u00e4\u00e4ritetty rakennustapaselosteessa tai akustisessa ty\u00f6selostuksessa. Jos t\u00e4rin\u00e4vaimennimien m\u00e4\u00e4r\u00e4 ei ole m\u00e4\u00e4ritetty, voit laskea m\u00e4\u00e4r\u00e4n itse k\u00e4ytt\u00e4m\u00e4ll\u00e4 apuna sallittua maksimikuormitusta per ripustin.<\/p>\n<p>Joustavasti ripustetun alakattolevytyksen ja sen ymp\u00e4r\u00f6ivien rakenteiden v\u00e4lille ei saa synty\u00e4 \u00a0j\u00e4ykk\u00e4\u00e4 yhteytt\u00e4. \u00c4\u00e4nieristys alakaton ja sit\u00e4 ymp\u00e4r\u00f6ivien rakenteiden v\u00e4liin j\u00e4tet\u00e4\u00e4n n. 7 \u2013 10 mm leve\u00e4 rako, joka tiivistet\u00e4\u00e4n elastisella massalla. \u00c4\u00e4nieristysalakaton levytyksen tulee laskeutua vapaasti joustavan ripustusj\u00e4rjestelm\u00e4n varaan. Rakenteen joustavuutta ei saa heikent\u00e4\u00e4 asennuksilla,<span class=\"Apple-converted-space\">\u00a0<\/span>joita tehd\u00e4\u00e4n sen yl\u00e4- tai alapuolelle.<\/p>\n<p>&nbsp;<\/p>\n<p>Valmistaja: ALPHA ACOUSTIKI Ltd<\/p>\n<p>&nbsp;<\/p>\n<p><a href=\"https:\/\/hotelli03.domainhotelli.fi\/~lsdoecli\/tuote-osasto\/tarinanvaimennus-ja-aanieristys\/\">Katso my\u00f6s muut t\u00e4rin\u00e4nvaimennus tuotteet t\u00e4st\u00e4!<\/a><\/p>\n","protected":false},"excerpt":{"rendered":"<p>\u00c4\u00e4nieristys alakatolle tarkoitettu t\u00e4rin\u00e4neristin Vibro-QH.F pikalukituksella, yhteensopiva GK1 pitkitt\u00e4iskannattajaan ja CD alakattorunkoon. Helppo ja nopea asentaa. Akustisiin kipsilevyalakattoihin.<\/p>\n<p><a href=\"https:\/\/hotelli03.domainhotelli.fi\/~lsdoecli\/wp-content\/uploads\/2021\/08\/Vibro-QH.F-tarinaneristin-aanieristys-alakatoille-taulukko.png\"><img loading=\"lazy\" class=\"alignnone size-medium wp-image-8528\" src=\"https:\/\/hotelli03.domainhotelli.fi\/~lsdoecli\/wp-content\/uploads\/2021\/08\/Vibro-QH.F-tarinaneristin-aanieristys-alakatoille-taulukko-300x130.png\" alt=\"Vibro-QH.F t\u00e4rin\u00e4neristin \u00e4\u00e4nieristys alakatoille\" width=\"300\" height=\"130\" \/><\/a><\/p>\n","protected":false},"featured_media":5790,"comment_status":"open","ping_status":"closed","template":"","meta":[],"product_cat":[832],"product_tag":[838,844,843],"yoast_head":"<!-- This site is optimized with the Yoast SEO Premium plugin v18.9 (Yoast SEO v19.3) - https:\/\/yoast.com\/wordpress\/plugins\/seo\/ -->\n<title>T\u00e4rin\u00e4neristin Vibro-QH.F joustavasti ripustetut \u00e4\u00e4nieristys alakatot<\/title>\n<meta name=\"description\" content=\"T\u00e4rin\u00e4neristin Vibro-QH.F joustavasti ripustetuille \u00e4\u00e4nieristys alakatoille. Regufoam\u00ae t\u00e4rin\u00e4nvaimmennus materiaali. Nopea ja helppo asentaa.\" \/>\n<meta name=\"robots\" content=\"index, follow, max-snippet:-1, max-image-preview:large, max-video-preview:-1\" \/>\n<link rel=\"canonical\" href=\"https:\/\/hotelli03.domainhotelli.fi\/~lsdoecli\/tuote\/tarinaneristin-vibro-qh-f-aanieristys-alakatoille\/\" \/>\n<meta property=\"og:locale\" content=\"fi_FI\" \/>\n<meta property=\"og:type\" content=\"article\" \/>\n<meta property=\"og:title\" content=\"T\u00e4rin\u00e4neristin Vibro-QH.F joustavasti ripustetut \u00e4\u00e4nieristys alakatot\" \/>\n<meta property=\"og:description\" content=\"T\u00e4rin\u00e4neristin Vibro-QH.F joustavasti ripustetuille \u00e4\u00e4nieristys alakatoille. Regufoam\u00ae t\u00e4rin\u00e4nvaimmennus materiaali. Nopea ja helppo asentaa.\" \/>\n<meta property=\"og:url\" content=\"https:\/\/hotelli03.domainhotelli.fi\/~lsdoecli\/tuote\/tarinaneristin-vibro-qh-f-aanieristys-alakatoille\/\" \/>\n<meta property=\"og:site_name\" content=\"JV Tuonti\" \/>\n<meta property=\"article:publisher\" content=\"https:\/\/www.facebook.com\/JVTuontiOy\" \/>\n<meta property=\"article:modified_time\" content=\"2022-06-09T12:05:22+00:00\" \/>\n<meta property=\"og:image\" content=\"https:\/\/hotelli03.domainhotelli.fi\/~lsdoecli\/wp-content\/uploads\/2021\/08\/Aanieristys-alakatolle-Vibro-QH.jpg\" \/>\n\t<meta property=\"og:image:width\" content=\"280\" \/>\n\t<meta property=\"og:image:height\" content=\"210\" \/>\n\t<meta property=\"og:image:type\" content=\"image\/jpeg\" \/>\n<meta name=\"twitter:card\" content=\"summary_large_image\" \/>\n<meta name=\"twitter:label1\" content=\"Availability\" \/>\n\t<meta name=\"twitter:data1\" content=\"In stock\" \/>\n<script type=\"application\/ld+json\" class=\"yoast-schema-graph\">{\"@context\":\"https:\/\/schema.org\",\"@graph\":[{\"@type\":[\"Organization\",\"Place\",\"WholesaleStore\"],\"@id\":\"https:\/\/hotelli03.domainhotelli.fi\/~lsdoecli\/#organization\",\"name\":\"JV Tuonti Oy\",\"url\":\"https:\/\/hotelli03.domainhotelli.fi\/~lsdoecli\/\",\"sameAs\":[\"https:\/\/instagram.com\/jvtuontioy?utm_medium=copy_link\",\"https:\/\/www.facebook.com\/JVTuontiOy\"],\"logo\":{\"@id\":\"https:\/\/hotelli03.domainhotelli.fi\/~lsdoecli\/tuote\/tarinaneristin-vibro-qh-f-aanieristys-alakatoille\/#local-main-organization-logo\"},\"image\":{\"@id\":\"https:\/\/hotelli03.domainhotelli.fi\/~lsdoecli\/tuote\/tarinaneristin-vibro-qh-f-aanieristys-alakatoille\/#local-main-organization-logo\"},\"address\":{\"@id\":\"https:\/\/hotelli03.domainhotelli.fi\/~lsdoecli\/tuote\/tarinaneristin-vibro-qh-f-aanieristys-alakatoille\/#local-main-place-address\"},\"geo\":{\"@type\":\"GeoCoordinates\",\"latitude\":\"60.28431\",\"longitude\":\"24.81654\"},\"telephone\":[\"0408369980\"],\"openingHoursSpecification\":[{\"@type\":\"OpeningHoursSpecification\",\"dayOfWeek\":[\"Monday\",\"Tuesday\",\"Wednesday\",\"Thursday\",\"Friday\"],\"opens\":\"08:00\",\"closes\":\"16:00\"},{\"@type\":\"OpeningHoursSpecification\",\"dayOfWeek\":[\"Saturday\",\"Sunday\"],\"opens\":\"00:00\",\"closes\":\"00:00\"}],\"email\":\"myynti@hotelli03.domainhotelli.fi\",\"areaServed\":\"Suomi, Ruotsi\",\"vatID\":\"FI30178387\",\"priceRange\":\"$$\",\"currenciesAccepted\":\"\u20ac\",\"paymentAccepted\":\"Lasku, pankkikortti\"},{\"@type\":\"WebSite\",\"@id\":\"https:\/\/hotelli03.domainhotelli.fi\/~lsdoecli\/#website\",\"url\":\"https:\/\/hotelli03.domainhotelli.fi\/~lsdoecli\/\",\"name\":\"JV Tuonti\",\"description\":\"JV Tuonti Oy:n verkkokauppa\",\"publisher\":{\"@id\":\"https:\/\/hotelli03.domainhotelli.fi\/~lsdoecli\/#organization\"},\"potentialAction\":[{\"@type\":\"SearchAction\",\"target\":{\"@type\":\"EntryPoint\",\"urlTemplate\":\"https:\/\/hotelli03.domainhotelli.fi\/~lsdoecli\/?s={search_term_string}\"},\"query-input\":\"required name=search_term_string\"}],\"inLanguage\":\"fi\"},{\"@type\":\"ImageObject\",\"inLanguage\":\"fi\",\"@id\":\"https:\/\/hotelli03.domainhotelli.fi\/~lsdoecli\/tuote\/tarinaneristin-vibro-qh-f-aanieristys-alakatoille\/#primaryimage\",\"url\":\"https:\/\/hotelli03.domainhotelli.fi\/~lsdoecli\/wp-content\/uploads\/2021\/08\/Aanieristys-alakatolle-Vibro-QH.jpg\",\"contentUrl\":\"https:\/\/hotelli03.domainhotelli.fi\/~lsdoecli\/wp-content\/uploads\/2021\/08\/Aanieristys-alakatolle-Vibro-QH.jpg\",\"width\":280,\"height\":210,\"caption\":\"T\u00e4rin\u00e4neristin Vibro-QH.F \u00e4\u00e4nieristys alakatolle\"},{\"@type\":\"WebPage\",\"@id\":\"https:\/\/hotelli03.domainhotelli.fi\/~lsdoecli\/tuote\/tarinaneristin-vibro-qh-f-aanieristys-alakatoille\/\",\"url\":\"https:\/\/hotelli03.domainhotelli.fi\/~lsdoecli\/tuote\/tarinaneristin-vibro-qh-f-aanieristys-alakatoille\/\",\"name\":\"T\u00e4rin\u00e4neristin Vibro-QH.F joustavasti ripustetut \u00e4\u00e4nieristys alakatot\",\"isPartOf\":{\"@id\":\"https:\/\/hotelli03.domainhotelli.fi\/~lsdoecli\/#website\"},\"primaryImageOfPage\":{\"@id\":\"https:\/\/hotelli03.domainhotelli.fi\/~lsdoecli\/tuote\/tarinaneristin-vibro-qh-f-aanieristys-alakatoille\/#primaryimage\"},\"datePublished\":\"2021-08-25T12:16:50+00:00\",\"dateModified\":\"2022-06-09T12:05:22+00:00\",\"description\":\"T\u00e4rin\u00e4neristin Vibro-QH.F joustavasti ripustetuille \u00e4\u00e4nieristys alakatoille. Regufoam\u00ae t\u00e4rin\u00e4nvaimmennus materiaali. Nopea ja helppo asentaa.\",\"breadcrumb\":{\"@id\":\"https:\/\/hotelli03.domainhotelli.fi\/~lsdoecli\/tuote\/tarinaneristin-vibro-qh-f-aanieristys-alakatoille\/#breadcrumb\"},\"inLanguage\":\"fi\",\"potentialAction\":[{\"@type\":\"ReadAction\",\"target\":[\"https:\/\/hotelli03.domainhotelli.fi\/~lsdoecli\/tuote\/tarinaneristin-vibro-qh-f-aanieristys-alakatoille\/\"]}]},{\"@type\":\"BreadcrumbList\",\"@id\":\"https:\/\/hotelli03.domainhotelli.fi\/~lsdoecli\/tuote\/tarinaneristin-vibro-qh-f-aanieristys-alakatoille\/#breadcrumb\",\"itemListElement\":[{\"@type\":\"ListItem\",\"position\":1,\"name\":\"Etusivu\",\"item\":\"https:\/\/hotelli03.domainhotelli.fi\/~lsdoecli\/\"},{\"@type\":\"ListItem\",\"position\":2,\"name\":\"Kauppa\",\"item\":\"https:\/\/hotelli03.domainhotelli.fi\/~lsdoecli\/kauppa\/\"},{\"@type\":\"ListItem\",\"position\":3,\"name\":\"T\u00e4rin\u00e4neristin Vibro-QH.F joustavasti ripustetut \u00e4\u00e4nieristys alakatot\"}]},{\"@type\":\"PostalAddress\",\"@id\":\"https:\/\/hotelli03.domainhotelli.fi\/~lsdoecli\/tuote\/tarinaneristin-vibro-qh-f-aanieristys-alakatoille\/#local-main-place-address\",\"streetAddress\":\"Pyymosantie 5a\",\"addressLocality\":\"Vantaa\",\"postalCode\":\"01720\",\"addressCountry\":\"FI\"},{\"@type\":\"ImageObject\",\"inLanguage\":\"fi\",\"@id\":\"https:\/\/hotelli03.domainhotelli.fi\/~lsdoecli\/tuote\/tarinaneristin-vibro-qh-f-aanieristys-alakatoille\/#local-main-organization-logo\",\"url\":\"https:\/\/hotelli03.domainhotelli.fi\/~lsdoecli\/wp-content\/uploads\/2021\/08\/JVTuonti_logo_nelio.jpg\",\"contentUrl\":\"https:\/\/hotelli03.domainhotelli.fi\/~lsdoecli\/wp-content\/uploads\/2021\/08\/JVTuonti_logo_nelio.jpg\",\"width\":550,\"height\":550,\"caption\":\"JV Tuonti Oy\"}]}<\/script>\n<meta property=\"og:availability\" content=\"instock\" \/>\n<meta property=\"product:availability\" content=\"instock\" \/>\n<meta property=\"product:condition\" content=\"new\" \/>\n<meta name=\"geo.placename\" content=\"Vantaa\" \/>\n<meta name=\"geo.position\" content=\"60.28431;24.81654\" \/>\n<meta name=\"geo.region\" content=\"Suomi\" \/>\n<!-- \/ Yoast SEO Premium plugin. -->","yoast_head_json":{"title":"T\u00e4rin\u00e4neristin Vibro-QH.F joustavasti ripustetut \u00e4\u00e4nieristys alakatot","description":"T\u00e4rin\u00e4neristin Vibro-QH.F joustavasti ripustetuille \u00e4\u00e4nieristys alakatoille. Regufoam\u00ae t\u00e4rin\u00e4nvaimmennus materiaali. Nopea ja helppo asentaa.","robots":{"index":"index","follow":"follow","max-snippet":"max-snippet:-1","max-image-preview":"max-image-preview:large","max-video-preview":"max-video-preview:-1"},"canonical":"https:\/\/hotelli03.domainhotelli.fi\/~lsdoecli\/tuote\/tarinaneristin-vibro-qh-f-aanieristys-alakatoille\/","og_locale":"fi_FI","og_type":"article","og_title":"T\u00e4rin\u00e4neristin Vibro-QH.F joustavasti ripustetut \u00e4\u00e4nieristys alakatot","og_description":"T\u00e4rin\u00e4neristin Vibro-QH.F joustavasti ripustetuille \u00e4\u00e4nieristys alakatoille. Regufoam\u00ae t\u00e4rin\u00e4nvaimmennus materiaali. Nopea ja helppo asentaa.","og_url":"https:\/\/hotelli03.domainhotelli.fi\/~lsdoecli\/tuote\/tarinaneristin-vibro-qh-f-aanieristys-alakatoille\/","og_site_name":"JV Tuonti","article_publisher":"https:\/\/www.facebook.com\/JVTuontiOy","article_modified_time":"2022-06-09T12:05:22+00:00","og_image":[{"width":280,"height":210,"url":"https:\/\/hotelli03.domainhotelli.fi\/~lsdoecli\/wp-content\/uploads\/2021\/08\/Aanieristys-alakatolle-Vibro-QH.jpg","type":"image\/jpeg"}],"twitter_card":"summary_large_image","twitter_misc":{"Availability":"In stock"},"schema":{"@context":"https:\/\/schema.org","@graph":[{"@type":["Organization","Place","WholesaleStore"],"@id":"https:\/\/hotelli03.domainhotelli.fi\/~lsdoecli\/#organization","name":"JV Tuonti Oy","url":"https:\/\/hotelli03.domainhotelli.fi\/~lsdoecli\/","sameAs":["https:\/\/instagram.com\/jvtuontioy?utm_medium=copy_link","https:\/\/www.facebook.com\/JVTuontiOy"],"logo":{"@id":"https:\/\/hotelli03.domainhotelli.fi\/~lsdoecli\/tuote\/tarinaneristin-vibro-qh-f-aanieristys-alakatoille\/#local-main-organization-logo"},"image":{"@id":"https:\/\/hotelli03.domainhotelli.fi\/~lsdoecli\/tuote\/tarinaneristin-vibro-qh-f-aanieristys-alakatoille\/#local-main-organization-logo"},"address":{"@id":"https:\/\/hotelli03.domainhotelli.fi\/~lsdoecli\/tuote\/tarinaneristin-vibro-qh-f-aanieristys-alakatoille\/#local-main-place-address"},"geo":{"@type":"GeoCoordinates","latitude":"60.28431","longitude":"24.81654"},"telephone":["0408369980"],"openingHoursSpecification":[{"@type":"OpeningHoursSpecification","dayOfWeek":["Monday","Tuesday","Wednesday","Thursday","Friday"],"opens":"08:00","closes":"16:00"},{"@type":"OpeningHoursSpecification","dayOfWeek":["Saturday","Sunday"],"opens":"00:00","closes":"00:00"}],"email":"myynti@hotelli03.domainhotelli.fi","areaServed":"Suomi, Ruotsi","vatID":"FI30178387","priceRange":"$$","currenciesAccepted":"\u20ac","paymentAccepted":"Lasku, pankkikortti"},{"@type":"WebSite","@id":"https:\/\/hotelli03.domainhotelli.fi\/~lsdoecli\/#website","url":"https:\/\/hotelli03.domainhotelli.fi\/~lsdoecli\/","name":"JV Tuonti","description":"JV Tuonti Oy:n verkkokauppa","publisher":{"@id":"https:\/\/hotelli03.domainhotelli.fi\/~lsdoecli\/#organization"},"potentialAction":[{"@type":"SearchAction","target":{"@type":"EntryPoint","urlTemplate":"https:\/\/hotelli03.domainhotelli.fi\/~lsdoecli\/?s={search_term_string}"},"query-input":"required name=search_term_string"}],"inLanguage":"fi"},{"@type":"ImageObject","inLanguage":"fi","@id":"https:\/\/hotelli03.domainhotelli.fi\/~lsdoecli\/tuote\/tarinaneristin-vibro-qh-f-aanieristys-alakatoille\/#primaryimage","url":"https:\/\/hotelli03.domainhotelli.fi\/~lsdoecli\/wp-content\/uploads\/2021\/08\/Aanieristys-alakatolle-Vibro-QH.jpg","contentUrl":"https:\/\/hotelli03.domainhotelli.fi\/~lsdoecli\/wp-content\/uploads\/2021\/08\/Aanieristys-alakatolle-Vibro-QH.jpg","width":280,"height":210,"caption":"T\u00e4rin\u00e4neristin Vibro-QH.F \u00e4\u00e4nieristys alakatolle"},{"@type":"WebPage","@id":"https:\/\/hotelli03.domainhotelli.fi\/~lsdoecli\/tuote\/tarinaneristin-vibro-qh-f-aanieristys-alakatoille\/","url":"https:\/\/hotelli03.domainhotelli.fi\/~lsdoecli\/tuote\/tarinaneristin-vibro-qh-f-aanieristys-alakatoille\/","name":"T\u00e4rin\u00e4neristin Vibro-QH.F joustavasti ripustetut \u00e4\u00e4nieristys alakatot","isPartOf":{"@id":"https:\/\/hotelli03.domainhotelli.fi\/~lsdoecli\/#website"},"primaryImageOfPage":{"@id":"https:\/\/hotelli03.domainhotelli.fi\/~lsdoecli\/tuote\/tarinaneristin-vibro-qh-f-aanieristys-alakatoille\/#primaryimage"},"datePublished":"2021-08-25T12:16:50+00:00","dateModified":"2022-06-09T12:05:22+00:00","description":"T\u00e4rin\u00e4neristin Vibro-QH.F joustavasti ripustetuille \u00e4\u00e4nieristys alakatoille. Regufoam\u00ae t\u00e4rin\u00e4nvaimmennus materiaali. Nopea ja helppo asentaa.","breadcrumb":{"@id":"https:\/\/hotelli03.domainhotelli.fi\/~lsdoecli\/tuote\/tarinaneristin-vibro-qh-f-aanieristys-alakatoille\/#breadcrumb"},"inLanguage":"fi","potentialAction":[{"@type":"ReadAction","target":["https:\/\/hotelli03.domainhotelli.fi\/~lsdoecli\/tuote\/tarinaneristin-vibro-qh-f-aanieristys-alakatoille\/"]}]},{"@type":"BreadcrumbList","@id":"https:\/\/hotelli03.domainhotelli.fi\/~lsdoecli\/tuote\/tarinaneristin-vibro-qh-f-aanieristys-alakatoille\/#breadcrumb","itemListElement":[{"@type":"ListItem","position":1,"name":"Etusivu","item":"https:\/\/hotelli03.domainhotelli.fi\/~lsdoecli\/"},{"@type":"ListItem","position":2,"name":"Kauppa","item":"https:\/\/hotelli03.domainhotelli.fi\/~lsdoecli\/kauppa\/"},{"@type":"ListItem","position":3,"name":"T\u00e4rin\u00e4neristin Vibro-QH.F joustavasti ripustetut \u00e4\u00e4nieristys alakatot"}]},{"@type":"PostalAddress","@id":"https:\/\/hotelli03.domainhotelli.fi\/~lsdoecli\/tuote\/tarinaneristin-vibro-qh-f-aanieristys-alakatoille\/#local-main-place-address","streetAddress":"Pyymosantie 5a","addressLocality":"Vantaa","postalCode":"01720","addressCountry":"FI"},{"@type":"ImageObject","inLanguage":"fi","@id":"https:\/\/hotelli03.domainhotelli.fi\/~lsdoecli\/tuote\/tarinaneristin-vibro-qh-f-aanieristys-alakatoille\/#local-main-organization-logo","url":"https:\/\/hotelli03.domainhotelli.fi\/~lsdoecli\/wp-content\/uploads\/2021\/08\/JVTuonti_logo_nelio.jpg","contentUrl":"https:\/\/hotelli03.domainhotelli.fi\/~lsdoecli\/wp-content\/uploads\/2021\/08\/JVTuonti_logo_nelio.jpg","width":550,"height":550,"caption":"JV Tuonti Oy"}]},"og_availability":"instock","product_availability":"instock","product_condition":"new","geo.placename":"Vantaa","geo.position":{"lat":"60.28431","long":"24.81654"},"geo.region":"Suomi"},"_links":{"self":[{"href":"https:\/\/hotelli03.domainhotelli.fi\/~lsdoecli\/wp-json\/wp\/v2\/product\/5785"}],"collection":[{"href":"https:\/\/hotelli03.domainhotelli.fi\/~lsdoecli\/wp-json\/wp\/v2\/product"}],"about":[{"href":"https:\/\/hotelli03.domainhotelli.fi\/~lsdoecli\/wp-json\/wp\/v2\/types\/product"}],"replies":[{"embeddable":true,"href":"https:\/\/hotelli03.domainhotelli.fi\/~lsdoecli\/wp-json\/wp\/v2\/comments?post=5785"}],"wp:featuredmedia":[{"embeddable":true,"href":"https:\/\/hotelli03.domainhotelli.fi\/~lsdoecli\/wp-json\/wp\/v2\/media\/5790"}],"wp:attachment":[{"href":"https:\/\/hotelli03.domainhotelli.fi\/~lsdoecli\/wp-json\/wp\/v2\/media?parent=5785"}],"wp:term":[{"taxonomy":"product_cat","embeddable":true,"href":"https:\/\/hotelli03.domainhotelli.fi\/~lsdoecli\/wp-json\/wp\/v2\/product_cat?post=5785"},{"taxonomy":"product_tag","embeddable":true,"href":"https:\/\/hotelli03.domainhotelli.fi\/~lsdoecli\/wp-json\/wp\/v2\/product_tag?post=5785"}],"curies":[{"name":"wp","href":"https:\/\/api.w.org\/{rel}","templated":true}]}}