{"id":5256,"date":"2021-06-30T09:05:34","date_gmt":"2021-06-30T09:05:34","guid":{"rendered":"https:\/\/hotelli03.domainhotelli.fi\/~lsdoecli\/?post_type=product&#038;p=5256"},"modified":"2022-02-21T07:10:11","modified_gmt":"2022-02-21T07:10:11","slug":"vibro-strip-joustava-kuminen-tuki","status":"publish","type":"product","link":"https:\/\/hotelli03.domainhotelli.fi\/~lsdoecli\/tuote\/vibro-strip-joustava-kuminen-tuki\/","title":{"rendered":"Vibro-Strip joustava kuminen tuki"},"content":{"rendered":"<h3>Vibro-STRIP<br \/>\nT\u00e4rin\u00e4eristys kumituki<\/h3>\n<h4>\nKuvaus<\/h4>\n<p>Vibro-Stripi\u00e4 k\u00e4ytet\u00e4\u00e4n ensisijaisesti koneiden pohjassa t\u00e4rin\u00e4n hallinnan saavuttamiseksi. Sit\u00e4 voidaan k\u00e4ytt\u00e4\u00e4 my\u00f6s joustavana tyynyn\u00e4 rakenneosien (pylv\u00e4\u00e4t, sein\u00e4t, sillat, s\u00e4ili\u00f6t, e.t.) v\u00e4liss\u00e4 rakenteellisten voimien tasoittamiseksi. Se voidaan helposti leikata mihin tahansa mittaan (esim. Aluslaatat) tuetun koneen painon mukaan. Se voidaan my\u00f6s leikata helposti keskelt\u00e4 sen erityisen V-muodon ansiosta. Sill\u00e4 on useita asennustapoja tarvittavan t\u00e4rin\u00e4nvaimennuksen m\u00e4\u00e4r\u00e4n mukaan. Esimerkiksi sit\u00e4 voidaan k\u00e4ytt\u00e4\u00e4 yksi- tai kaksikerroksisena paksuuden lis\u00e4\u00e4miseksi. On olemassa useita muita sovellusyhdistelmi\u00e4, joita voidaan k\u00e4ytt\u00e4\u00e4 tavanomaisesti.<\/p>\n<h4>\nOminaisuudet<\/h4>\n<p>Mitat: Paksuus (max) 10 mm, Leveys 108 mm. Saatavana rullina, joiden pituus on 3 metri\u00e4.<\/p>\n<h4>\nDynaamiset ominaisuudet<\/h4>\n<p>Luonnollinen taajuus fn = 30Hz (kohtisuoralle kuormitukselle yhdess\u00e4 kerroksessa)<\/p>\n<p>Kuormitusalue 1-3 kg \/ cm2 (1\/3 tonnia \/ lineaarinen metri)<\/p>\n","protected":false},"excerpt":{"rendered":"<p>Vibro-Stripi\u00e4 k\u00e4ytet\u00e4\u00e4n ensisijaisesti koneiden pohjassa t\u00e4rin\u00e4n hallinnan saavuttamiseksi. Sit\u00e4 voidaan k\u00e4ytt\u00e4\u00e4 my\u00f6s joustavana tyynyn\u00e4 rakenneosien (pylv\u00e4\u00e4t, sein\u00e4t, sillat, s\u00e4ili\u00f6t, e.t.) v\u00e4liss\u00e4 rakenteellisten voimien tasoittamiseksi. Se voidaan helposti leikata mihin tahansa mittaan (esim. Aluslaatat) tuetun koneen painon mukaan.<\/p>\n<p>Tuote myyd\u00e4n 3 metrin rullassa. (16\u20ac\/ per metri).<\/p>\n","protected":false},"featured_media":5257,"comment_status":"open","ping_status":"closed","template":"","meta":[],"product_cat":[592],"product_tag":[735,734,736,737],"yoast_head":"<!-- This site is optimized with the Yoast SEO Premium plugin v18.9 (Yoast SEO v19.3) - https:\/\/yoast.com\/wordpress\/plugins\/seo\/ -->\n<title>JV Tuonti | Vibro-Strip joustava kuminen tuki<\/title>\n<meta name=\"description\" content=\"Vibro-Stripi\u00e4 k\u00e4ytet\u00e4\u00e4n ensisijaisesti koneiden pohjassa t\u00e4rin\u00e4n hallinnan saavuttamiseksi. Sit\u00e4 voidaan k\u00e4ytt\u00e4\u00e4 my\u00f6s joustavana tyynyn\u00e4 rakenneosien (pylv\u00e4\u00e4t, sein\u00e4t, sillat, s\u00e4ili\u00f6t, e.t.) v\u00e4liss\u00e4 rakenteellisten voimien tasoittamiseksi. Se voidaan helposti leikata mihin tahansa mittaan (esim. Aluslaatat) tuetun koneen painon mukaan.  Tuote myyd\u00e4n 3 metrin rullassa. (16\u20ac\/ per metri).\" \/>\n<meta name=\"robots\" content=\"index, follow, max-snippet:-1, max-image-preview:large, max-video-preview:-1\" \/>\n<link rel=\"canonical\" href=\"https:\/\/hotelli03.domainhotelli.fi\/~lsdoecli\/tuote\/vibro-strip-joustava-kuminen-tuki\/\" \/>\n<meta property=\"og:locale\" content=\"fi_FI\" \/>\n<meta property=\"og:type\" content=\"article\" \/>\n<meta property=\"og:title\" content=\"Vibro-Strip joustava kuminen tuki\" \/>\n<meta property=\"og:description\" content=\"Vibro-Stripi\u00e4 k\u00e4ytet\u00e4\u00e4n ensisijaisesti koneiden pohjassa t\u00e4rin\u00e4n hallinnan saavuttamiseksi. Sit\u00e4 voidaan k\u00e4ytt\u00e4\u00e4 my\u00f6s joustavana tyynyn\u00e4 rakenneosien (pylv\u00e4\u00e4t, sein\u00e4t, sillat, s\u00e4ili\u00f6t, e.t.) v\u00e4liss\u00e4 rakenteellisten voimien tasoittamiseksi. Se voidaan helposti leikata mihin tahansa mittaan (esim. Aluslaatat) tuetun koneen painon mukaan.  Tuote myyd\u00e4n 3 metrin rullassa. (16\u20ac\/ per metri).\" \/>\n<meta property=\"og:url\" content=\"https:\/\/hotelli03.domainhotelli.fi\/~lsdoecli\/tuote\/vibro-strip-joustava-kuminen-tuki\/\" \/>\n<meta property=\"og:site_name\" content=\"JV Tuonti\" \/>\n<meta property=\"article:publisher\" content=\"https:\/\/www.facebook.com\/JVTuontiOy\" \/>\n<meta property=\"article:modified_time\" content=\"2022-02-21T07:10:11+00:00\" \/>\n<meta property=\"og:image\" content=\"https:\/\/hotelli03.domainhotelli.fi\/~lsdoecli\/wp-content\/uploads\/2021\/06\/Vibro-Strip.jpg\" \/>\n\t<meta property=\"og:image:width\" content=\"280\" \/>\n\t<meta property=\"og:image:height\" content=\"210\" \/>\n\t<meta property=\"og:image:type\" content=\"image\/jpeg\" \/>\n<meta name=\"twitter:card\" content=\"summary_large_image\" \/>\n<meta name=\"twitter:label1\" content=\"Price\" \/>\n\t<meta name=\"twitter:data1\" content=\"59,52&nbsp;&euro; Alv 24%N\u00e4yt\u00e4 veroton hinta48,00&nbsp;&euro; Alv 0%N\u00e4yt\u00e4 verollinen hinta\" \/>\n\t<meta name=\"twitter:label2\" content=\"Availability\" \/>\n\t<meta name=\"twitter:data2\" content=\"In stock\" \/>\n<script type=\"application\/ld+json\" class=\"yoast-schema-graph\">{\"@context\":\"https:\/\/schema.org\",\"@graph\":[{\"@type\":[\"Organization\",\"Place\",\"WholesaleStore\"],\"@id\":\"https:\/\/hotelli03.domainhotelli.fi\/~lsdoecli\/#organization\",\"name\":\"JV Tuonti Oy\",\"url\":\"https:\/\/hotelli03.domainhotelli.fi\/~lsdoecli\/\",\"sameAs\":[\"https:\/\/instagram.com\/jvtuontioy?utm_medium=copy_link\",\"https:\/\/www.facebook.com\/JVTuontiOy\"],\"logo\":{\"@id\":\"https:\/\/hotelli03.domainhotelli.fi\/~lsdoecli\/tuote\/vibro-strip-joustava-kuminen-tuki\/#local-main-organization-logo\"},\"image\":{\"@id\":\"https:\/\/hotelli03.domainhotelli.fi\/~lsdoecli\/tuote\/vibro-strip-joustava-kuminen-tuki\/#local-main-organization-logo\"},\"address\":{\"@id\":\"https:\/\/hotelli03.domainhotelli.fi\/~lsdoecli\/tuote\/vibro-strip-joustava-kuminen-tuki\/#local-main-place-address\"},\"geo\":{\"@type\":\"GeoCoordinates\",\"latitude\":\"60.28431\",\"longitude\":\"24.81654\"},\"telephone\":[\"0408369980\"],\"openingHoursSpecification\":[{\"@type\":\"OpeningHoursSpecification\",\"dayOfWeek\":[\"Monday\",\"Tuesday\",\"Wednesday\",\"Thursday\",\"Friday\"],\"opens\":\"08:00\",\"closes\":\"16:00\"},{\"@type\":\"OpeningHoursSpecification\",\"dayOfWeek\":[\"Saturday\",\"Sunday\"],\"opens\":\"00:00\",\"closes\":\"00:00\"}],\"email\":\"myynti@hotelli03.domainhotelli.fi\",\"areaServed\":\"Suomi, Ruotsi\",\"vatID\":\"FI30178387\",\"priceRange\":\"$$\",\"currenciesAccepted\":\"\u20ac\",\"paymentAccepted\":\"Lasku, pankkikortti\"},{\"@type\":\"WebSite\",\"@id\":\"https:\/\/hotelli03.domainhotelli.fi\/~lsdoecli\/#website\",\"url\":\"https:\/\/hotelli03.domainhotelli.fi\/~lsdoecli\/\",\"name\":\"JV Tuonti\",\"description\":\"JV Tuonti Oy:n verkkokauppa\",\"publisher\":{\"@id\":\"https:\/\/hotelli03.domainhotelli.fi\/~lsdoecli\/#organization\"},\"potentialAction\":[{\"@type\":\"SearchAction\",\"target\":{\"@type\":\"EntryPoint\",\"urlTemplate\":\"https:\/\/hotelli03.domainhotelli.fi\/~lsdoecli\/?s={search_term_string}\"},\"query-input\":\"required name=search_term_string\"}],\"inLanguage\":\"fi\"},{\"@type\":\"ImageObject\",\"inLanguage\":\"fi\",\"@id\":\"https:\/\/hotelli03.domainhotelli.fi\/~lsdoecli\/tuote\/vibro-strip-joustava-kuminen-tuki\/#primaryimage\",\"url\":\"https:\/\/hotelli03.domainhotelli.fi\/~lsdoecli\/wp-content\/uploads\/2021\/06\/Vibro-Strip.jpg\",\"contentUrl\":\"https:\/\/hotelli03.domainhotelli.fi\/~lsdoecli\/wp-content\/uploads\/2021\/06\/Vibro-Strip.jpg\",\"width\":280,\"height\":210},{\"@type\":\"WebPage\",\"@id\":\"https:\/\/hotelli03.domainhotelli.fi\/~lsdoecli\/tuote\/vibro-strip-joustava-kuminen-tuki\/\",\"url\":\"https:\/\/hotelli03.domainhotelli.fi\/~lsdoecli\/tuote\/vibro-strip-joustava-kuminen-tuki\/\",\"name\":\"JV Tuonti | Vibro-Strip joustava kuminen tuki\",\"isPartOf\":{\"@id\":\"https:\/\/hotelli03.domainhotelli.fi\/~lsdoecli\/#website\"},\"primaryImageOfPage\":{\"@id\":\"https:\/\/hotelli03.domainhotelli.fi\/~lsdoecli\/tuote\/vibro-strip-joustava-kuminen-tuki\/#primaryimage\"},\"datePublished\":\"2021-06-30T09:05:34+00:00\",\"dateModified\":\"2022-02-21T07:10:11+00:00\",\"description\":\"Vibro-Stripi\u00e4 k\u00e4ytet\u00e4\u00e4n ensisijaisesti koneiden pohjassa t\u00e4rin\u00e4n hallinnan saavuttamiseksi. Sit\u00e4 voidaan k\u00e4ytt\u00e4\u00e4 my\u00f6s joustavana tyynyn\u00e4 rakenneosien (pylv\u00e4\u00e4t, sein\u00e4t, sillat, s\u00e4ili\u00f6t, e.t.) v\u00e4liss\u00e4 rakenteellisten voimien tasoittamiseksi. Se voidaan helposti leikata mihin tahansa mittaan (esim. Aluslaatat) tuetun koneen painon mukaan. Tuote myyd\u00e4n 3 metrin rullassa. (16\u20ac\/ per metri).\",\"breadcrumb\":{\"@id\":\"https:\/\/hotelli03.domainhotelli.fi\/~lsdoecli\/tuote\/vibro-strip-joustava-kuminen-tuki\/#breadcrumb\"},\"inLanguage\":\"fi\",\"potentialAction\":[{\"@type\":\"ReadAction\",\"target\":[\"https:\/\/hotelli03.domainhotelli.fi\/~lsdoecli\/tuote\/vibro-strip-joustava-kuminen-tuki\/\"]}]},{\"@type\":\"BreadcrumbList\",\"@id\":\"https:\/\/hotelli03.domainhotelli.fi\/~lsdoecli\/tuote\/vibro-strip-joustava-kuminen-tuki\/#breadcrumb\",\"itemListElement\":[{\"@type\":\"ListItem\",\"position\":1,\"name\":\"Etusivu\",\"item\":\"https:\/\/hotelli03.domainhotelli.fi\/~lsdoecli\/\"},{\"@type\":\"ListItem\",\"position\":2,\"name\":\"Kauppa\",\"item\":\"https:\/\/hotelli03.domainhotelli.fi\/~lsdoecli\/kauppa\/\"},{\"@type\":\"ListItem\",\"position\":3,\"name\":\"Vibro-Strip joustava kuminen tuki\"}]},{\"@type\":\"PostalAddress\",\"@id\":\"https:\/\/hotelli03.domainhotelli.fi\/~lsdoecli\/tuote\/vibro-strip-joustava-kuminen-tuki\/#local-main-place-address\",\"streetAddress\":\"Pyymosantie 5a\",\"addressLocality\":\"Vantaa\",\"postalCode\":\"01720\",\"addressCountry\":\"FI\"},{\"@type\":\"ImageObject\",\"inLanguage\":\"fi\",\"@id\":\"https:\/\/hotelli03.domainhotelli.fi\/~lsdoecli\/tuote\/vibro-strip-joustava-kuminen-tuki\/#local-main-organization-logo\",\"url\":\"https:\/\/hotelli03.domainhotelli.fi\/~lsdoecli\/wp-content\/uploads\/2021\/08\/JVTuonti_logo_nelio.jpg\",\"contentUrl\":\"https:\/\/hotelli03.domainhotelli.fi\/~lsdoecli\/wp-content\/uploads\/2021\/08\/JVTuonti_logo_nelio.jpg\",\"width\":550,\"height\":550,\"caption\":\"JV Tuonti Oy\"}]}<\/script>\n<meta property=\"product:price:amount\" content=\"59.52\" \/>\n<meta property=\"product:price:currency\" content=\"EUR\" \/>\n<meta property=\"og:availability\" content=\"instock\" \/>\n<meta property=\"product:availability\" content=\"instock\" \/>\n<meta property=\"product:condition\" content=\"new\" \/>\n<meta name=\"geo.placename\" content=\"Vantaa\" \/>\n<meta name=\"geo.position\" content=\"60.28431;24.81654\" \/>\n<meta name=\"geo.region\" content=\"Suomi\" \/>\n<!-- \/ Yoast SEO Premium plugin. -->","yoast_head_json":{"title":"JV Tuonti | Vibro-Strip joustava kuminen tuki","description":"Vibro-Stripi\u00e4 k\u00e4ytet\u00e4\u00e4n ensisijaisesti koneiden pohjassa t\u00e4rin\u00e4n hallinnan saavuttamiseksi. Sit\u00e4 voidaan k\u00e4ytt\u00e4\u00e4 my\u00f6s joustavana tyynyn\u00e4 rakenneosien (pylv\u00e4\u00e4t, sein\u00e4t, sillat, s\u00e4ili\u00f6t, e.t.) v\u00e4liss\u00e4 rakenteellisten voimien tasoittamiseksi. Se voidaan helposti leikata mihin tahansa mittaan (esim. Aluslaatat) tuetun koneen painon mukaan.  Tuote myyd\u00e4n 3 metrin rullassa. (16\u20ac\/ per metri).","robots":{"index":"index","follow":"follow","max-snippet":"max-snippet:-1","max-image-preview":"max-image-preview:large","max-video-preview":"max-video-preview:-1"},"canonical":"https:\/\/hotelli03.domainhotelli.fi\/~lsdoecli\/tuote\/vibro-strip-joustava-kuminen-tuki\/","og_locale":"fi_FI","og_type":"article","og_title":"Vibro-Strip joustava kuminen tuki","og_description":"Vibro-Stripi\u00e4 k\u00e4ytet\u00e4\u00e4n ensisijaisesti koneiden pohjassa t\u00e4rin\u00e4n hallinnan saavuttamiseksi. Sit\u00e4 voidaan k\u00e4ytt\u00e4\u00e4 my\u00f6s joustavana tyynyn\u00e4 rakenneosien (pylv\u00e4\u00e4t, sein\u00e4t, sillat, s\u00e4ili\u00f6t, e.t.) v\u00e4liss\u00e4 rakenteellisten voimien tasoittamiseksi. Se voidaan helposti leikata mihin tahansa mittaan (esim. Aluslaatat) tuetun koneen painon mukaan.  Tuote myyd\u00e4n 3 metrin rullassa. (16\u20ac\/ per metri).","og_url":"https:\/\/hotelli03.domainhotelli.fi\/~lsdoecli\/tuote\/vibro-strip-joustava-kuminen-tuki\/","og_site_name":"JV Tuonti","article_publisher":"https:\/\/www.facebook.com\/JVTuontiOy","article_modified_time":"2022-02-21T07:10:11+00:00","og_image":[{"width":280,"height":210,"url":"https:\/\/hotelli03.domainhotelli.fi\/~lsdoecli\/wp-content\/uploads\/2021\/06\/Vibro-Strip.jpg","type":"image\/jpeg"}],"twitter_card":"summary_large_image","twitter_misc":{"Price":"59,52&nbsp;&euro; Alv 24%N\u00e4yt\u00e4 veroton hinta48,00&nbsp;&euro; Alv 0%N\u00e4yt\u00e4 verollinen hinta","Availability":"In stock"},"schema":{"@context":"https:\/\/schema.org","@graph":[{"@type":["Organization","Place","WholesaleStore"],"@id":"https:\/\/hotelli03.domainhotelli.fi\/~lsdoecli\/#organization","name":"JV Tuonti Oy","url":"https:\/\/hotelli03.domainhotelli.fi\/~lsdoecli\/","sameAs":["https:\/\/instagram.com\/jvtuontioy?utm_medium=copy_link","https:\/\/www.facebook.com\/JVTuontiOy"],"logo":{"@id":"https:\/\/hotelli03.domainhotelli.fi\/~lsdoecli\/tuote\/vibro-strip-joustava-kuminen-tuki\/#local-main-organization-logo"},"image":{"@id":"https:\/\/hotelli03.domainhotelli.fi\/~lsdoecli\/tuote\/vibro-strip-joustava-kuminen-tuki\/#local-main-organization-logo"},"address":{"@id":"https:\/\/hotelli03.domainhotelli.fi\/~lsdoecli\/tuote\/vibro-strip-joustava-kuminen-tuki\/#local-main-place-address"},"geo":{"@type":"GeoCoordinates","latitude":"60.28431","longitude":"24.81654"},"telephone":["0408369980"],"openingHoursSpecification":[{"@type":"OpeningHoursSpecification","dayOfWeek":["Monday","Tuesday","Wednesday","Thursday","Friday"],"opens":"08:00","closes":"16:00"},{"@type":"OpeningHoursSpecification","dayOfWeek":["Saturday","Sunday"],"opens":"00:00","closes":"00:00"}],"email":"myynti@hotelli03.domainhotelli.fi","areaServed":"Suomi, Ruotsi","vatID":"FI30178387","priceRange":"$$","currenciesAccepted":"\u20ac","paymentAccepted":"Lasku, pankkikortti"},{"@type":"WebSite","@id":"https:\/\/hotelli03.domainhotelli.fi\/~lsdoecli\/#website","url":"https:\/\/hotelli03.domainhotelli.fi\/~lsdoecli\/","name":"JV Tuonti","description":"JV Tuonti Oy:n verkkokauppa","publisher":{"@id":"https:\/\/hotelli03.domainhotelli.fi\/~lsdoecli\/#organization"},"potentialAction":[{"@type":"SearchAction","target":{"@type":"EntryPoint","urlTemplate":"https:\/\/hotelli03.domainhotelli.fi\/~lsdoecli\/?s={search_term_string}"},"query-input":"required name=search_term_string"}],"inLanguage":"fi"},{"@type":"ImageObject","inLanguage":"fi","@id":"https:\/\/hotelli03.domainhotelli.fi\/~lsdoecli\/tuote\/vibro-strip-joustava-kuminen-tuki\/#primaryimage","url":"https:\/\/hotelli03.domainhotelli.fi\/~lsdoecli\/wp-content\/uploads\/2021\/06\/Vibro-Strip.jpg","contentUrl":"https:\/\/hotelli03.domainhotelli.fi\/~lsdoecli\/wp-content\/uploads\/2021\/06\/Vibro-Strip.jpg","width":280,"height":210},{"@type":"WebPage","@id":"https:\/\/hotelli03.domainhotelli.fi\/~lsdoecli\/tuote\/vibro-strip-joustava-kuminen-tuki\/","url":"https:\/\/hotelli03.domainhotelli.fi\/~lsdoecli\/tuote\/vibro-strip-joustava-kuminen-tuki\/","name":"JV Tuonti | Vibro-Strip joustava kuminen tuki","isPartOf":{"@id":"https:\/\/hotelli03.domainhotelli.fi\/~lsdoecli\/#website"},"primaryImageOfPage":{"@id":"https:\/\/hotelli03.domainhotelli.fi\/~lsdoecli\/tuote\/vibro-strip-joustava-kuminen-tuki\/#primaryimage"},"datePublished":"2021-06-30T09:05:34+00:00","dateModified":"2022-02-21T07:10:11+00:00","description":"Vibro-Stripi\u00e4 k\u00e4ytet\u00e4\u00e4n ensisijaisesti koneiden pohjassa t\u00e4rin\u00e4n hallinnan saavuttamiseksi. Sit\u00e4 voidaan k\u00e4ytt\u00e4\u00e4 my\u00f6s joustavana tyynyn\u00e4 rakenneosien (pylv\u00e4\u00e4t, sein\u00e4t, sillat, s\u00e4ili\u00f6t, e.t.) v\u00e4liss\u00e4 rakenteellisten voimien tasoittamiseksi. Se voidaan helposti leikata mihin tahansa mittaan (esim. Aluslaatat) tuetun koneen painon mukaan. Tuote myyd\u00e4n 3 metrin rullassa. (16\u20ac\/ per metri).","breadcrumb":{"@id":"https:\/\/hotelli03.domainhotelli.fi\/~lsdoecli\/tuote\/vibro-strip-joustava-kuminen-tuki\/#breadcrumb"},"inLanguage":"fi","potentialAction":[{"@type":"ReadAction","target":["https:\/\/hotelli03.domainhotelli.fi\/~lsdoecli\/tuote\/vibro-strip-joustava-kuminen-tuki\/"]}]},{"@type":"BreadcrumbList","@id":"https:\/\/hotelli03.domainhotelli.fi\/~lsdoecli\/tuote\/vibro-strip-joustava-kuminen-tuki\/#breadcrumb","itemListElement":[{"@type":"ListItem","position":1,"name":"Etusivu","item":"https:\/\/hotelli03.domainhotelli.fi\/~lsdoecli\/"},{"@type":"ListItem","position":2,"name":"Kauppa","item":"https:\/\/hotelli03.domainhotelli.fi\/~lsdoecli\/kauppa\/"},{"@type":"ListItem","position":3,"name":"Vibro-Strip joustava kuminen tuki"}]},{"@type":"PostalAddress","@id":"https:\/\/hotelli03.domainhotelli.fi\/~lsdoecli\/tuote\/vibro-strip-joustava-kuminen-tuki\/#local-main-place-address","streetAddress":"Pyymosantie 5a","addressLocality":"Vantaa","postalCode":"01720","addressCountry":"FI"},{"@type":"ImageObject","inLanguage":"fi","@id":"https:\/\/hotelli03.domainhotelli.fi\/~lsdoecli\/tuote\/vibro-strip-joustava-kuminen-tuki\/#local-main-organization-logo","url":"https:\/\/hotelli03.domainhotelli.fi\/~lsdoecli\/wp-content\/uploads\/2021\/08\/JVTuonti_logo_nelio.jpg","contentUrl":"https:\/\/hotelli03.domainhotelli.fi\/~lsdoecli\/wp-content\/uploads\/2021\/08\/JVTuonti_logo_nelio.jpg","width":550,"height":550,"caption":"JV Tuonti Oy"}]},"product_price_amount":"59.52","product_price_currency":"EUR","og_availability":"instock","product_availability":"instock","product_condition":"new","geo.placename":"Vantaa","geo.position":{"lat":"60.28431","long":"24.81654"},"geo.region":"Suomi"},"_links":{"self":[{"href":"https:\/\/hotelli03.domainhotelli.fi\/~lsdoecli\/wp-json\/wp\/v2\/product\/5256"}],"collection":[{"href":"https:\/\/hotelli03.domainhotelli.fi\/~lsdoecli\/wp-json\/wp\/v2\/product"}],"about":[{"href":"https:\/\/hotelli03.domainhotelli.fi\/~lsdoecli\/wp-json\/wp\/v2\/types\/product"}],"replies":[{"embeddable":true,"href":"https:\/\/hotelli03.domainhotelli.fi\/~lsdoecli\/wp-json\/wp\/v2\/comments?post=5256"}],"wp:featuredmedia":[{"embeddable":true,"href":"https:\/\/hotelli03.domainhotelli.fi\/~lsdoecli\/wp-json\/wp\/v2\/media\/5257"}],"wp:attachment":[{"href":"https:\/\/hotelli03.domainhotelli.fi\/~lsdoecli\/wp-json\/wp\/v2\/media?parent=5256"}],"wp:term":[{"taxonomy":"product_cat","embeddable":true,"href":"https:\/\/hotelli03.domainhotelli.fi\/~lsdoecli\/wp-json\/wp\/v2\/product_cat?post=5256"},{"taxonomy":"product_tag","embeddable":true,"href":"https:\/\/hotelli03.domainhotelli.fi\/~lsdoecli\/wp-json\/wp\/v2\/product_tag?post=5256"}],"curies":[{"name":"wp","href":"https:\/\/api.w.org\/{rel}","templated":true}]}}