{"id":3192,"date":"2021-04-23T06:42:02","date_gmt":"2021-04-23T06:42:02","guid":{"rendered":"https:\/\/hotelli03.domainhotelli.fi\/~lsdoecli\/woocommerce\/?post_type=product&#038;p=3192"},"modified":"2022-02-13T17:10:00","modified_gmt":"2022-02-13T17:10:00","slug":"trustfire-t70-metsastys-ja-hakuvalo-huikea-1000-m-valokeila-teho-2300-lumen","status":"publish","type":"product","link":"https:\/\/hotelli03.domainhotelli.fi\/~lsdoecli\/tuote\/trustfire-t70-metsastys-ja-hakuvalo-huikea-1000-m-valokeila-teho-2300-lumen\/","title":{"rendered":"Trustfire T70 mets\u00e4stysvalo ja hakuvalo huikea 1000 m valokeila, teho 2300 lm"},"content":{"rendered":"<h1>Trustfire T70 mets\u00e4stysvalo ja hakuvalo huikea 1000 m valokeila, teho 2300 lm<\/h1>\n<p><a href=\"https:\/\/hotelli03.domainhotelli.fi\/~lsdoecli\/wp-content\/uploads\/2021\/04\/Led-kasivalaisin-T70-TrustFire-.jpg\"><img loading=\"lazy\" class=\"alignnone wp-image-9581 size-large\" src=\"https:\/\/hotelli03.domainhotelli.fi\/~lsdoecli\/wp-content\/uploads\/2021\/04\/Led-kasivalaisin-T70-TrustFire--1024x576.jpg\" alt=\"Trustfire T70 mets\u00e4stysvalo ja hakuvalo huikea 1000 m valokeila, teho 2300 lm\" width=\"1024\" height=\"576\" srcset=\"https:\/\/hotelli03.domainhotelli.fi\/~lsdoecli\/wp-content\/uploads\/2021\/04\/Led-kasivalaisin-T70-TrustFire--1024x576.jpg 1024w, https:\/\/hotelli03.domainhotelli.fi\/~lsdoecli\/wp-content\/uploads\/2021\/04\/Led-kasivalaisin-T70-TrustFire--768x432.jpg 768w, https:\/\/hotelli03.domainhotelli.fi\/~lsdoecli\/wp-content\/uploads\/2021\/04\/Led-kasivalaisin-T70-TrustFire--640x360.jpg 640w, https:\/\/hotelli03.domainhotelli.fi\/~lsdoecli\/wp-content\/uploads\/2021\/04\/Led-kasivalaisin-T70-TrustFire--400x225.jpg 400w, https:\/\/hotelli03.domainhotelli.fi\/~lsdoecli\/wp-content\/uploads\/2021\/04\/Led-kasivalaisin-T70-TrustFire--600x338.jpg 600w\" sizes=\"(max-width: 1024px) 100vw, 1024px\" \/><\/a><\/p>\n<h2><strong>Trustfire T70 mets\u00e4stysvalo ja hakuvalo\u00a0<\/strong><\/h2>\n<p>Trustfire T70 mets\u00e4stysvalon suuri heijastin tekee siit\u00e4 erinomaisen kapean valokeilan hakuvalon, huikealla 1000 m kantama. T\u00e4m\u00e4 k\u00e4sivalaisin on loistava valinta mets\u00e4stykseen ja ulkoiluun. Trustfire T70:n ohut runko on vain 2,54cm paksu, joka on t\u00e4ydellinen koko asekiskon kiinnitysj\u00e4rjestelm\u00e4lle ja painaa vain 254,86 grammaa. Valaisin on sen verran kevyt, ett\u00e4 se ei paina asetta alas.<\/p>\n<div class=\"\">\n<h3><strong>Kest\u00e4v\u00e4 Weaterproof III runko ja erinomainen n\u00e4kyvyys\u00a0<\/strong><\/h3>\n<p>Turstfire T70:n mets\u00e4stysvalon runko on valmistettu kest\u00e4v\u00e4st\u00e4 kova-anodisoitu alumiinista, joka kest\u00e4\u00e4 pudotuksen 2 metrin korkeudesta, ilman ett\u00e4 taskulamppu vaurioituu.<\/p>\n<p>K\u00e4sivalaisin toimii normaalisti my\u00e4s veden alla ja kest\u00e4\u00e4 jatkuvan upotuksen veteen yli 1 metrin syyvdess\u00e4.<\/p>\n<p>Hakuvalo toimii Cree XHP35 Hi Led polttimella, jonka maksimiteho on 2300 lumenia. Hakuvalon\u00a01000 metrin valokeilan ansiosta n\u00e4et hyvin my\u00f6s rankkasateessa tai sumussa.<\/p>\n<p>Trustfire T70 on t\u00e4ydellinen mets\u00e4stysvalo ja hakuvalo kaikille, jotka etsiv\u00e4t tehokasta ja pitk\u00e4n kantaman taskulamppua mets\u00e4stys, retkeily\u00e4 , etsint\u00e4- ja pelastusteht\u00e4vien k\u00e4ytt\u00f6\u00f6n.<\/p>\n<\/div>\n<div class=\"\">\n<h3><strong>Trustfire T70 mets\u00e4stysvalo ja hakuvalo kaukos\u00e4\u00e4dimella ja asekiinnikeell\u00e4<\/strong><\/h3>\n<p>Valaisin k\u00e4ynnistyy ja sammuu sen pohjalla olevassa painikkeesta peukalolla painamalla. Mets\u00e4stysvalon rungon sivussa on toinen k\u00e4ytt\u00f6kytkin, josta saa vaihdettua eri toimintatilojen ja valotehojen v\u00e4lill\u00e4.<\/p>\n<\/div>\n<div class=\"\">\n<p>Trustfire T70 mets\u00e4stysvalossa ja hakuvalossa on runsaasti lis\u00e4varusteita mets\u00e4styst\u00e4 ja taktista k\u00e4ytt\u00f6\u00e4 varten. Mukana tulee valaisimen kaukos\u00e4\u00e4din, jonka avulla saat laitettua ja sammutettua k\u00e4sivalaisimen \u00e4\u00e4nettomasti. Lis\u00e4ksi pakkauksen mukana tulee voimakas magneettikiinnike aseeseen, jolla valaisimen saa asennettua kiv\u00e4riin.<\/p>\n<h3><strong>Tehokas akku ja \u00e4lyk\u00e4s akun merkkivalo\u00a0<\/strong><\/h3>\n<\/div>\n<div class=\"\">Trustfire T70 toimii \u00a0kahdella 18650 3400mAh suuritehoisilla akulla ja hakuvalo toimii jopa 100 minuuttia t\u00e4ydell\u00e4 teholla. Taskulampun sivukytkimessa on alhaisen akun merkkivalo, josta n\u00e4kee helposti j\u00e4ljell\u00e4 olevan akun virran.<\/div>\n<div><\/div>\n<div class=\"\">Vihre\u00e4 valo tarkoittaa, ett\u00e4 mets\u00e4stysvalon akussa on j\u00e4ljell\u00e4 \u00a080%-100% virtaa, keltainen tarkoittaa ett\u00e4 akkussa on virtaa j\u00e4ljell\u00e4 40%-80% ja punainen valo tarkoittaa ett\u00e4 virtaa on j\u00e4lhell\u00e4 10%-40%. Punainen valo alkaa vilkkumaan ja varoittaa, kun akun tehoa on j\u00e4ljell\u00e4 alle 10%.<\/div>\n<div class=\"\">\n<h3><strong>Pakkauksen sis\u00e4lt\u00f6<\/strong><\/h3>\n<ul>\n<li>Trustfire T70 mets\u00e4stysvalo\/hakuvalo<\/li>\n<li>18650 3400mAh akku 2 kpl<\/li>\n<li>TR-016 Micro-USB laturi<\/li>\n<li>T70 kaukos\u00e4\u00e4din<\/li>\n<li>GM03 vahva magneettinen asekiinnike<\/li>\n<li>muovinen kantolaukku ja k\u00e4ytt\u00f6ohje.<\/li>\n<\/ul>\n<\/div>\n<div class=\"\">\n<h3><strong class=\"\">3 Vuoden takuu<\/strong><\/h3>\n<p>Mest\u00e4stysvalolla on rajoitettu 3 vuoden takuu.<\/p>\n<\/div>\n<p><iframe loading=\"lazy\" title=\"Hakuvalo Trustfire T70, huikea 1000 m valokeila, teho 2300 lumen tuotevideo\" width=\"1140\" height=\"641\" src=\"https:\/\/www.youtube.com\/embed\/7Me9kfhhESg?feature=oembed\" frameborder=\"0\" allow=\"accelerometer; autoplay; clipboard-write; encrypted-media; gyroscope; picture-in-picture\" allowfullscreen><\/iframe><\/p>\n<p>Katso my\u00f6s muut <a href=\"https:\/\/hotelli03.domainhotelli.fi\/~lsdoecli\/tuote-osasto\/otsalamput-ja-taskulamput\/\">taskulamput ja otsalamput <span style=\"color: #3366ff;\">t\u00e4\u00e4lt\u00e4!\u00a0<\/span><\/a><\/p>\n","protected":false},"excerpt":{"rendered":"<p>Trustfire T70 mest\u00e4stysvalo ja hakuvalo, hiukealla 1000 m valokeilalla ja 2300 lm valoteholla. Pakkaus sis\u00e4lt\u00e4\u00e4 kiv\u00e4ripidikkeen, jolla mest\u00e4stysvalon saa kiinitetty\u00e4 helposti aseeseen ja kaukos\u00e4\u00e4timen.<\/p>\n<p>&nbsp;<\/p>\n","protected":false},"featured_media":3193,"comment_status":"open","ping_status":"closed","template":"","meta":[],"product_cat":[244],"product_tag":[267,266,773,271,774,249,247,246,269,273,268,245,770,248,769,768,771,772],"yoast_head":"<!-- This site is optimized with the Yoast SEO Premium plugin v18.9 (Yoast SEO v19.3) - https:\/\/yoast.com\/wordpress\/plugins\/seo\/ -->\n<title>Trustfire T70 mets\u00e4stysvalo ja hakuvalo, 1000 m valokeila, teho 2300lm<\/title>\n<meta name=\"description\" content=\"T70 mets\u00e4stys ja hakuvalo, huikea 1000 m valokeila, teho 2300 lumen. Sis\u00e4lt\u00e4\u00e4 kiv\u00e4ripidikkeen ja kaukos\u00e4\u00e4timen. Painaa vain 254,86 grammaa\" \/>\n<meta name=\"robots\" content=\"index, follow, max-snippet:-1, max-image-preview:large, max-video-preview:-1\" \/>\n<link rel=\"canonical\" href=\"https:\/\/hotelli03.domainhotelli.fi\/~lsdoecli\/tuote\/trustfire-t70-metsastys-ja-hakuvalo-huikea-1000-m-valokeila-teho-2300-lumen\/\" \/>\n<meta property=\"og:locale\" content=\"fi_FI\" \/>\n<meta property=\"og:type\" content=\"article\" \/>\n<meta property=\"og:title\" content=\"Trustfire T70 mets\u00e4stysvalo ja hakuvalo huikea 1000 m valokeila, teho 2300 lm\" \/>\n<meta property=\"og:description\" content=\"T70 mets\u00e4stys ja hakuvalo, huikea 1000 m valokeila, teho 2300 lumen. Sis\u00e4lt\u00e4\u00e4 kiv\u00e4ripidikkeen ja kaukos\u00e4\u00e4timen. Painaa vain 254,86 grammaa\" \/>\n<meta property=\"og:url\" content=\"https:\/\/hotelli03.domainhotelli.fi\/~lsdoecli\/tuote\/trustfire-t70-metsastys-ja-hakuvalo-huikea-1000-m-valokeila-teho-2300-lumen\/\" \/>\n<meta property=\"og:site_name\" content=\"JV Tuonti\" \/>\n<meta property=\"article:publisher\" content=\"https:\/\/www.facebook.com\/JVTuontiOy\" \/>\n<meta property=\"article:modified_time\" content=\"2022-02-13T17:10:00+00:00\" \/>\n<meta property=\"og:image\" content=\"https:\/\/hotelli03.domainhotelli.fi\/~lsdoecli\/wp-content\/uploads\/2021\/04\/T70-1000-size-1.jpg\" \/>\n\t<meta property=\"og:image:width\" content=\"1000\" \/>\n\t<meta property=\"og:image:height\" content=\"1000\" \/>\n\t<meta property=\"og:image:type\" content=\"image\/jpeg\" \/>\n<meta name=\"twitter:card\" content=\"summary_large_image\" \/>\n<meta name=\"twitter:label1\" content=\"Price\" \/>\n\t<meta name=\"twitter:data1\" content=\"195,92&nbsp;&euro; Alv 24%N\u00e4yt\u00e4 veroton hinta158,00&nbsp;&euro; Alv 0%N\u00e4yt\u00e4 verollinen hinta\" \/>\n\t<meta name=\"twitter:label2\" content=\"Availability\" \/>\n\t<meta name=\"twitter:data2\" content=\"In stock\" \/>\n<script type=\"application\/ld+json\" class=\"yoast-schema-graph\">{\"@context\":\"https:\/\/schema.org\",\"@graph\":[{\"@type\":[\"Organization\",\"Place\",\"WholesaleStore\"],\"@id\":\"https:\/\/hotelli03.domainhotelli.fi\/~lsdoecli\/#organization\",\"name\":\"JV Tuonti Oy\",\"url\":\"https:\/\/hotelli03.domainhotelli.fi\/~lsdoecli\/\",\"sameAs\":[\"https:\/\/instagram.com\/jvtuontioy?utm_medium=copy_link\",\"https:\/\/www.facebook.com\/JVTuontiOy\"],\"logo\":{\"@id\":\"https:\/\/hotelli03.domainhotelli.fi\/~lsdoecli\/tuote\/trustfire-t70-metsastys-ja-hakuvalo-huikea-1000-m-valokeila-teho-2300-lumen\/#local-main-organization-logo\"},\"image\":{\"@id\":\"https:\/\/hotelli03.domainhotelli.fi\/~lsdoecli\/tuote\/trustfire-t70-metsastys-ja-hakuvalo-huikea-1000-m-valokeila-teho-2300-lumen\/#local-main-organization-logo\"},\"address\":{\"@id\":\"https:\/\/hotelli03.domainhotelli.fi\/~lsdoecli\/tuote\/trustfire-t70-metsastys-ja-hakuvalo-huikea-1000-m-valokeila-teho-2300-lumen\/#local-main-place-address\"},\"geo\":{\"@type\":\"GeoCoordinates\",\"latitude\":\"60.28431\",\"longitude\":\"24.81654\"},\"telephone\":[\"0408369980\"],\"openingHoursSpecification\":[{\"@type\":\"OpeningHoursSpecification\",\"dayOfWeek\":[\"Monday\",\"Tuesday\",\"Wednesday\",\"Thursday\",\"Friday\"],\"opens\":\"08:00\",\"closes\":\"16:00\"},{\"@type\":\"OpeningHoursSpecification\",\"dayOfWeek\":[\"Saturday\",\"Sunday\"],\"opens\":\"00:00\",\"closes\":\"00:00\"}],\"email\":\"myynti@hotelli03.domainhotelli.fi\",\"areaServed\":\"Suomi, Ruotsi\",\"vatID\":\"FI30178387\",\"priceRange\":\"$$\",\"currenciesAccepted\":\"\u20ac\",\"paymentAccepted\":\"Lasku, pankkikortti\"},{\"@type\":\"WebSite\",\"@id\":\"https:\/\/hotelli03.domainhotelli.fi\/~lsdoecli\/#website\",\"url\":\"https:\/\/hotelli03.domainhotelli.fi\/~lsdoecli\/\",\"name\":\"JV Tuonti\",\"description\":\"JV Tuonti Oy:n verkkokauppa\",\"publisher\":{\"@id\":\"https:\/\/hotelli03.domainhotelli.fi\/~lsdoecli\/#organization\"},\"potentialAction\":[{\"@type\":\"SearchAction\",\"target\":{\"@type\":\"EntryPoint\",\"urlTemplate\":\"https:\/\/hotelli03.domainhotelli.fi\/~lsdoecli\/?s={search_term_string}\"},\"query-input\":\"required name=search_term_string\"}],\"inLanguage\":\"fi\"},{\"@type\":\"ImageObject\",\"inLanguage\":\"fi\",\"@id\":\"https:\/\/hotelli03.domainhotelli.fi\/~lsdoecli\/tuote\/trustfire-t70-metsastys-ja-hakuvalo-huikea-1000-m-valokeila-teho-2300-lumen\/#primaryimage\",\"url\":\"https:\/\/hotelli03.domainhotelli.fi\/~lsdoecli\/wp-content\/uploads\/2021\/04\/T70-1000-size-1.jpg\",\"contentUrl\":\"https:\/\/hotelli03.domainhotelli.fi\/~lsdoecli\/wp-content\/uploads\/2021\/04\/T70-1000-size-1.jpg\",\"width\":1000,\"height\":1000,\"caption\":\"Huikea 1000 metrin kantama ja 2300 lumen valoteho.\"},{\"@type\":\"WebPage\",\"@id\":\"https:\/\/hotelli03.domainhotelli.fi\/~lsdoecli\/tuote\/trustfire-t70-metsastys-ja-hakuvalo-huikea-1000-m-valokeila-teho-2300-lumen\/\",\"url\":\"https:\/\/hotelli03.domainhotelli.fi\/~lsdoecli\/tuote\/trustfire-t70-metsastys-ja-hakuvalo-huikea-1000-m-valokeila-teho-2300-lumen\/\",\"name\":\"Trustfire T70 mets\u00e4stysvalo ja hakuvalo, 1000 m valokeila, teho 2300lm\",\"isPartOf\":{\"@id\":\"https:\/\/hotelli03.domainhotelli.fi\/~lsdoecli\/#website\"},\"primaryImageOfPage\":{\"@id\":\"https:\/\/hotelli03.domainhotelli.fi\/~lsdoecli\/tuote\/trustfire-t70-metsastys-ja-hakuvalo-huikea-1000-m-valokeila-teho-2300-lumen\/#primaryimage\"},\"datePublished\":\"2021-04-23T06:42:02+00:00\",\"dateModified\":\"2022-02-13T17:10:00+00:00\",\"description\":\"T70 mets\u00e4stys ja hakuvalo, huikea 1000 m valokeila, teho 2300 lumen. Sis\u00e4lt\u00e4\u00e4 kiv\u00e4ripidikkeen ja kaukos\u00e4\u00e4timen. Painaa vain 254,86 grammaa\",\"breadcrumb\":{\"@id\":\"https:\/\/hotelli03.domainhotelli.fi\/~lsdoecli\/tuote\/trustfire-t70-metsastys-ja-hakuvalo-huikea-1000-m-valokeila-teho-2300-lumen\/#breadcrumb\"},\"inLanguage\":\"fi\",\"potentialAction\":[{\"@type\":\"ReadAction\",\"target\":[\"https:\/\/hotelli03.domainhotelli.fi\/~lsdoecli\/tuote\/trustfire-t70-metsastys-ja-hakuvalo-huikea-1000-m-valokeila-teho-2300-lumen\/\"]}]},{\"@type\":\"BreadcrumbList\",\"@id\":\"https:\/\/hotelli03.domainhotelli.fi\/~lsdoecli\/tuote\/trustfire-t70-metsastys-ja-hakuvalo-huikea-1000-m-valokeila-teho-2300-lumen\/#breadcrumb\",\"itemListElement\":[{\"@type\":\"ListItem\",\"position\":1,\"name\":\"Etusivu\",\"item\":\"https:\/\/hotelli03.domainhotelli.fi\/~lsdoecli\/\"},{\"@type\":\"ListItem\",\"position\":2,\"name\":\"Kauppa\",\"item\":\"https:\/\/hotelli03.domainhotelli.fi\/~lsdoecli\/kauppa\/\"},{\"@type\":\"ListItem\",\"position\":3,\"name\":\"Trustfire T70 mets\u00e4stysvalo ja hakuvalo huikea 1000 m valokeila, teho 2300 lm\"}]},{\"@type\":\"PostalAddress\",\"@id\":\"https:\/\/hotelli03.domainhotelli.fi\/~lsdoecli\/tuote\/trustfire-t70-metsastys-ja-hakuvalo-huikea-1000-m-valokeila-teho-2300-lumen\/#local-main-place-address\",\"streetAddress\":\"Pyymosantie 5a\",\"addressLocality\":\"Vantaa\",\"postalCode\":\"01720\",\"addressCountry\":\"FI\"},{\"@type\":\"ImageObject\",\"inLanguage\":\"fi\",\"@id\":\"https:\/\/hotelli03.domainhotelli.fi\/~lsdoecli\/tuote\/trustfire-t70-metsastys-ja-hakuvalo-huikea-1000-m-valokeila-teho-2300-lumen\/#local-main-organization-logo\",\"url\":\"https:\/\/hotelli03.domainhotelli.fi\/~lsdoecli\/wp-content\/uploads\/2021\/08\/JVTuonti_logo_nelio.jpg\",\"contentUrl\":\"https:\/\/hotelli03.domainhotelli.fi\/~lsdoecli\/wp-content\/uploads\/2021\/08\/JVTuonti_logo_nelio.jpg\",\"width\":550,\"height\":550,\"caption\":\"JV Tuonti Oy\"}]}<\/script>\n<meta property=\"product:price:amount\" content=\"195.92\" \/>\n<meta property=\"product:price:currency\" content=\"EUR\" \/>\n<meta property=\"og:availability\" content=\"instock\" \/>\n<meta property=\"product:availability\" content=\"instock\" \/>\n<meta property=\"product:retailer_item_id\" content=\"TFT70\" \/>\n<meta property=\"product:condition\" content=\"new\" \/>\n<meta name=\"geo.placename\" content=\"Vantaa\" \/>\n<meta name=\"geo.position\" content=\"60.28431;24.81654\" \/>\n<meta name=\"geo.region\" content=\"Suomi\" \/>\n<!-- \/ Yoast SEO Premium plugin. -->","yoast_head_json":{"title":"Trustfire T70 mets\u00e4stysvalo ja hakuvalo, 1000 m valokeila, teho 2300lm","description":"T70 mets\u00e4stys ja hakuvalo, huikea 1000 m valokeila, teho 2300 lumen. Sis\u00e4lt\u00e4\u00e4 kiv\u00e4ripidikkeen ja kaukos\u00e4\u00e4timen. Painaa vain 254,86 grammaa","robots":{"index":"index","follow":"follow","max-snippet":"max-snippet:-1","max-image-preview":"max-image-preview:large","max-video-preview":"max-video-preview:-1"},"canonical":"https:\/\/hotelli03.domainhotelli.fi\/~lsdoecli\/tuote\/trustfire-t70-metsastys-ja-hakuvalo-huikea-1000-m-valokeila-teho-2300-lumen\/","og_locale":"fi_FI","og_type":"article","og_title":"Trustfire T70 mets\u00e4stysvalo ja hakuvalo huikea 1000 m valokeila, teho 2300 lm","og_description":"T70 mets\u00e4stys ja hakuvalo, huikea 1000 m valokeila, teho 2300 lumen. Sis\u00e4lt\u00e4\u00e4 kiv\u00e4ripidikkeen ja kaukos\u00e4\u00e4timen. Painaa vain 254,86 grammaa","og_url":"https:\/\/hotelli03.domainhotelli.fi\/~lsdoecli\/tuote\/trustfire-t70-metsastys-ja-hakuvalo-huikea-1000-m-valokeila-teho-2300-lumen\/","og_site_name":"JV Tuonti","article_publisher":"https:\/\/www.facebook.com\/JVTuontiOy","article_modified_time":"2022-02-13T17:10:00+00:00","og_image":[{"width":1000,"height":1000,"url":"https:\/\/hotelli03.domainhotelli.fi\/~lsdoecli\/wp-content\/uploads\/2021\/04\/T70-1000-size-1.jpg","type":"image\/jpeg"}],"twitter_card":"summary_large_image","twitter_misc":{"Price":"195,92&nbsp;&euro; Alv 24%N\u00e4yt\u00e4 veroton hinta158,00&nbsp;&euro; Alv 0%N\u00e4yt\u00e4 verollinen hinta","Availability":"In stock"},"schema":{"@context":"https:\/\/schema.org","@graph":[{"@type":["Organization","Place","WholesaleStore"],"@id":"https:\/\/hotelli03.domainhotelli.fi\/~lsdoecli\/#organization","name":"JV Tuonti Oy","url":"https:\/\/hotelli03.domainhotelli.fi\/~lsdoecli\/","sameAs":["https:\/\/instagram.com\/jvtuontioy?utm_medium=copy_link","https:\/\/www.facebook.com\/JVTuontiOy"],"logo":{"@id":"https:\/\/hotelli03.domainhotelli.fi\/~lsdoecli\/tuote\/trustfire-t70-metsastys-ja-hakuvalo-huikea-1000-m-valokeila-teho-2300-lumen\/#local-main-organization-logo"},"image":{"@id":"https:\/\/hotelli03.domainhotelli.fi\/~lsdoecli\/tuote\/trustfire-t70-metsastys-ja-hakuvalo-huikea-1000-m-valokeila-teho-2300-lumen\/#local-main-organization-logo"},"address":{"@id":"https:\/\/hotelli03.domainhotelli.fi\/~lsdoecli\/tuote\/trustfire-t70-metsastys-ja-hakuvalo-huikea-1000-m-valokeila-teho-2300-lumen\/#local-main-place-address"},"geo":{"@type":"GeoCoordinates","latitude":"60.28431","longitude":"24.81654"},"telephone":["0408369980"],"openingHoursSpecification":[{"@type":"OpeningHoursSpecification","dayOfWeek":["Monday","Tuesday","Wednesday","Thursday","Friday"],"opens":"08:00","closes":"16:00"},{"@type":"OpeningHoursSpecification","dayOfWeek":["Saturday","Sunday"],"opens":"00:00","closes":"00:00"}],"email":"myynti@hotelli03.domainhotelli.fi","areaServed":"Suomi, Ruotsi","vatID":"FI30178387","priceRange":"$$","currenciesAccepted":"\u20ac","paymentAccepted":"Lasku, pankkikortti"},{"@type":"WebSite","@id":"https:\/\/hotelli03.domainhotelli.fi\/~lsdoecli\/#website","url":"https:\/\/hotelli03.domainhotelli.fi\/~lsdoecli\/","name":"JV Tuonti","description":"JV Tuonti Oy:n verkkokauppa","publisher":{"@id":"https:\/\/hotelli03.domainhotelli.fi\/~lsdoecli\/#organization"},"potentialAction":[{"@type":"SearchAction","target":{"@type":"EntryPoint","urlTemplate":"https:\/\/hotelli03.domainhotelli.fi\/~lsdoecli\/?s={search_term_string}"},"query-input":"required name=search_term_string"}],"inLanguage":"fi"},{"@type":"ImageObject","inLanguage":"fi","@id":"https:\/\/hotelli03.domainhotelli.fi\/~lsdoecli\/tuote\/trustfire-t70-metsastys-ja-hakuvalo-huikea-1000-m-valokeila-teho-2300-lumen\/#primaryimage","url":"https:\/\/hotelli03.domainhotelli.fi\/~lsdoecli\/wp-content\/uploads\/2021\/04\/T70-1000-size-1.jpg","contentUrl":"https:\/\/hotelli03.domainhotelli.fi\/~lsdoecli\/wp-content\/uploads\/2021\/04\/T70-1000-size-1.jpg","width":1000,"height":1000,"caption":"Huikea 1000 metrin kantama ja 2300 lumen valoteho."},{"@type":"WebPage","@id":"https:\/\/hotelli03.domainhotelli.fi\/~lsdoecli\/tuote\/trustfire-t70-metsastys-ja-hakuvalo-huikea-1000-m-valokeila-teho-2300-lumen\/","url":"https:\/\/hotelli03.domainhotelli.fi\/~lsdoecli\/tuote\/trustfire-t70-metsastys-ja-hakuvalo-huikea-1000-m-valokeila-teho-2300-lumen\/","name":"Trustfire T70 mets\u00e4stysvalo ja hakuvalo, 1000 m valokeila, teho 2300lm","isPartOf":{"@id":"https:\/\/hotelli03.domainhotelli.fi\/~lsdoecli\/#website"},"primaryImageOfPage":{"@id":"https:\/\/hotelli03.domainhotelli.fi\/~lsdoecli\/tuote\/trustfire-t70-metsastys-ja-hakuvalo-huikea-1000-m-valokeila-teho-2300-lumen\/#primaryimage"},"datePublished":"2021-04-23T06:42:02+00:00","dateModified":"2022-02-13T17:10:00+00:00","description":"T70 mets\u00e4stys ja hakuvalo, huikea 1000 m valokeila, teho 2300 lumen. Sis\u00e4lt\u00e4\u00e4 kiv\u00e4ripidikkeen ja kaukos\u00e4\u00e4timen. Painaa vain 254,86 grammaa","breadcrumb":{"@id":"https:\/\/hotelli03.domainhotelli.fi\/~lsdoecli\/tuote\/trustfire-t70-metsastys-ja-hakuvalo-huikea-1000-m-valokeila-teho-2300-lumen\/#breadcrumb"},"inLanguage":"fi","potentialAction":[{"@type":"ReadAction","target":["https:\/\/hotelli03.domainhotelli.fi\/~lsdoecli\/tuote\/trustfire-t70-metsastys-ja-hakuvalo-huikea-1000-m-valokeila-teho-2300-lumen\/"]}]},{"@type":"BreadcrumbList","@id":"https:\/\/hotelli03.domainhotelli.fi\/~lsdoecli\/tuote\/trustfire-t70-metsastys-ja-hakuvalo-huikea-1000-m-valokeila-teho-2300-lumen\/#breadcrumb","itemListElement":[{"@type":"ListItem","position":1,"name":"Etusivu","item":"https:\/\/hotelli03.domainhotelli.fi\/~lsdoecli\/"},{"@type":"ListItem","position":2,"name":"Kauppa","item":"https:\/\/hotelli03.domainhotelli.fi\/~lsdoecli\/kauppa\/"},{"@type":"ListItem","position":3,"name":"Trustfire T70 mets\u00e4stysvalo ja hakuvalo huikea 1000 m valokeila, teho 2300 lm"}]},{"@type":"PostalAddress","@id":"https:\/\/hotelli03.domainhotelli.fi\/~lsdoecli\/tuote\/trustfire-t70-metsastys-ja-hakuvalo-huikea-1000-m-valokeila-teho-2300-lumen\/#local-main-place-address","streetAddress":"Pyymosantie 5a","addressLocality":"Vantaa","postalCode":"01720","addressCountry":"FI"},{"@type":"ImageObject","inLanguage":"fi","@id":"https:\/\/hotelli03.domainhotelli.fi\/~lsdoecli\/tuote\/trustfire-t70-metsastys-ja-hakuvalo-huikea-1000-m-valokeila-teho-2300-lumen\/#local-main-organization-logo","url":"https:\/\/hotelli03.domainhotelli.fi\/~lsdoecli\/wp-content\/uploads\/2021\/08\/JVTuonti_logo_nelio.jpg","contentUrl":"https:\/\/hotelli03.domainhotelli.fi\/~lsdoecli\/wp-content\/uploads\/2021\/08\/JVTuonti_logo_nelio.jpg","width":550,"height":550,"caption":"JV Tuonti Oy"}]},"product_price_amount":"195.92","product_price_currency":"EUR","og_availability":"instock","product_availability":"instock","product_retailer_item_id":"TFT70","product_condition":"new","geo.placename":"Vantaa","geo.position":{"lat":"60.28431","long":"24.81654"},"geo.region":"Suomi"},"_links":{"self":[{"href":"https:\/\/hotelli03.domainhotelli.fi\/~lsdoecli\/wp-json\/wp\/v2\/product\/3192"}],"collection":[{"href":"https:\/\/hotelli03.domainhotelli.fi\/~lsdoecli\/wp-json\/wp\/v2\/product"}],"about":[{"href":"https:\/\/hotelli03.domainhotelli.fi\/~lsdoecli\/wp-json\/wp\/v2\/types\/product"}],"replies":[{"embeddable":true,"href":"https:\/\/hotelli03.domainhotelli.fi\/~lsdoecli\/wp-json\/wp\/v2\/comments?post=3192"}],"wp:featuredmedia":[{"embeddable":true,"href":"https:\/\/hotelli03.domainhotelli.fi\/~lsdoecli\/wp-json\/wp\/v2\/media\/3193"}],"wp:attachment":[{"href":"https:\/\/hotelli03.domainhotelli.fi\/~lsdoecli\/wp-json\/wp\/v2\/media?parent=3192"}],"wp:term":[{"taxonomy":"product_cat","embeddable":true,"href":"https:\/\/hotelli03.domainhotelli.fi\/~lsdoecli\/wp-json\/wp\/v2\/product_cat?post=3192"},{"taxonomy":"product_tag","embeddable":true,"href":"https:\/\/hotelli03.domainhotelli.fi\/~lsdoecli\/wp-json\/wp\/v2\/product_tag?post=3192"}],"curies":[{"name":"wp","href":"https:\/\/api.w.org\/{rel}","templated":true}]}}