{"id":3069,"date":"2021-04-23T07:18:02","date_gmt":"2021-04-23T07:18:02","guid":{"rendered":"https:\/\/hotelli03.domainhotelli.fi\/~lsdoecli\/woocommerce\/?post_type=product&#038;p=3069"},"modified":"2025-11-17T07:03:55","modified_gmt":"2025-11-17T07:03:55","slug":"hengityssuojain-ffp3-tintele-9301-venttiililla-10kpl","status":"publish","type":"product","link":"https:\/\/hotelli03.domainhotelli.fi\/~lsdoecli\/tuote\/hengityssuojain-ffp3-tintele-9301-venttiililla-10kpl\/","title":{"rendered":"FFP3 hengityssuojain venttiilill\u00e4 Tintele 9301 10 kpl pakkaus"},"content":{"rendered":"<h1>FFP3 hengityssuojain venttiilill\u00e4 Tintele 9301 10 kpl pakkaus<\/h1>\n<p>Kertak\u00e4ytt\u00f6inen FFP3-luokan hengityssuojain Tintele 9301\u00a0venttiilill\u00e4:<\/p>\n<ul>\n<li>suojaustaso: FFP3 hengityssuojain suojaa haitallisilta ja myrkyllisilt\u00e4 kiinteilt\u00e4 ja nestem\u00e4isilt\u00e4 huikkasilta, kuten bakteereilta, iti\u00f6ilt\u00e4 ja viruksilta, hiukkasilta, p\u00f6lylt\u00e4, homep\u00f6lylt\u00e4, radioaktiiviset ja sy\u00f6p\u00e4\u00e4 aiheuttavat hiukkaset<\/li>\n<li>t\u00e4ytt\u00e4\u00e4 standardin\u00a0<a href=\"https:\/\/sales.sfs.fi\/fi\/index\/tuotteet\/SFS\/CEN\/ID2\/1\/137062.html.stx?_ga=2.53783016.1762142617.1628919432-1719044585.1627922249\">EN149: 2001 + A1: 2009<\/a> vaatimukset<\/li>\n<li>CE merkint\u00e4. CE 1463<\/li>\n<li>s\u00e4\u00e4dett\u00e4v\u00e4 nen\u00e4pidike<\/li>\n<li>Uloshengitysventtiili helpottaa hengitt\u00e4mist\u00e4 hengityssuojaimen kanssa<\/li>\n<li>helposti s\u00e4\u00e4dett\u00e4v\u00e4t kiinnitysnauhat<\/li>\n<\/ul>\n<h2>Hengityssuojain FFP3 Tintele 9301 suojaa eritt\u00e4in myrkyllisilt\u00e4 huikkasilta ja suojaa tehokkaasti tuhkarokolta<\/h2>\n<p>FFP3 on korkein suojausluokka ja suojain\u00a0suodattaa 99% ilman ep\u00e4puhtauksista. FFP3 hengityssuojain suojaa mm. viruksilta, bakteereilta, iti\u00f6ilta, kvartsip\u00f6lylt\u00e4, homep\u00f6lylt\u00e4, tuhkarokolta ja muilta ilmav\u00e4litteisisesti tarttuvilta taudeilta ja\u00a0antaa parhaan suojan aerosolien ja pisaroiden kautta levi\u00e4vi\u00e4 tauteja kuten koronavirusta ja tuhkarokkoa vastaan.<\/p>\n<p>Tintele 9301 FFP3 hengityssuojaimessa on 6 kerrosta suodattavaa kerrosta suodatuskangasta ja siin\u00e4 on lis\u00e4ksi tiiviste suojaimen sis\u00e4osassa, mik\u00e4 lis\u00e4\u00e4 suojaimen tiiveytt\u00e4. Suojain p\u00e4\u00e4st\u00e4 ainoastaan 1 % haitallisista hiukkasista suodatusmateriaalin l\u00e4pi ja sen kautta hengitetty ilma on 20 kertaa puhtaampaa, kun tilan ymp\u00e4r\u00f6iv\u00e4 ilma.<\/p>\n<h2><strong>FFP3-luokan hengityssuojain Tintele 9301\u00a0venttiilill\u00e4\u00a0soveltuu seuraavan k\u00e4ytt\u00f6\u00f6n<\/strong><\/h2>\n<ul>\n<li>terveydenhuollon k\u00e4ytt\u00f6\u00f6n, FFP3 hengityssuojaimia k\u00e4ytet\u00e4\u00e4n aina tuhkarokkopotilaan hoitotoimenpiteiss\u00e4<\/li>\n<li>FFP3-luokan tai <a href=\"https:\/\/hotelli03.domainhotelli.fi\/~lsdoecli\/tuote\/ffp2-luokan-hengityssuojain-sj7899-ilman-venttiilia-20-kpl\/\">FFP2-luokan hengityssuojaimia<\/a> k\u00e4ytet\u00e4\u00e4n tartuntavaarallisen tuberkuloosin, verenvuotokuumeen ja lintuinfluenssan, MERS ja SARS, vesirokon, yleistyneet vy\u00f6ruusun ja paikallisen vy\u00f6ruusun syv\u00e4sti imuunipuutteisten potilaiden hoidossa. Leikkaussalissa hengityssuojain venttiilill\u00e4 peitet\u00e4\u00e4n lis\u00e4ksi kirurgisella suu-nen\u00e4suojuksella (<a href=\"https:\/\/hotelli03.domainhotelli.fi\/~lsdoecli\/tuote\/kasvomaski-tyyppi-ii-50kpl-pakkaus\/\">Type II<\/a>\u00a0tai\u00a0<a href=\"https:\/\/hotelli03.domainhotelli.fi\/~lsdoecli\/tuote\/kirurginen-kasvomaski-iir-intco-50-kpl-pakkaus\/\">Type IIR<\/a>).<\/li>\n<li>teollisuuden k\u00e4ytt\u00f6\u00f6n, suojaa sumulta ja h\u00f6yrylt\u00e4<\/li>\n<li>kemikaaliteollisuuden k\u00e4ytt\u00f6\u00f6n<\/li>\n<li>rakennusty\u00f6maa k\u00e4ytt\u00f6\u00f6n, suojaa homep\u00f6lylt\u00e4, asbestip\u00f6lylt\u00e4, kvartsip\u00f6lylt\u00e4, kreosiittip\u00f6lylt\u00e4 \u00a0ja muilta erityisen haitallisilta p\u00f6lyilt\u00e4 (PAH-yhdisteet, PCB, lyijip\u00f6ly) tai mikrobeilta.<\/li>\n<li>suojautumiseen katu- ja siitep\u00f6lylt\u00e4, ilmansaasteilta<\/li>\n<\/ul>\n<h2><strong>Hengityssuojain Tintele 9301\u00a0k\u00e4ytt\u00f6ohje<\/strong><\/h2>\n<ol>\n<li>Pid\u00e4 FFP3-luokan hengityssuojain molemmilla k\u00e4sill\u00e4 ja muotoile suojaimen nen\u00e4pidike nen\u00e4n muotoiseksi.<\/li>\n<li>Pid\u00e4 suojainta paikallaan nen\u00e4n ja suun edess\u00e4 pit\u00e4en k\u00e4dell\u00e4 kiinni kiinnitysnauhasta. Ved\u00e4 alempi kiinnitysnauha p\u00e4\u00e4n yli ja sovita niskaan sopivan mittaiseksi.<\/li>\n<li>Ved\u00e4 ylempi kiinnitysnauha p\u00e4\u00e4n yli juuri korvien yl\u00e4puolelle.<\/li>\n<li>K\u00e4yt\u00e4 molempia k\u00e4si\u00e4 ja paina nen\u00e4pidike nen\u00e4n ymp\u00e4rille ja s\u00e4\u00e4d\u00e4 kiinnitysnauhat sopiviksi, niin ett\u00e4 suojain istuu tiiviisti kasvoja vasten.<\/li>\n<li>Tiiveyden tarkistus: aseta molemmat k\u00e4det muodostaen \u201dkupin\u201d maskin eteen ja hengit\u00e4 voimakkaasti sis\u00e4\u00e4n. Jos tunnet ilmavirtaa nen\u00e4n kohdalla, s\u00e4\u00e4d\u00e4 nen\u00e4pidikett\u00e4 tai kirist\u00e4 kiinnitysnauhoja ja s\u00e4\u00e4d\u00e4 hengityssuojaimen istuvuutta. Jos tunnet ilmavirtaa hengityssuojaimen reunoilla, aseta suojain paremmin ja s\u00e4\u00e4d\u00e4 kiinnitysnauhoja, kunnes se istuu tiivistii.<\/li>\n<\/ol>\n<p>Tintele 9031 on kertak\u00e4ytt\u00f6inen ja henkil\u00f6kohtainen suojavaruste. Vaihda suojain uuteen, jos se vaurioituu k\u00e4yt\u00f6n aikana tai sen kanssa on vaikea hengitt\u00e4\u00e4. Terveydenhuollon k\u00e4yt\u00f6ss\u00e4 hengityssuojain vaihdetaan joka potilashuonek\u00e4ynnin tai toimenpiteen j\u00e4lkeen.<\/p>\n<h2>Tilaa FFP3 hengityssuojain testivoittaja netist\u00e4<\/h2>\n<p>Hengityssuojain Tintele 9301 venttiilill\u00e4 valittiin Kaakkois-Suomen\u00a0ammattikorkeakoulu Oy testiss\u00e4 testivoittajaksi \u2013 ainoa suojain joka sai testiryhm\u00e4lt\u00e4 t\u00e4ydet pisteet.\u00a0<strong>\u201dSovittajien suosikki. Helpompi pukea, hyvin s\u00e4\u00e4dett\u00e4viss\u00e4. Tiivis eri sovittajille. Arvosana 5.\u201d<\/strong><\/p>\n<h3><strong>Tintele hengityssuojain 9301 tuotetiedot<\/strong><\/h3>\n<ul>\n<li>Valmistaja:\u00a0<a href=\"http:\/\/www.eaglemask.com\/\">Guizhou Eagle Technology Co., LTd.<\/a><\/li>\n<li>Malli: Tintele 9301<\/li>\n<li>Pakkaus: 20 kpl<\/li>\n<li>Tukkupakkaus: 200 kpl<\/li>\n<li>EAN-koodi (GTIN-13): 6973261010047<\/li>\n<li>Materiaali: Melt-blown kuitukangas, needle punch puuvillakangas, hot air cotton, ihoyst\u00e4v\u00e4llinen PVC tiiviste<\/li>\n<\/ul>\n<p>Hankkimassa suuremman er\u00e4n? Pyyd\u00e4 tarjous asiakaspalvelusta\u00a0<a href=\"mailto:myynti@hotelli03.domainhotelli.fi\">myynti@hotelli03.domainhotelli.fi <\/a>. Express toimitukset p\u00e4\u00e4kaupunkiseudulla ja ymp\u00e4ri Suomea. Olemme FFP3 hengityssuojaimien maahantuoja.<\/p>\n<p><iframe loading=\"lazy\" title=\"Hengityssuojain FFP3 Tintele 9301 tuotevideo\" width=\"1140\" height=\"641\" src=\"https:\/\/www.youtube.com\/embed\/AwI9akqw4Dk?feature=oembed\" frameborder=\"0\" allow=\"accelerometer; autoplay; clipboard-write; encrypted-media; gyroscope; picture-in-picture\" allowfullscreen><\/iframe><\/p>\n","protected":false},"excerpt":{"rendered":"<p>Tintele 9301 hengityssuojain FFP3 venttiilill\u00e4, 10 kpl pakkauksessa. Erinomainen s\u00e4\u00e4dett\u00e4vyys, istuu tiivisti. Valittu testiryhm\u00e4ss\u00e4 parhaaksi FFP3 hengityssuojaimeksi.<\/p>\n<p>Suojaa eritt\u00e4in myrkyllisilt\u00e4 ja haitallisilta hiukkasilta.<\/p>\n<p>&nbsp;<\/p>\n<p>&nbsp;<\/p>\n","protected":false},"featured_media":3085,"comment_status":"open","ping_status":"closed","template":"","meta":[],"product_cat":[802],"product_tag":[232,230,1006,760,240,233,231],"yoast_head":"<!-- This site is optimized with the Yoast SEO Premium plugin v18.9 (Yoast SEO v19.3) - https:\/\/yoast.com\/wordpress\/plugins\/seo\/ -->\n<title>FFP3 hengityssuojain venttiilill\u00e4 Tintele 9301 10 kpl pakkaus | JV Tuonti<\/title>\n<meta name=\"description\" content=\"FFP3 hengityssuojain Tintele 9301 venttiilill\u00e4 10 kpl. Testivoittaja, tiivis ja erinomainen s\u00e4\u00e4dett\u00e4vyys. Tilaa FFP3 hengityssuojain t\u00e4st\u00e4!\" \/>\n<meta name=\"robots\" content=\"index, follow, max-snippet:-1, max-image-preview:large, max-video-preview:-1\" \/>\n<link rel=\"canonical\" href=\"https:\/\/hotelli03.domainhotelli.fi\/~lsdoecli\/tuote\/hengityssuojain-ffp3-tintele-9301-venttiililla-10kpl\/\" \/>\n<meta property=\"og:locale\" content=\"fi_FI\" \/>\n<meta property=\"og:type\" content=\"article\" \/>\n<meta property=\"og:title\" content=\"FFP3 hengityssuojain venttiilill\u00e4 Tintele 9301 10 kpl pakkaus\" \/>\n<meta property=\"og:description\" content=\"FFP3 hengityssuojain Tintele 9301 venttiilill\u00e4 10 kpl. Testivoittaja, tiivis ja erinomainen s\u00e4\u00e4dett\u00e4vyys. Tilaa FFP3 hengityssuojain t\u00e4st\u00e4!\" \/>\n<meta property=\"og:url\" content=\"https:\/\/hotelli03.domainhotelli.fi\/~lsdoecli\/tuote\/hengityssuojain-ffp3-tintele-9301-venttiililla-10kpl\/\" \/>\n<meta property=\"og:site_name\" content=\"JV Tuonti\" \/>\n<meta property=\"article:publisher\" content=\"https:\/\/www.facebook.com\/JVTuontiOy\" \/>\n<meta property=\"article:modified_time\" content=\"2025-11-17T07:03:55+00:00\" \/>\n<meta property=\"og:image\" content=\"https:\/\/hotelli03.domainhotelli.fi\/~lsdoecli\/wp-content\/uploads\/2021\/02\/Tintele-FFP3-hengityssuojain-1024x675.png\" \/>\n\t<meta property=\"og:image:width\" content=\"1024\" \/>\n\t<meta property=\"og:image:height\" content=\"675\" \/>\n\t<meta property=\"og:image:type\" content=\"image\/png\" \/>\n<meta name=\"twitter:card\" content=\"summary_large_image\" \/>\n<meta name=\"twitter:label1\" content=\"Price\" \/>\n\t<meta name=\"twitter:data1\" content=\"24,68&nbsp;&euro; Alv 24%N\u00e4yt\u00e4 veroton hinta19,90&nbsp;&euro; Alv 0%N\u00e4yt\u00e4 verollinen hinta\" \/>\n\t<meta name=\"twitter:label2\" content=\"Availability\" \/>\n\t<meta name=\"twitter:data2\" content=\"In stock\" \/>\n<script type=\"application\/ld+json\" class=\"yoast-schema-graph\">{\"@context\":\"https:\/\/schema.org\",\"@graph\":[{\"@type\":[\"Organization\",\"Place\",\"WholesaleStore\"],\"@id\":\"https:\/\/hotelli03.domainhotelli.fi\/~lsdoecli\/#organization\",\"name\":\"JV Tuonti Oy\",\"url\":\"https:\/\/hotelli03.domainhotelli.fi\/~lsdoecli\/\",\"sameAs\":[\"https:\/\/instagram.com\/jvtuontioy?utm_medium=copy_link\",\"https:\/\/www.facebook.com\/JVTuontiOy\"],\"logo\":{\"@id\":\"https:\/\/hotelli03.domainhotelli.fi\/~lsdoecli\/tuote\/hengityssuojain-ffp3-tintele-9301-venttiililla-10kpl\/#local-main-organization-logo\"},\"image\":{\"@id\":\"https:\/\/hotelli03.domainhotelli.fi\/~lsdoecli\/tuote\/hengityssuojain-ffp3-tintele-9301-venttiililla-10kpl\/#local-main-organization-logo\"},\"address\":{\"@id\":\"https:\/\/hotelli03.domainhotelli.fi\/~lsdoecli\/tuote\/hengityssuojain-ffp3-tintele-9301-venttiililla-10kpl\/#local-main-place-address\"},\"geo\":{\"@type\":\"GeoCoordinates\",\"latitude\":\"60.28431\",\"longitude\":\"24.81654\"},\"telephone\":[\"0408369980\"],\"openingHoursSpecification\":[{\"@type\":\"OpeningHoursSpecification\",\"dayOfWeek\":[\"Monday\",\"Tuesday\",\"Wednesday\",\"Thursday\",\"Friday\"],\"opens\":\"08:00\",\"closes\":\"16:00\"},{\"@type\":\"OpeningHoursSpecification\",\"dayOfWeek\":[\"Saturday\",\"Sunday\"],\"opens\":\"00:00\",\"closes\":\"00:00\"}],\"email\":\"myynti@hotelli03.domainhotelli.fi\",\"areaServed\":\"Suomi, Ruotsi\",\"vatID\":\"FI30178387\",\"priceRange\":\"$$\",\"currenciesAccepted\":\"\u20ac\",\"paymentAccepted\":\"Lasku, pankkikortti\"},{\"@type\":\"WebSite\",\"@id\":\"https:\/\/hotelli03.domainhotelli.fi\/~lsdoecli\/#website\",\"url\":\"https:\/\/hotelli03.domainhotelli.fi\/~lsdoecli\/\",\"name\":\"JV Tuonti\",\"description\":\"JV Tuonti Oy:n verkkokauppa\",\"publisher\":{\"@id\":\"https:\/\/hotelli03.domainhotelli.fi\/~lsdoecli\/#organization\"},\"potentialAction\":[{\"@type\":\"SearchAction\",\"target\":{\"@type\":\"EntryPoint\",\"urlTemplate\":\"https:\/\/hotelli03.domainhotelli.fi\/~lsdoecli\/?s={search_term_string}\"},\"query-input\":\"required name=search_term_string\"}],\"inLanguage\":\"fi\"},{\"@type\":\"ImageObject\",\"inLanguage\":\"fi\",\"@id\":\"https:\/\/hotelli03.domainhotelli.fi\/~lsdoecli\/tuote\/hengityssuojain-ffp3-tintele-9301-venttiililla-10kpl\/#primaryimage\",\"url\":\"https:\/\/hotelli03.domainhotelli.fi\/~lsdoecli\/wp-content\/uploads\/2021\/02\/Tintele-FFP3-hengityssuojain.png\",\"contentUrl\":\"https:\/\/hotelli03.domainhotelli.fi\/~lsdoecli\/wp-content\/uploads\/2021\/02\/Tintele-FFP3-hengityssuojain.png\",\"width\":4051,\"height\":2670,\"caption\":\"Hengitysssuojain FFP3 Tintele 9301\"},{\"@type\":\"WebPage\",\"@id\":\"https:\/\/hotelli03.domainhotelli.fi\/~lsdoecli\/tuote\/hengityssuojain-ffp3-tintele-9301-venttiililla-10kpl\/\",\"url\":\"https:\/\/hotelli03.domainhotelli.fi\/~lsdoecli\/tuote\/hengityssuojain-ffp3-tintele-9301-venttiililla-10kpl\/\",\"name\":\"FFP3 hengityssuojain venttiilill\u00e4 Tintele 9301 10 kpl pakkaus | JV Tuonti\",\"isPartOf\":{\"@id\":\"https:\/\/hotelli03.domainhotelli.fi\/~lsdoecli\/#website\"},\"primaryImageOfPage\":{\"@id\":\"https:\/\/hotelli03.domainhotelli.fi\/~lsdoecli\/tuote\/hengityssuojain-ffp3-tintele-9301-venttiililla-10kpl\/#primaryimage\"},\"datePublished\":\"2021-04-23T07:18:02+00:00\",\"dateModified\":\"2025-11-17T07:03:55+00:00\",\"description\":\"FFP3 hengityssuojain Tintele 9301 venttiilill\u00e4 10 kpl. Testivoittaja, tiivis ja erinomainen s\u00e4\u00e4dett\u00e4vyys. Tilaa FFP3 hengityssuojain t\u00e4st\u00e4!\",\"breadcrumb\":{\"@id\":\"https:\/\/hotelli03.domainhotelli.fi\/~lsdoecli\/tuote\/hengityssuojain-ffp3-tintele-9301-venttiililla-10kpl\/#breadcrumb\"},\"inLanguage\":\"fi\",\"potentialAction\":[{\"@type\":\"ReadAction\",\"target\":[\"https:\/\/hotelli03.domainhotelli.fi\/~lsdoecli\/tuote\/hengityssuojain-ffp3-tintele-9301-venttiililla-10kpl\/\"]}]},{\"@type\":\"BreadcrumbList\",\"@id\":\"https:\/\/hotelli03.domainhotelli.fi\/~lsdoecli\/tuote\/hengityssuojain-ffp3-tintele-9301-venttiililla-10kpl\/#breadcrumb\",\"itemListElement\":[{\"@type\":\"ListItem\",\"position\":1,\"name\":\"Etusivu\",\"item\":\"https:\/\/hotelli03.domainhotelli.fi\/~lsdoecli\/\"},{\"@type\":\"ListItem\",\"position\":2,\"name\":\"Kauppa\",\"item\":\"https:\/\/hotelli03.domainhotelli.fi\/~lsdoecli\/kauppa\/\"},{\"@type\":\"ListItem\",\"position\":3,\"name\":\"FFP3 hengityssuojain venttiilill\u00e4 Tintele 9301 10 kpl pakkaus\"}]},{\"@type\":\"PostalAddress\",\"@id\":\"https:\/\/hotelli03.domainhotelli.fi\/~lsdoecli\/tuote\/hengityssuojain-ffp3-tintele-9301-venttiililla-10kpl\/#local-main-place-address\",\"streetAddress\":\"Pyymosantie 5a\",\"addressLocality\":\"Vantaa\",\"postalCode\":\"01720\",\"addressCountry\":\"FI\"},{\"@type\":\"ImageObject\",\"inLanguage\":\"fi\",\"@id\":\"https:\/\/hotelli03.domainhotelli.fi\/~lsdoecli\/tuote\/hengityssuojain-ffp3-tintele-9301-venttiililla-10kpl\/#local-main-organization-logo\",\"url\":\"https:\/\/hotelli03.domainhotelli.fi\/~lsdoecli\/wp-content\/uploads\/2021\/08\/JVTuonti_logo_nelio.jpg\",\"contentUrl\":\"https:\/\/hotelli03.domainhotelli.fi\/~lsdoecli\/wp-content\/uploads\/2021\/08\/JVTuonti_logo_nelio.jpg\",\"width\":550,\"height\":550,\"caption\":\"JV Tuonti Oy\"}]}<\/script>\n<meta property=\"product:price:amount\" content=\"24.68\" \/>\n<meta property=\"product:price:currency\" content=\"EUR\" \/>\n<meta property=\"og:availability\" content=\"instock\" \/>\n<meta property=\"product:availability\" content=\"instock\" \/>\n<meta property=\"product:retailer_item_id\" content=\"TIN9301\" \/>\n<meta property=\"product:condition\" content=\"new\" \/>\n<meta name=\"geo.placename\" content=\"Vantaa\" \/>\n<meta name=\"geo.position\" content=\"60.28431;24.81654\" \/>\n<meta name=\"geo.region\" content=\"Suomi\" \/>\n<!-- \/ Yoast SEO Premium plugin. -->","yoast_head_json":{"title":"FFP3 hengityssuojain venttiilill\u00e4 Tintele 9301 10 kpl pakkaus | JV Tuonti","description":"FFP3 hengityssuojain Tintele 9301 venttiilill\u00e4 10 kpl. Testivoittaja, tiivis ja erinomainen s\u00e4\u00e4dett\u00e4vyys. Tilaa FFP3 hengityssuojain t\u00e4st\u00e4!","robots":{"index":"index","follow":"follow","max-snippet":"max-snippet:-1","max-image-preview":"max-image-preview:large","max-video-preview":"max-video-preview:-1"},"canonical":"https:\/\/hotelli03.domainhotelli.fi\/~lsdoecli\/tuote\/hengityssuojain-ffp3-tintele-9301-venttiililla-10kpl\/","og_locale":"fi_FI","og_type":"article","og_title":"FFP3 hengityssuojain venttiilill\u00e4 Tintele 9301 10 kpl pakkaus","og_description":"FFP3 hengityssuojain Tintele 9301 venttiilill\u00e4 10 kpl. Testivoittaja, tiivis ja erinomainen s\u00e4\u00e4dett\u00e4vyys. Tilaa FFP3 hengityssuojain t\u00e4st\u00e4!","og_url":"https:\/\/hotelli03.domainhotelli.fi\/~lsdoecli\/tuote\/hengityssuojain-ffp3-tintele-9301-venttiililla-10kpl\/","og_site_name":"JV Tuonti","article_publisher":"https:\/\/www.facebook.com\/JVTuontiOy","article_modified_time":"2025-11-17T07:03:55+00:00","og_image":[{"width":1024,"height":675,"url":"https:\/\/hotelli03.domainhotelli.fi\/~lsdoecli\/wp-content\/uploads\/2021\/02\/Tintele-FFP3-hengityssuojain-1024x675.png","type":"image\/png"}],"twitter_card":"summary_large_image","twitter_misc":{"Price":"24,68&nbsp;&euro; Alv 24%N\u00e4yt\u00e4 veroton hinta19,90&nbsp;&euro; Alv 0%N\u00e4yt\u00e4 verollinen hinta","Availability":"In stock"},"schema":{"@context":"https:\/\/schema.org","@graph":[{"@type":["Organization","Place","WholesaleStore"],"@id":"https:\/\/hotelli03.domainhotelli.fi\/~lsdoecli\/#organization","name":"JV Tuonti Oy","url":"https:\/\/hotelli03.domainhotelli.fi\/~lsdoecli\/","sameAs":["https:\/\/instagram.com\/jvtuontioy?utm_medium=copy_link","https:\/\/www.facebook.com\/JVTuontiOy"],"logo":{"@id":"https:\/\/hotelli03.domainhotelli.fi\/~lsdoecli\/tuote\/hengityssuojain-ffp3-tintele-9301-venttiililla-10kpl\/#local-main-organization-logo"},"image":{"@id":"https:\/\/hotelli03.domainhotelli.fi\/~lsdoecli\/tuote\/hengityssuojain-ffp3-tintele-9301-venttiililla-10kpl\/#local-main-organization-logo"},"address":{"@id":"https:\/\/hotelli03.domainhotelli.fi\/~lsdoecli\/tuote\/hengityssuojain-ffp3-tintele-9301-venttiililla-10kpl\/#local-main-place-address"},"geo":{"@type":"GeoCoordinates","latitude":"60.28431","longitude":"24.81654"},"telephone":["0408369980"],"openingHoursSpecification":[{"@type":"OpeningHoursSpecification","dayOfWeek":["Monday","Tuesday","Wednesday","Thursday","Friday"],"opens":"08:00","closes":"16:00"},{"@type":"OpeningHoursSpecification","dayOfWeek":["Saturday","Sunday"],"opens":"00:00","closes":"00:00"}],"email":"myynti@hotelli03.domainhotelli.fi","areaServed":"Suomi, Ruotsi","vatID":"FI30178387","priceRange":"$$","currenciesAccepted":"\u20ac","paymentAccepted":"Lasku, pankkikortti"},{"@type":"WebSite","@id":"https:\/\/hotelli03.domainhotelli.fi\/~lsdoecli\/#website","url":"https:\/\/hotelli03.domainhotelli.fi\/~lsdoecli\/","name":"JV Tuonti","description":"JV Tuonti Oy:n verkkokauppa","publisher":{"@id":"https:\/\/hotelli03.domainhotelli.fi\/~lsdoecli\/#organization"},"potentialAction":[{"@type":"SearchAction","target":{"@type":"EntryPoint","urlTemplate":"https:\/\/hotelli03.domainhotelli.fi\/~lsdoecli\/?s={search_term_string}"},"query-input":"required name=search_term_string"}],"inLanguage":"fi"},{"@type":"ImageObject","inLanguage":"fi","@id":"https:\/\/hotelli03.domainhotelli.fi\/~lsdoecli\/tuote\/hengityssuojain-ffp3-tintele-9301-venttiililla-10kpl\/#primaryimage","url":"https:\/\/hotelli03.domainhotelli.fi\/~lsdoecli\/wp-content\/uploads\/2021\/02\/Tintele-FFP3-hengityssuojain.png","contentUrl":"https:\/\/hotelli03.domainhotelli.fi\/~lsdoecli\/wp-content\/uploads\/2021\/02\/Tintele-FFP3-hengityssuojain.png","width":4051,"height":2670,"caption":"Hengitysssuojain FFP3 Tintele 9301"},{"@type":"WebPage","@id":"https:\/\/hotelli03.domainhotelli.fi\/~lsdoecli\/tuote\/hengityssuojain-ffp3-tintele-9301-venttiililla-10kpl\/","url":"https:\/\/hotelli03.domainhotelli.fi\/~lsdoecli\/tuote\/hengityssuojain-ffp3-tintele-9301-venttiililla-10kpl\/","name":"FFP3 hengityssuojain venttiilill\u00e4 Tintele 9301 10 kpl pakkaus | JV Tuonti","isPartOf":{"@id":"https:\/\/hotelli03.domainhotelli.fi\/~lsdoecli\/#website"},"primaryImageOfPage":{"@id":"https:\/\/hotelli03.domainhotelli.fi\/~lsdoecli\/tuote\/hengityssuojain-ffp3-tintele-9301-venttiililla-10kpl\/#primaryimage"},"datePublished":"2021-04-23T07:18:02+00:00","dateModified":"2025-11-17T07:03:55+00:00","description":"FFP3 hengityssuojain Tintele 9301 venttiilill\u00e4 10 kpl. Testivoittaja, tiivis ja erinomainen s\u00e4\u00e4dett\u00e4vyys. Tilaa FFP3 hengityssuojain t\u00e4st\u00e4!","breadcrumb":{"@id":"https:\/\/hotelli03.domainhotelli.fi\/~lsdoecli\/tuote\/hengityssuojain-ffp3-tintele-9301-venttiililla-10kpl\/#breadcrumb"},"inLanguage":"fi","potentialAction":[{"@type":"ReadAction","target":["https:\/\/hotelli03.domainhotelli.fi\/~lsdoecli\/tuote\/hengityssuojain-ffp3-tintele-9301-venttiililla-10kpl\/"]}]},{"@type":"BreadcrumbList","@id":"https:\/\/hotelli03.domainhotelli.fi\/~lsdoecli\/tuote\/hengityssuojain-ffp3-tintele-9301-venttiililla-10kpl\/#breadcrumb","itemListElement":[{"@type":"ListItem","position":1,"name":"Etusivu","item":"https:\/\/hotelli03.domainhotelli.fi\/~lsdoecli\/"},{"@type":"ListItem","position":2,"name":"Kauppa","item":"https:\/\/hotelli03.domainhotelli.fi\/~lsdoecli\/kauppa\/"},{"@type":"ListItem","position":3,"name":"FFP3 hengityssuojain venttiilill\u00e4 Tintele 9301 10 kpl pakkaus"}]},{"@type":"PostalAddress","@id":"https:\/\/hotelli03.domainhotelli.fi\/~lsdoecli\/tuote\/hengityssuojain-ffp3-tintele-9301-venttiililla-10kpl\/#local-main-place-address","streetAddress":"Pyymosantie 5a","addressLocality":"Vantaa","postalCode":"01720","addressCountry":"FI"},{"@type":"ImageObject","inLanguage":"fi","@id":"https:\/\/hotelli03.domainhotelli.fi\/~lsdoecli\/tuote\/hengityssuojain-ffp3-tintele-9301-venttiililla-10kpl\/#local-main-organization-logo","url":"https:\/\/hotelli03.domainhotelli.fi\/~lsdoecli\/wp-content\/uploads\/2021\/08\/JVTuonti_logo_nelio.jpg","contentUrl":"https:\/\/hotelli03.domainhotelli.fi\/~lsdoecli\/wp-content\/uploads\/2021\/08\/JVTuonti_logo_nelio.jpg","width":550,"height":550,"caption":"JV Tuonti Oy"}]},"product_price_amount":"24.68","product_price_currency":"EUR","og_availability":"instock","product_availability":"instock","product_retailer_item_id":"TIN9301","product_condition":"new","geo.placename":"Vantaa","geo.position":{"lat":"60.28431","long":"24.81654"},"geo.region":"Suomi"},"_links":{"self":[{"href":"https:\/\/hotelli03.domainhotelli.fi\/~lsdoecli\/wp-json\/wp\/v2\/product\/3069"}],"collection":[{"href":"https:\/\/hotelli03.domainhotelli.fi\/~lsdoecli\/wp-json\/wp\/v2\/product"}],"about":[{"href":"https:\/\/hotelli03.domainhotelli.fi\/~lsdoecli\/wp-json\/wp\/v2\/types\/product"}],"replies":[{"embeddable":true,"href":"https:\/\/hotelli03.domainhotelli.fi\/~lsdoecli\/wp-json\/wp\/v2\/comments?post=3069"}],"wp:featuredmedia":[{"embeddable":true,"href":"https:\/\/hotelli03.domainhotelli.fi\/~lsdoecli\/wp-json\/wp\/v2\/media\/3085"}],"wp:attachment":[{"href":"https:\/\/hotelli03.domainhotelli.fi\/~lsdoecli\/wp-json\/wp\/v2\/media?parent=3069"}],"wp:term":[{"taxonomy":"product_cat","embeddable":true,"href":"https:\/\/hotelli03.domainhotelli.fi\/~lsdoecli\/wp-json\/wp\/v2\/product_cat?post=3069"},{"taxonomy":"product_tag","embeddable":true,"href":"https:\/\/hotelli03.domainhotelli.fi\/~lsdoecli\/wp-json\/wp\/v2\/product_tag?post=3069"}],"curies":[{"name":"wp","href":"https:\/\/api.w.org\/{rel}","templated":true}]}}