{"id":2635,"date":"2021-04-28T11:07:03","date_gmt":"2021-04-28T11:07:03","guid":{"rendered":"https:\/\/hotelli03.domainhotelli.fi\/~lsdoecli\/woocommerce\/?post_type=product&#038;p=2635"},"modified":"2021-05-27T13:04:36","modified_gmt":"2021-05-27T13:04:36","slug":"kiila-ankkuri-uppokanta-ch-pl","status":"publish","type":"product","link":"https:\/\/hotelli03.domainhotelli.fi\/~lsdoecli\/tuote\/kiila-ankkuri-uppokanta-ch-pl\/","title":{"rendered":"Kiila-ankkuri uppokanta CH-PL"},"content":{"rendered":"<p>Kiila-ankkuri uppokanta CH-PL<\/p>\n<p>Soveltuu k\u00e4ytett\u00e4v\u00e4ksi kiinteisiin materiaaleihin Kivi, Tiili, Betoni ja ter\u00e4sbetoni.<\/p>\n<p>Tuote on CE-hyv\u00e4ksytty.<\/p>\n<p><iframe loading=\"lazy\" title=\"CH - Anti-spin sleeve anchor, for medium loads - INDEX. A Perfect Fixing\" width=\"1140\" height=\"641\" src=\"https:\/\/www.youtube.com\/embed\/F4D675gHFDU?feature=oembed\" frameborder=\"0\" allow=\"accelerometer; autoplay; clipboard-write; encrypted-media; gyroscope; picture-in-picture\" allowfullscreen><\/iframe><\/p>\n<table style=\"height: 377px;\" width=\"572\">\n<tbody>\n<tr>\n<td width=\"93\">Tuotenumero<\/td>\n<td width=\"121\">Mitat<\/td>\n<td width=\"157\">Tuote<\/td>\n<\/tr>\n<tr>\n<td>CH-PL<\/td>\n<td><\/td>\n<td>tilaustuote<\/td>\n<\/tr>\n<tr>\n<td>ACHTPL08C<\/td>\n<td>M6 x 45 \u00f88<\/td>\n<td>Kiila-ankkuri, uppokanta<\/td>\n<\/tr>\n<tr>\n<td>ACHTPL08L<\/td>\n<td>M6 x 60 \u00f88<\/td>\n<td>Kiila-ankkuri, uppokanta<\/td>\n<\/tr>\n<tr>\n<td>ACHTPL10C<\/td>\n<td>M8 x 60 \u00f810<\/td>\n<td>Kiila-ankkuri, uppokanta<\/td>\n<\/tr>\n<tr>\n<td>ACHTPL10L<\/td>\n<td>M8 x 80 \u00f810<\/td>\n<td>Kiila-ankkuri, uppokanta<\/td>\n<\/tr>\n<tr>\n<td>ACHTPL12C<\/td>\n<td>M10 x 70 \u00f812<\/td>\n<td>Kiila-ankkuri, uppokanta<\/td>\n<\/tr>\n<tr>\n<td>ACHTPL12L<\/td>\n<td>M10 x 100 \u00f812<\/td>\n<td>Kiila-ankkuri, uppokanta<\/td>\n<\/tr>\n<\/tbody>\n<\/table>\n","protected":false},"excerpt":{"rendered":"<p>Kiila-ankkuri uppokanta CH-PL<\/p>\n<p>Soveltuu k\u00e4ytett\u00e4v\u00e4ksi kiinteisiin materiaaleihin Kivi, Tiili, Betoni ja ter\u00e4sbetoni.<\/p>\n<p>Tuote on CE-hyv\u00e4ksytty.<\/p>\n<p>&nbsp;<\/p>\n<p><a href=\"https:\/\/hotelli03.domainhotelli.fi\/~lsdoecli\/wp-content\/uploads\/2021\/04\/CH-TO.png\"><img loading=\"lazy\" class=\"alignnone wp-image-3513\" src=\"https:\/\/hotelli03.domainhotelli.fi\/~lsdoecli\/wp-content\/uploads\/2021\/04\/CH-TO-300x46.png\" alt=\"\" width=\"365\" height=\"56\" \/><\/a><\/p>\n<p><a href=\"https:\/\/hotelli03.domainhotelli.fi\/~lsdoecli\/wp-content\/uploads\/2021\/04\/CH-PL.png\"><img loading=\"lazy\" class=\"alignnone size-medium wp-image-3542\" src=\"https:\/\/hotelli03.domainhotelli.fi\/~lsdoecli\/wp-content\/uploads\/2021\/04\/CH-PL-300x114.png\" alt=\"\" width=\"300\" height=\"114\" \/><\/a><\/p>\n","protected":false},"featured_media":4695,"comment_status":"open","ping_status":"closed","template":"","meta":[],"product_cat":[141,140],"product_tag":[159,151,160],"yoast_head":"<!-- This site is optimized with the Yoast SEO Premium plugin v18.9 (Yoast SEO v19.3) - https:\/\/yoast.com\/wordpress\/plugins\/seo\/ -->\n<title>JV Tuonti | Kiila-ankkuri uppokanta CH-PL<\/title>\n<meta name=\"description\" content=\"Kiila-ankkuri uppokanta CH-PL  Soveltuu k\u00e4ytett\u00e4v\u00e4ksi kiinteisiin materiaaleihin Kivi, Tiili, Betoni ja ter\u00e4sbetoni.  Tuote on CE-hyv\u00e4ksytty.  &nbsp;\" \/>\n<meta name=\"robots\" content=\"index, follow, max-snippet:-1, max-image-preview:large, max-video-preview:-1\" \/>\n<link rel=\"canonical\" href=\"https:\/\/hotelli03.domainhotelli.fi\/~lsdoecli\/tuote\/kiila-ankkuri-uppokanta-ch-pl\/\" \/>\n<meta property=\"og:locale\" content=\"fi_FI\" \/>\n<meta property=\"og:type\" content=\"article\" \/>\n<meta property=\"og:title\" content=\"Kiila-ankkuri uppokanta CH-PL\" \/>\n<meta property=\"og:description\" content=\"Kiila-ankkuri uppokanta CH-PL  Soveltuu k\u00e4ytett\u00e4v\u00e4ksi kiinteisiin materiaaleihin Kivi, Tiili, Betoni ja ter\u00e4sbetoni.  Tuote on CE-hyv\u00e4ksytty.  &nbsp;\" \/>\n<meta property=\"og:url\" content=\"https:\/\/hotelli03.domainhotelli.fi\/~lsdoecli\/tuote\/kiila-ankkuri-uppokanta-ch-pl\/\" \/>\n<meta property=\"og:site_name\" content=\"JV Tuonti\" \/>\n<meta property=\"article:publisher\" content=\"https:\/\/www.facebook.com\/JVTuontiOy\" \/>\n<meta property=\"article:modified_time\" content=\"2021-05-27T13:04:36+00:00\" \/>\n<meta property=\"og:image\" content=\"https:\/\/hotelli03.domainhotelli.fi\/~lsdoecli\/wp-content\/uploads\/2021\/05\/CH-PL.jpg\" \/>\n\t<meta property=\"og:image:width\" content=\"1200\" \/>\n\t<meta property=\"og:image:height\" content=\"1200\" \/>\n\t<meta property=\"og:image:type\" content=\"image\/jpeg\" \/>\n<meta name=\"twitter:card\" content=\"summary_large_image\" \/>\n<meta name=\"twitter:label1\" content=\"Availability\" \/>\n\t<meta name=\"twitter:data1\" content=\"On backorder\" \/>\n<script type=\"application\/ld+json\" class=\"yoast-schema-graph\">{\"@context\":\"https:\/\/schema.org\",\"@graph\":[{\"@type\":[\"Organization\",\"Place\",\"WholesaleStore\"],\"@id\":\"https:\/\/hotelli03.domainhotelli.fi\/~lsdoecli\/#organization\",\"name\":\"JV Tuonti Oy\",\"url\":\"https:\/\/hotelli03.domainhotelli.fi\/~lsdoecli\/\",\"sameAs\":[\"https:\/\/instagram.com\/jvtuontioy?utm_medium=copy_link\",\"https:\/\/www.facebook.com\/JVTuontiOy\"],\"logo\":{\"@id\":\"https:\/\/hotelli03.domainhotelli.fi\/~lsdoecli\/tuote\/kiila-ankkuri-uppokanta-ch-pl\/#local-main-organization-logo\"},\"image\":{\"@id\":\"https:\/\/hotelli03.domainhotelli.fi\/~lsdoecli\/tuote\/kiila-ankkuri-uppokanta-ch-pl\/#local-main-organization-logo\"},\"address\":{\"@id\":\"https:\/\/hotelli03.domainhotelli.fi\/~lsdoecli\/tuote\/kiila-ankkuri-uppokanta-ch-pl\/#local-main-place-address\"},\"geo\":{\"@type\":\"GeoCoordinates\",\"latitude\":\"60.28431\",\"longitude\":\"24.81654\"},\"telephone\":[\"0408369980\"],\"openingHoursSpecification\":[{\"@type\":\"OpeningHoursSpecification\",\"dayOfWeek\":[\"Monday\",\"Tuesday\",\"Wednesday\",\"Thursday\",\"Friday\"],\"opens\":\"08:00\",\"closes\":\"16:00\"},{\"@type\":\"OpeningHoursSpecification\",\"dayOfWeek\":[\"Saturday\",\"Sunday\"],\"opens\":\"00:00\",\"closes\":\"00:00\"}],\"email\":\"myynti@hotelli03.domainhotelli.fi\",\"areaServed\":\"Suomi, Ruotsi\",\"vatID\":\"FI30178387\",\"priceRange\":\"$$\",\"currenciesAccepted\":\"\u20ac\",\"paymentAccepted\":\"Lasku, pankkikortti\"},{\"@type\":\"WebSite\",\"@id\":\"https:\/\/hotelli03.domainhotelli.fi\/~lsdoecli\/#website\",\"url\":\"https:\/\/hotelli03.domainhotelli.fi\/~lsdoecli\/\",\"name\":\"JV Tuonti\",\"description\":\"JV Tuonti Oy:n verkkokauppa\",\"publisher\":{\"@id\":\"https:\/\/hotelli03.domainhotelli.fi\/~lsdoecli\/#organization\"},\"potentialAction\":[{\"@type\":\"SearchAction\",\"target\":{\"@type\":\"EntryPoint\",\"urlTemplate\":\"https:\/\/hotelli03.domainhotelli.fi\/~lsdoecli\/?s={search_term_string}\"},\"query-input\":\"required name=search_term_string\"}],\"inLanguage\":\"fi\"},{\"@type\":\"ImageObject\",\"inLanguage\":\"fi\",\"@id\":\"https:\/\/hotelli03.domainhotelli.fi\/~lsdoecli\/tuote\/kiila-ankkuri-uppokanta-ch-pl\/#primaryimage\",\"url\":\"https:\/\/hotelli03.domainhotelli.fi\/~lsdoecli\/wp-content\/uploads\/2021\/05\/CH-PL.jpg\",\"contentUrl\":\"https:\/\/hotelli03.domainhotelli.fi\/~lsdoecli\/wp-content\/uploads\/2021\/05\/CH-PL.jpg\",\"width\":1200,\"height\":1200,\"caption\":\"Kiila-ankkuri CH-PL\"},{\"@type\":\"WebPage\",\"@id\":\"https:\/\/hotelli03.domainhotelli.fi\/~lsdoecli\/tuote\/kiila-ankkuri-uppokanta-ch-pl\/\",\"url\":\"https:\/\/hotelli03.domainhotelli.fi\/~lsdoecli\/tuote\/kiila-ankkuri-uppokanta-ch-pl\/\",\"name\":\"JV Tuonti | Kiila-ankkuri uppokanta CH-PL\",\"isPartOf\":{\"@id\":\"https:\/\/hotelli03.domainhotelli.fi\/~lsdoecli\/#website\"},\"primaryImageOfPage\":{\"@id\":\"https:\/\/hotelli03.domainhotelli.fi\/~lsdoecli\/tuote\/kiila-ankkuri-uppokanta-ch-pl\/#primaryimage\"},\"datePublished\":\"2021-04-28T11:07:03+00:00\",\"dateModified\":\"2021-05-27T13:04:36+00:00\",\"description\":\"Kiila-ankkuri uppokanta CH-PL Soveltuu k\u00e4ytett\u00e4v\u00e4ksi kiinteisiin materiaaleihin Kivi, Tiili, Betoni ja ter\u00e4sbetoni. Tuote on CE-hyv\u00e4ksytty. &nbsp;\",\"breadcrumb\":{\"@id\":\"https:\/\/hotelli03.domainhotelli.fi\/~lsdoecli\/tuote\/kiila-ankkuri-uppokanta-ch-pl\/#breadcrumb\"},\"inLanguage\":\"fi\",\"potentialAction\":[{\"@type\":\"ReadAction\",\"target\":[\"https:\/\/hotelli03.domainhotelli.fi\/~lsdoecli\/tuote\/kiila-ankkuri-uppokanta-ch-pl\/\"]}]},{\"@type\":\"BreadcrumbList\",\"@id\":\"https:\/\/hotelli03.domainhotelli.fi\/~lsdoecli\/tuote\/kiila-ankkuri-uppokanta-ch-pl\/#breadcrumb\",\"itemListElement\":[{\"@type\":\"ListItem\",\"position\":1,\"name\":\"Etusivu\",\"item\":\"https:\/\/hotelli03.domainhotelli.fi\/~lsdoecli\/\"},{\"@type\":\"ListItem\",\"position\":2,\"name\":\"Kauppa\",\"item\":\"https:\/\/hotelli03.domainhotelli.fi\/~lsdoecli\/kauppa\/\"},{\"@type\":\"ListItem\",\"position\":3,\"name\":\"Kiila-ankkuri uppokanta CH-PL\"}]},{\"@type\":\"PostalAddress\",\"@id\":\"https:\/\/hotelli03.domainhotelli.fi\/~lsdoecli\/tuote\/kiila-ankkuri-uppokanta-ch-pl\/#local-main-place-address\",\"streetAddress\":\"Pyymosantie 5a\",\"addressLocality\":\"Vantaa\",\"postalCode\":\"01720\",\"addressCountry\":\"FI\"},{\"@type\":\"ImageObject\",\"inLanguage\":\"fi\",\"@id\":\"https:\/\/hotelli03.domainhotelli.fi\/~lsdoecli\/tuote\/kiila-ankkuri-uppokanta-ch-pl\/#local-main-organization-logo\",\"url\":\"https:\/\/hotelli03.domainhotelli.fi\/~lsdoecli\/wp-content\/uploads\/2021\/08\/JVTuonti_logo_nelio.jpg\",\"contentUrl\":\"https:\/\/hotelli03.domainhotelli.fi\/~lsdoecli\/wp-content\/uploads\/2021\/08\/JVTuonti_logo_nelio.jpg\",\"width\":550,\"height\":550,\"caption\":\"JV Tuonti Oy\"}]}<\/script>\n<meta property=\"og:video\" content=\"https:\/\/www.youtube.com\/embed\/F4D675gHFDU\" \/>\n<meta property=\"og:video:type\" content=\"text\/html\" \/>\n<meta property=\"og:video:duration\" content=\"169\" \/>\n<meta property=\"og:video:width\" content=\"480\" \/>\n<meta property=\"og:video:height\" content=\"270\" \/>\n<meta property=\"ya:ovs:adult\" content=\"false\" \/>\n<meta property=\"ya:ovs:upload_date\" content=\"2021-04-28T11:07:03+00:00\" \/>\n<meta property=\"ya:ovs:allow_embed\" content=\"true\" \/>\n<meta property=\"og:availability\" content=\"backorder\" \/>\n<meta property=\"product:availability\" content=\"available for order\" \/>\n<meta property=\"product:condition\" content=\"new\" \/>\n<meta name=\"geo.placename\" content=\"Vantaa\" \/>\n<meta name=\"geo.position\" content=\"60.28431;24.81654\" \/>\n<meta name=\"geo.region\" content=\"Suomi\" \/>\n<!-- \/ Yoast SEO Premium plugin. -->","yoast_head_json":{"title":"JV Tuonti | Kiila-ankkuri uppokanta CH-PL","description":"Kiila-ankkuri uppokanta CH-PL  Soveltuu k\u00e4ytett\u00e4v\u00e4ksi kiinteisiin materiaaleihin Kivi, Tiili, Betoni ja ter\u00e4sbetoni.  Tuote on CE-hyv\u00e4ksytty.  &nbsp;","robots":{"index":"index","follow":"follow","max-snippet":"max-snippet:-1","max-image-preview":"max-image-preview:large","max-video-preview":"max-video-preview:-1"},"canonical":"https:\/\/hotelli03.domainhotelli.fi\/~lsdoecli\/tuote\/kiila-ankkuri-uppokanta-ch-pl\/","og_locale":"fi_FI","og_type":"article","og_title":"Kiila-ankkuri uppokanta CH-PL","og_description":"Kiila-ankkuri uppokanta CH-PL  Soveltuu k\u00e4ytett\u00e4v\u00e4ksi kiinteisiin materiaaleihin Kivi, Tiili, Betoni ja ter\u00e4sbetoni.  Tuote on CE-hyv\u00e4ksytty.  &nbsp;","og_url":"https:\/\/hotelli03.domainhotelli.fi\/~lsdoecli\/tuote\/kiila-ankkuri-uppokanta-ch-pl\/","og_site_name":"JV Tuonti","article_publisher":"https:\/\/www.facebook.com\/JVTuontiOy","article_modified_time":"2021-05-27T13:04:36+00:00","og_image":[{"width":1200,"height":1200,"url":"https:\/\/hotelli03.domainhotelli.fi\/~lsdoecli\/wp-content\/uploads\/2021\/05\/CH-PL.jpg","type":"image\/jpeg"}],"twitter_card":"summary_large_image","twitter_misc":{"Availability":"On backorder"},"schema":{"@context":"https:\/\/schema.org","@graph":[{"@type":["Organization","Place","WholesaleStore"],"@id":"https:\/\/hotelli03.domainhotelli.fi\/~lsdoecli\/#organization","name":"JV Tuonti Oy","url":"https:\/\/hotelli03.domainhotelli.fi\/~lsdoecli\/","sameAs":["https:\/\/instagram.com\/jvtuontioy?utm_medium=copy_link","https:\/\/www.facebook.com\/JVTuontiOy"],"logo":{"@id":"https:\/\/hotelli03.domainhotelli.fi\/~lsdoecli\/tuote\/kiila-ankkuri-uppokanta-ch-pl\/#local-main-organization-logo"},"image":{"@id":"https:\/\/hotelli03.domainhotelli.fi\/~lsdoecli\/tuote\/kiila-ankkuri-uppokanta-ch-pl\/#local-main-organization-logo"},"address":{"@id":"https:\/\/hotelli03.domainhotelli.fi\/~lsdoecli\/tuote\/kiila-ankkuri-uppokanta-ch-pl\/#local-main-place-address"},"geo":{"@type":"GeoCoordinates","latitude":"60.28431","longitude":"24.81654"},"telephone":["0408369980"],"openingHoursSpecification":[{"@type":"OpeningHoursSpecification","dayOfWeek":["Monday","Tuesday","Wednesday","Thursday","Friday"],"opens":"08:00","closes":"16:00"},{"@type":"OpeningHoursSpecification","dayOfWeek":["Saturday","Sunday"],"opens":"00:00","closes":"00:00"}],"email":"myynti@hotelli03.domainhotelli.fi","areaServed":"Suomi, Ruotsi","vatID":"FI30178387","priceRange":"$$","currenciesAccepted":"\u20ac","paymentAccepted":"Lasku, pankkikortti"},{"@type":"WebSite","@id":"https:\/\/hotelli03.domainhotelli.fi\/~lsdoecli\/#website","url":"https:\/\/hotelli03.domainhotelli.fi\/~lsdoecli\/","name":"JV Tuonti","description":"JV Tuonti Oy:n verkkokauppa","publisher":{"@id":"https:\/\/hotelli03.domainhotelli.fi\/~lsdoecli\/#organization"},"potentialAction":[{"@type":"SearchAction","target":{"@type":"EntryPoint","urlTemplate":"https:\/\/hotelli03.domainhotelli.fi\/~lsdoecli\/?s={search_term_string}"},"query-input":"required name=search_term_string"}],"inLanguage":"fi"},{"@type":"ImageObject","inLanguage":"fi","@id":"https:\/\/hotelli03.domainhotelli.fi\/~lsdoecli\/tuote\/kiila-ankkuri-uppokanta-ch-pl\/#primaryimage","url":"https:\/\/hotelli03.domainhotelli.fi\/~lsdoecli\/wp-content\/uploads\/2021\/05\/CH-PL.jpg","contentUrl":"https:\/\/hotelli03.domainhotelli.fi\/~lsdoecli\/wp-content\/uploads\/2021\/05\/CH-PL.jpg","width":1200,"height":1200,"caption":"Kiila-ankkuri CH-PL"},{"@type":"WebPage","@id":"https:\/\/hotelli03.domainhotelli.fi\/~lsdoecli\/tuote\/kiila-ankkuri-uppokanta-ch-pl\/","url":"https:\/\/hotelli03.domainhotelli.fi\/~lsdoecli\/tuote\/kiila-ankkuri-uppokanta-ch-pl\/","name":"JV Tuonti | Kiila-ankkuri uppokanta CH-PL","isPartOf":{"@id":"https:\/\/hotelli03.domainhotelli.fi\/~lsdoecli\/#website"},"primaryImageOfPage":{"@id":"https:\/\/hotelli03.domainhotelli.fi\/~lsdoecli\/tuote\/kiila-ankkuri-uppokanta-ch-pl\/#primaryimage"},"datePublished":"2021-04-28T11:07:03+00:00","dateModified":"2021-05-27T13:04:36+00:00","description":"Kiila-ankkuri uppokanta CH-PL Soveltuu k\u00e4ytett\u00e4v\u00e4ksi kiinteisiin materiaaleihin Kivi, Tiili, Betoni ja ter\u00e4sbetoni. Tuote on CE-hyv\u00e4ksytty. &nbsp;","breadcrumb":{"@id":"https:\/\/hotelli03.domainhotelli.fi\/~lsdoecli\/tuote\/kiila-ankkuri-uppokanta-ch-pl\/#breadcrumb"},"inLanguage":"fi","potentialAction":[{"@type":"ReadAction","target":["https:\/\/hotelli03.domainhotelli.fi\/~lsdoecli\/tuote\/kiila-ankkuri-uppokanta-ch-pl\/"]}]},{"@type":"BreadcrumbList","@id":"https:\/\/hotelli03.domainhotelli.fi\/~lsdoecli\/tuote\/kiila-ankkuri-uppokanta-ch-pl\/#breadcrumb","itemListElement":[{"@type":"ListItem","position":1,"name":"Etusivu","item":"https:\/\/hotelli03.domainhotelli.fi\/~lsdoecli\/"},{"@type":"ListItem","position":2,"name":"Kauppa","item":"https:\/\/hotelli03.domainhotelli.fi\/~lsdoecli\/kauppa\/"},{"@type":"ListItem","position":3,"name":"Kiila-ankkuri uppokanta CH-PL"}]},{"@type":"PostalAddress","@id":"https:\/\/hotelli03.domainhotelli.fi\/~lsdoecli\/tuote\/kiila-ankkuri-uppokanta-ch-pl\/#local-main-place-address","streetAddress":"Pyymosantie 5a","addressLocality":"Vantaa","postalCode":"01720","addressCountry":"FI"},{"@type":"ImageObject","inLanguage":"fi","@id":"https:\/\/hotelli03.domainhotelli.fi\/~lsdoecli\/tuote\/kiila-ankkuri-uppokanta-ch-pl\/#local-main-organization-logo","url":"https:\/\/hotelli03.domainhotelli.fi\/~lsdoecli\/wp-content\/uploads\/2021\/08\/JVTuonti_logo_nelio.jpg","contentUrl":"https:\/\/hotelli03.domainhotelli.fi\/~lsdoecli\/wp-content\/uploads\/2021\/08\/JVTuonti_logo_nelio.jpg","width":550,"height":550,"caption":"JV Tuonti Oy"}]},"og_video":"https:\/\/www.youtube.com\/embed\/F4D675gHFDU","og_video_type":"text\/html","og_video_duration":"169","og_video_width":"480","og_video_height":"270","ya_ovs_adult":"false","ya_ovs_upload_date":"2021-04-28T11:07:03+00:00","ya_ovs_allow_embed":"true","og_availability":"backorder","product_availability":"available for order","product_condition":"new","geo.placename":"Vantaa","geo.position":{"lat":"60.28431","long":"24.81654"},"geo.region":"Suomi"},"_links":{"self":[{"href":"https:\/\/hotelli03.domainhotelli.fi\/~lsdoecli\/wp-json\/wp\/v2\/product\/2635"}],"collection":[{"href":"https:\/\/hotelli03.domainhotelli.fi\/~lsdoecli\/wp-json\/wp\/v2\/product"}],"about":[{"href":"https:\/\/hotelli03.domainhotelli.fi\/~lsdoecli\/wp-json\/wp\/v2\/types\/product"}],"replies":[{"embeddable":true,"href":"https:\/\/hotelli03.domainhotelli.fi\/~lsdoecli\/wp-json\/wp\/v2\/comments?post=2635"}],"wp:featuredmedia":[{"embeddable":true,"href":"https:\/\/hotelli03.domainhotelli.fi\/~lsdoecli\/wp-json\/wp\/v2\/media\/4695"}],"wp:attachment":[{"href":"https:\/\/hotelli03.domainhotelli.fi\/~lsdoecli\/wp-json\/wp\/v2\/media?parent=2635"}],"wp:term":[{"taxonomy":"product_cat","embeddable":true,"href":"https:\/\/hotelli03.domainhotelli.fi\/~lsdoecli\/wp-json\/wp\/v2\/product_cat?post=2635"},{"taxonomy":"product_tag","embeddable":true,"href":"https:\/\/hotelli03.domainhotelli.fi\/~lsdoecli\/wp-json\/wp\/v2\/product_tag?post=2635"}],"curies":[{"name":"wp","href":"https:\/\/api.w.org\/{rel}","templated":true}]}}